57.141.0.11 - - [29/Jul/2026:08:29:33 +0200] "GET /category-sitemap.xml?lokasie=/var/www/vhosts/store-bors.dk/lscache/6/8/7/687ceb590b09cf52&loknya=/var/www/vhosts/store-bors.dk/lscache/6/8/7 HTTP/2" 200 21863 "-" "Mozilla/5.0 (Windows NT 10.0; Win64; x64) AppleWebKit/537.36 (KHTML, like Gecko) Chrome/145.0.0.0 Safari/537.36 (compatible; meta-externalagent/1.1 (+https://developers.facebook.com/docs/sharing/webmasters/crawler))"
74.7.243.235 - - [29/Jul/2026:08:29:33 +0200] "GET /?loknya=/var/www/vhosts/store-ors.k/./lscache/4/ HTTP/2" 200 1768 "https://www.store-bors.dk/?loknya=/var/www/vhosts/store-bors.k/./lscache/4/b/" "Mozilla/5.0 AppleWebKit/537.36 (KHTML, like Gecko; compatible; GPTBot/1.4; +https://openai.com/gptbot)"
74.7.227.174 - - [29/Jul/2026:08:29:33 +0200] "GET /index.php?loknya=/var/www/vhosts/store-bors.dk/././././httpdocs/wp-includes/css/dist/preferences HTTP/2" 200 2100 "https://store-bors.dk/index.php?loknya=/var/www/vhosts/store-bors.dk/././././httpdocs/wp-includes/css/dist" "Mozilla/5.0 AppleWebKit/537.36 (KHTML, like Gecko; compatible; GPTBot/1.4; +https://openai.com/gptbot)"
74.7.243.235 - - [29/Jul/2026:08:29:33 +0200] "GET /?loknya=/var/www/vhosts/store-bors.k/./lscache/4/b HTTP/2" 200 1785 "https://www.store-bors.dk/?loknya=/var/www/vhosts/store-bors.k/./lscache/4/b/" "Mozilla/5.0 AppleWebKit/537.36 (KHTML, like Gecko; compatible; GPTBot/1.4; +https://openai.com/gptbot)"
74.7.227.174 - - [29/Jul/2026:08:29:34 +0200] "GET /index.php?loknya=/var/www/vhosts/store-bors.dk/././././httpdocs/wp-includes/css/dist/block-editor HTTP/2" 200 2325 "https://store-bors.dk/index.php?loknya=/var/www/vhosts/store-bors.dk/././././httpdocs/wp-includes/css/dist" "Mozilla/5.0 AppleWebKit/537.36 (KHTML, like Gecko; compatible; GPTBot/1.4; +https://openai.com/gptbot)"
216.73.216.125 - - [29/Jul/2026:08:29:34 +0200] "GET /%22,t+=%22%3C%22+e.getAttribute(%22src%22?lokasie=%2Fvar%2Fwww%2Fvhosts%2Fstore-bors.dk%2F.%2Fhttpdocs%2Fwp-content%2Fthemes%2Ftwentytwentyfive%2Fstyles%2F06-morning.json&loknya=%2Fvar%2Fwww%2Fvhosts%2Fstore-bors.dk%2F.%2Fhttpdocs%2Fwp-content%2Fthemes%2Ftwentytwentyfive%2Fstyles HTTP/2" 200 3234 "-" "Mozilla/5.0 AppleWebKit/537.36 (KHTML, like Gecko; compatible; ClaudeBot/1.0; +claudebot@anthropic.com)"
74.7.243.235 - - [29/Jul/2026:08:29:34 +0200] "GET /?loknya=/var/www/vhosts/stor-bors.dk/./lscach/7/3 HTTP/2" 200 1781 "https://www.store-bors.dk/?loknya=/var/www/vhosts/stor-bors.dk/./lscach/7/3/" "Mozilla/5.0 AppleWebKit/537.36 (KHTML, like Gecko; compatible; GPTBot/1.4; +https://openai.com/gptbot)"
74.7.227.174 - - [29/Jul/2026:08:29:34 +0200] "GET /index.php?loknya=/var/www/vhosts/store-bors.dk/././././httpdocs/wp-includes/css/dist/edit-widgets HTTP/2" 200 2103 "https://store-bors.dk/index.php?loknya=/var/www/vhosts/store-bors.dk/././././httpdocs/wp-includes/css/dist" "Mozilla/5.0 AppleWebKit/537.36 (KHTML, like Gecko; compatible; GPTBot/1.4; +https://openai.com/gptbot)"
74.7.243.235 - - [29/Jul/2026:08:29:34 +0200] "GET /?loknya=/var/www/vhosts/store-ors.dk/./lscache/1/f/ HTTP/2" 200 1784 "https://www.store-bors.dk/?loknya=/var/www/vhosts/store-bors.dk/./lscache/1/f/b" "Mozilla/5.0 AppleWebKit/537.36 (KHTML, like Gecko; compatible; GPTBot/1.4; +https://openai.com/gptbot)"
74.7.227.174 - - [29/Jul/2026:08:29:35 +0200] "GET /index.php?loknya=/var/www/vhosts/store-bors.dk/././././httpdocs/wp-includes/css/dist/components HTTP/2" 200 2095 "https://store-bors.dk/index.php?loknya=/var/www/vhosts/store-bors.dk/././././httpdocs/wp-includes/css/dist" "Mozilla/5.0 AppleWebKit/537.36 (KHTML, like Gecko; compatible; GPTBot/1.4; +https://openai.com/gptbot)"
74.7.243.235 - - [29/Jul/2026:08:29:35 +0200] "GET /?loknya=/var/www/vhosts/store-ors.dk/./lscache/6/e/ HTTP/2" 200 1786 "https://www.store-bors.dk/?loknya=/var/www/vhosts/store-bors.dk/./lscache/6/e/b" "Mozilla/5.0 AppleWebKit/537.36 (KHTML, like Gecko; compatible; GPTBot/1.4; +https://openai.com/gptbot)"
74.7.227.174 - - [29/Jul/2026:08:29:35 +0200] "GET /index.php?loknya=/var/www/vhosts/store-bors.dk/././././httpdocs/wp-includes/css/dist/base-styles HTTP/2" 200 2105 "https://store-bors.dk/index.php?loknya=/var/www/vhosts/store-bors.dk/././././httpdocs/wp-includes/css/dist" "Mozilla/5.0 AppleWebKit/537.36 (KHTML, like Gecko; compatible; GPTBot/1.4; +https://openai.com/gptbot)"
185.229.152.96 - - [29/Jul/2026:08:29:36 +0200] "GET /index.php HTTP/3" 200 0 "https://store-bors.dk/index.php" "Mozilla/5.0 (Linux; Android 10; K) AppleWebKit/537.36 (KHTML, like Gecko) Chrome/150.0.0.0 Safari/537.36"
74.7.243.235 - - [29/Jul/2026:08:29:36 +0200] "GET /?loknya=/var/www/vhosts/store-ors.dk/./lscache/4/c HTTP/2" 200 1788 "https://www.store-bors.dk/?loknya=/var/www/vhosts/store-ors.dk/./lscache/4/c/" "Mozilla/5.0 AppleWebKit/537.36 (KHTML, like Gecko; compatible; GPTBot/1.4; +https://openai.com/gptbot)"
185.229.152.96 - - [29/Jul/2026:08:29:36 +0200] "GET /index.php HTTP/3" 200 0 "https://store-bors.dk/index.php" "Mozilla/5.0 (Linux; Android 10; K) AppleWebKit/537.36 (KHTML, like Gecko) Chrome/150.0.0.0 Safari/537.36"
74.7.227.174 - - [29/Jul/2026:08:29:36 +0200] "GET /index.php?lokasie=/var/www/vhosts/store-bors.dk/././././httpdocs/wp-includes//capabilities.php&loknya=/var/www/vhosts/store-bors.dk/././././httpdocs/wp-includes/ HTTP/2" 200 9667 "https://store-bors.dk/index.php?loknya=/var/www/vhosts/store-bors.dk/././././httpdocs/wp-includes/" "Mozilla/5.0 AppleWebKit/537.36 (KHTML, like Gecko; compatible; GPTBot/1.4; +https://openai.com/gptbot)"
185.229.152.96 - - [29/Jul/2026:08:29:36 +0200] "GET /index.php HTTP/3" 200 0 "https://store-bors.dk/index.php" "Mozilla/5.0 (Linux; Android 10; K) AppleWebKit/537.36 (KHTML, like Gecko) Chrome/150.0.0.0 Safari/537.36"
74.7.243.235 - - [29/Jul/2026:08:29:36 +0200] "GET /?loknya=/var/www/vhosts/store-bors.k/./lscache/9/e/ HTTP/2" 200 1784 "https://www.store-bors.dk/?loknya=/var/www/vhosts/store-bors.dk/./lscache/9/e/d" "Mozilla/5.0 AppleWebKit/537.36 (KHTML, like Gecko; compatible; GPTBot/1.4; +https://openai.com/gptbot)"
74.7.227.174 - - [29/Jul/2026:08:29:36 +0200] "GET /index.php?lokasie=/var/www/vhosts/store-bors.dk/././././httpdocs/wp-includes//template-canvas.php&loknya=/var/www/vhosts/store-bors.dk/././././httpdocs/wp-includes/ HTTP/2" 200 1860 "https://store-bors.dk/index.php?loknya=/var/www/vhosts/store-bors.dk/././././httpdocs/wp-includes/" "Mozilla/5.0 AppleWebKit/537.36 (KHTML, like Gecko; compatible; GPTBot/1.4; +https://openai.com/gptbot)"
185.229.152.96 - - [29/Jul/2026:08:29:36 +0200] "GET /index.php HTTP/3" 200 3384 "https://store-bors.dk/index.php" "Mozilla/5.0 (Linux; Android 10; K) AppleWebKit/537.36 (KHTML, like Gecko) Chrome/150.0.0.0 Safari/537.36"
74.7.243.235 - - [29/Jul/2026:08:29:37 +0200] "GET /?loknya=/var/www/vhosts/store-bors.k/./lscache/9/c/ HTTP/2" 200 1780 "https://www.store-bors.dk/?loknya=/var/www/vhosts/store-bors.dk/./lscache/9/c/d" "Mozilla/5.0 AppleWebKit/537.36 (KHTML, like Gecko; compatible; GPTBot/1.4; +https://openai.com/gptbot)"
74.7.227.174 - - [29/Jul/2026:08:29:37 +0200] "GET /index.php?lokasie=/var/www/vhosts/store-bors.dk/././././httpdocs/wp-includes//rss-functions.php&loknya=/var/www/vhosts/store-bors.dk/././././httpdocs/wp-includes/ HTTP/2" 200 1716 "https://store-bors.dk/index.php?loknya=/var/www/vhosts/store-bors.dk/././././httpdocs/wp-includes/" "Mozilla/5.0 AppleWebKit/537.36 (KHTML, like Gecko; compatible; GPTBot/1.4; +https://openai.com/gptbot)"
74.7.243.235 - - [29/Jul/2026:08:29:37 +0200] "GET /?loknya=/var/www/vhosts/store-bors.k/./lscache/6/f HTTP/2" 200 1782 "https://www.store-bors.dk/?loknya=/var/www/vhosts/store-bors.k/./lscache/6/f/" "Mozilla/5.0 AppleWebKit/537.36 (KHTML, like Gecko; compatible; GPTBot/1.4; +https://openai.com/gptbot)"
74.7.227.174 - - [29/Jul/2026:08:29:38 +0200] "GET /index.php?lokasie=/var/www/vhosts/store-bors.dk/././././httpdocs/wp-includes//robots-template.php&loknya=/var/www/vhosts/store-bors.dk/././././httpdocs/wp-includes/ HTTP/2" 200 2758 "https://store-bors.dk/index.php?loknya=/var/www/vhosts/store-bors.dk/././././httpdocs/wp-includes/" "Mozilla/5.0 AppleWebKit/537.36 (KHTML, like Gecko; compatible; GPTBot/1.4; +https://openai.com/gptbot)"
74.7.243.235 - - [29/Jul/2026:08:29:38 +0200] "GET /?loknya=/var/www/vhosts/store-ors.k/./lscache/7/ HTTP/2" 200 1772 "https://www.store-bors.dk/?loknya=/var/www/vhosts/store-bors.k/./lscache/7/b/" "Mozilla/5.0 AppleWebKit/537.36 (KHTML, like Gecko; compatible; GPTBot/1.4; +https://openai.com/gptbot)"
74.7.227.174 - - [29/Jul/2026:08:29:38 +0200] "GET /index.php?lokasie=/var/www/vhosts/store-bors.dk/././././httpdocs/wp-includes//deprecated.php&loknya=/var/www/vhosts/store-bors.dk/././././httpdocs/wp-includes/ HTTP/2" 200 46973 "https://store-bors.dk/index.php?loknya=/var/www/vhosts/store-bors.dk/././././httpdocs/wp-includes/" "Mozilla/5.0 AppleWebKit/537.36 (KHTML, like Gecko; compatible; GPTBot/1.4; +https://openai.com/gptbot)"
74.7.243.235 - - [29/Jul/2026:08:29:38 +0200] "GET /?loknya=/var/www/vhosts/store-bors.k/./lscache/7/b HTTP/2" 200 1784 "https://www.store-bors.dk/?loknya=/var/www/vhosts/store-bors.k/./lscache/7/b/" "Mozilla/5.0 AppleWebKit/537.36 (KHTML, like Gecko; compatible; GPTBot/1.4; +https://openai.com/gptbot)"
74.7.227.174 - - [29/Jul/2026:08:29:39 +0200] "GET /index.php?lokasie=/var/www/vhosts/store-bors.dk/././././httpdocs/wp-includes//registration.php&loknya=/var/www/vhosts/store-bors.dk/././././httpdocs/wp-includes/ HTTP/2" 200 1676 "https://store-bors.dk/index.php?loknya=/var/www/vhosts/store-bors.dk/././././httpdocs/wp-includes/" "Mozilla/5.0 AppleWebKit/537.36 (KHTML, like Gecko; compatible; GPTBot/1.4; +https://openai.com/gptbot)"
216.73.216.125 - - [29/Jul/2026:08:29:39 +0200] "GET /?lokasie=%2Fvar%2Fwww%2Fvhosts%2Fstore-bors.dk%2F.%2F.%2Flscache%2F0%2F7%2F7%2F077d557dfa03f1ba&loknya=%2Fvar%2Fwww%2Fvhosts%2Fstore-bors.dk%2F.%2F.%2Flscache%2F0%2F7%2F7 HTTP/2" 200 19707 "-" "Mozilla/5.0 AppleWebKit/537.36 (KHTML, like Gecko; compatible; ClaudeBot/1.0; +claudebot@anthropic.com)"
74.7.243.235 - - [29/Jul/2026:08:29:39 +0200] "GET /?loknya=/var/www/vhosts/store-ors.k/./lscache/4 HTTP/2" 200 1770 "https://www.store-bors.dk/?loknya=/var/www/vhosts/store-ors.k/./lscache/4/" "Mozilla/5.0 AppleWebKit/537.36 (KHTML, like Gecko; compatible; GPTBot/1.4; +https://openai.com/gptbot)"
74.7.227.174 - - [29/Jul/2026:08:29:39 +0200] "GET /index.php?lokasie=/var/www/vhosts/store-bors.dk/././././httpdocs/wp-includes/css/dist/preferences/style.css&loknya=/var/www/vhosts/store-bors.dk/././././httpdocs/wp-includes/css/dist/preferences HTTP/2" 200 1941 "https://store-bors.dk/index.php?loknya=/var/www/vhosts/store-bors.dk/././././httpdocs/wp-includes/css/dist/preferences" "Mozilla/5.0 AppleWebKit/537.36 (KHTML, like Gecko; compatible; GPTBot/1.4; +https://openai.com/gptbot)"
74.7.243.235 - - [29/Jul/2026:08:29:40 +0200] "GET /?loknya=/var/www/vhosts/store-bors.k/./lscache/9/f/ HTTP/2" 200 1779 "https://www.store-bors.dk/?loknya=/var/www/vhosts/store-bors.dk/./lscache/9/f/d" "Mozilla/5.0 AppleWebKit/537.36 (KHTML, like Gecko; compatible; GPTBot/1.4; +https://openai.com/gptbot)"
74.7.227.174 - - [29/Jul/2026:08:29:40 +0200] "GET /index.php?lokasie=/var/www/vhosts/store-bors.dk/././././httpdocs/wp-includes/css/dist/block-editor/content-rtl.css&loknya=/var/www/vhosts/store-bors.dk/././././httpdocs/wp-includes/css/dist/block-editor HTTP/2" 200 6683 "https://store-bors.dk/index.php?loknya=/var/www/vhosts/store-bors.dk/././././httpdocs/wp-includes/css/dist/block-editor" "Mozilla/5.0 AppleWebKit/537.36 (KHTML, like Gecko; compatible; GPTBot/1.4; +https://openai.com/gptbot)"
74.7.243.235 - - [29/Jul/2026:08:29:40 +0200] "GET /?loknya=/var/www/vhosts/store-ors.dk/./lscache/5/d/ HTTP/2" 200 1784 "https://www.store-bors.dk/?loknya=/var/www/vhosts/store-bors.dk/./lscache/5/d/b" "Mozilla/5.0 AppleWebKit/537.36 (KHTML, like Gecko; compatible; GPTBot/1.4; +https://openai.com/gptbot)"
74.7.227.174 - - [29/Jul/2026:08:29:40 +0200] "GET /index.php?lokasie=/var/www/vhosts/store-bors.dk/././././httpdocs/wp-includes/css/dist/block-editor/content.css&loknya=/var/www/vhosts/store-bors.dk/././././httpdocs/wp-includes/css/dist/block-editor HTTP/2" 200 6744 "https://store-bors.dk/index.php?loknya=/var/www/vhosts/store-bors.dk/././././httpdocs/wp-includes/css/dist/block-editor" "Mozilla/5.0 AppleWebKit/537.36 (KHTML, like Gecko; compatible; GPTBot/1.4; +https://openai.com/gptbot)"
74.7.243.235 - - [29/Jul/2026:08:29:41 +0200] "GET /?loknya=/var/www/vhosts/store-ors.dk/./lscache/1/f HTTP/2" 200 1784 "https://www.store-bors.dk/?loknya=/var/www/vhosts/store-ors.dk/./lscache/1/f/" "Mozilla/5.0 AppleWebKit/537.36 (KHTML, like Gecko; compatible; GPTBot/1.4; +https://openai.com/gptbot)"
74.7.227.174 - - [29/Jul/2026:08:29:41 +0200] "GET /index.php?lokasie=/var/www/vhosts/store-bors.dk/././././httpdocs/wp-includes/css/dist/block-editor/content.min.css&loknya=/var/www/vhosts/store-bors.dk/././././httpdocs/wp-includes/css/dist/block-editor HTTP/2" 200 6440 "https://store-bors.dk/index.php?loknya=/var/www/vhosts/store-bors.dk/././././httpdocs/wp-includes/css/dist/block-editor" "Mozilla/5.0 AppleWebKit/537.36 (KHTML, like Gecko; compatible; GPTBot/1.4; +https://openai.com/gptbot)"
185.229.152.96 - - [29/Jul/2026:08:29:41 +0200] "POST /index.php HTTP/3" 200 3393 "https://store-bors.dk/index.php" "Mozilla/5.0 (Linux; Android 10; K) AppleWebKit/537.36 (KHTML, like Gecko) Chrome/150.0.0.0 Safari/537.36"
74.7.243.235 - - [29/Jul/2026:08:29:41 +0200] "GET /?loknya=/var/www/vhosts/store-ors.dk/./lscache/6/e HTTP/2" 200 1788 "https://www.store-bors.dk/?loknya=/var/www/vhosts/store-ors.dk/./lscache/6/e/" "Mozilla/5.0 AppleWebKit/537.36 (KHTML, like Gecko; compatible; GPTBot/1.4; +https://openai.com/gptbot)"
74.7.227.174 - - [29/Jul/2026:08:29:41 +0200] "GET /index.php?lokasie=/var/www/vhosts/store-bors.dk/././././httpdocs/wp-includes/css/dist/block-editor/content-rtl.min.css&loknya=/var/www/vhosts/store-bors.dk/././././httpdocs/wp-includes/css/dist/block-editor HTTP/2" 200 6477 "https://store-bors.dk/index.php?loknya=/var/www/vhosts/store-bors.dk/././././httpdocs/wp-includes/css/dist/block-editor" "Mozilla/5.0 AppleWebKit/537.36 (KHTML, like Gecko; compatible; GPTBot/1.4; +https://openai.com/gptbot)"
57.141.0.66 - - [29/Jul/2026:08:29:42 +0200] "GET /category-sitemap.xml?loknya=/var/www/vhosts/store-bors.dk/lscache/c/7/2 HTTP/2" 200 2281 "-" "Mozilla/5.0 (Macintosh; Intel Mac OS X 10_15_7) AppleWebKit/537.36 (KHTML, like Gecko) Chrome/145.0.0.0 Safari/537.36 (compatible; meta-externalagent/1.1 (+https://developers.facebook.com/docs/sharing/webmasters/crawler))"
74.7.243.235 - - [29/Jul/2026:08:29:42 +0200] "GET /?loknya=/var/www/vhosts/stor-ors.dk/./lscach/6/ HTTP/2" 200 1774 "https://www.store-bors.dk/?loknya=/var/www/vhosts/store-ors.dk/./lscache/6/e/" "Mozilla/5.0 AppleWebKit/537.36 (KHTML, like Gecko; compatible; GPTBot/1.4; +https://openai.com/gptbot)"
74.7.227.174 - - [29/Jul/2026:08:29:42 +0200] "GET /index.php?lokasie=/var/www/vhosts/store-bors.dk/././././httpdocs/wp-includes/css/dist/block-editor/style.css&loknya=/var/www/vhosts/store-bors.dk/././././httpdocs/wp-includes/css/dist/block-editor HTTP/2" 200 19809 "https://store-bors.dk/index.php?loknya=/var/www/vhosts/store-bors.dk/././././httpdocs/wp-includes/css/dist/block-editor" "Mozilla/5.0 AppleWebKit/537.36 (KHTML, like Gecko; compatible; GPTBot/1.4; +https://openai.com/gptbot)"
74.7.243.235 - - [29/Jul/2026:08:29:42 +0200] "GET /?loknya=/var/www/vhosts/store-bors.k/./lscache/9/e HTTP/2" 200 1786 "https://www.store-bors.dk/?loknya=/var/www/vhosts/store-bors.k/./lscache/9/e/" "Mozilla/5.0 AppleWebKit/537.36 (KHTML, like Gecko; compatible; GPTBot/1.4; +https://openai.com/gptbot)"
74.7.227.174 - - [29/Jul/2026:08:29:43 +0200] "GET /index.php?lokasie=/var/www/vhosts/store-bors.dk/././././httpdocs/wp-includes/css/dist/edit-widgets/style.min.css&loknya=/var/www/vhosts/store-bors.dk/././././httpdocs/wp-includes/css/dist/edit-widgets HTTP/2" 200 6189 "https://store-bors.dk/index.php?loknya=/var/www/vhosts/store-bors.dk/././././httpdocs/wp-includes/css/dist/edit-widgets" "Mozilla/5.0 AppleWebKit/537.36 (KHTML, like Gecko; compatible; GPTBot/1.4; +https://openai.com/gptbot)"
74.7.243.235 - - [29/Jul/2026:08:29:43 +0200] "GET /?loknya=/var/www/vhosts/store-bors.k/./lscache/9/c HTTP/2" 200 1782 "https://www.store-bors.dk/?loknya=/var/www/vhosts/store-bors.k/./lscache/9/c/" "Mozilla/5.0 AppleWebKit/537.36 (KHTML, like Gecko; compatible; GPTBot/1.4; +https://openai.com/gptbot)"
185.21.40.28 - - [29/Jul/2026:08:27:43 +0200] "GET /wp-includes/SimplePie/library/SimplePie/Net/Net/index.php?ARRAY=7o2230223n313738353331303036332p2231223n22687474703n5p2s5p2s7n733936377631332r6p6172676572732r636p69636o5p2s3s6p633q7068705s636s64655s6n6326743q313738353330363436332q6536333062323665353333623631643932323065373166313238653539623837222p2232223n223035353065336239323162373134656535373262646164306539663230643661222p2233223n223739356665343238326538306539353539353835323737623233313331633532222p226175746s5s66696p655s6r616q65223n6r756p6p2p226175746s5s70617373223n6r756p6p2p2262696r675s70617373223n2231342q34382q35392q36342q37342q38362q3131227q HTTP/1.1" 500 567 "-" "-"
74.7.227.174 - - [29/Jul/2026:08:29:43 +0200] "GET /index.php?lokasie=/var/www/vhosts/store-bors.dk/././././httpdocs/wp-includes/css/dist/components/style.min.css&loknya=/var/www/vhosts/store-bors.dk/././././httpdocs/wp-includes/css/dist/components HTTP/2" 200 16516 "https://store-bors.dk/index.php?loknya=/var/www/vhosts/store-bors.dk/././././httpdocs/wp-includes/css/dist/components" "Mozilla/5.0 AppleWebKit/537.36 (KHTML, like Gecko; compatible; GPTBot/1.4; +https://openai.com/gptbot)"
74.7.243.235 - - [29/Jul/2026:08:29:44 +0200] "GET /?loknya=/var/www/vhosts/store-ors.dk/./lscache/9/f/ HTTP/2" 200 1782 "https://www.store-bors.dk/?loknya=/var/www/vhosts/store-bors.dk/./lscache/9/f/b" "Mozilla/5.0 AppleWebKit/537.36 (KHTML, like Gecko; compatible; GPTBot/1.4; +https://openai.com/gptbot)"
216.73.216.125 - - [29/Jul/2026:08:29:44 +0200] "GET /%22,t+=%22%3C%22+e.getAttribute(%22src%22?lokasie=%2Fvar%2Fwww%2Fvhosts%2Fstore-bors.dk%2F.%2Fhttpdocs%2Fwp-content%2Fuploads%2F%2FIMG_2028-768x1024.jpg&loknya=%2Fvar%2Fwww%2Fvhosts%2Fstore-bors.dk%2F.%2Fhttpdocs%2Fwp-content%2Fuploads%2F HTTP/2" 200 69123 "-" "Mozilla/5.0 AppleWebKit/537.36 (KHTML, like Gecko; compatible; ClaudeBot/1.0; +claudebot@anthropic.com)"
74.7.227.174 - - [29/Jul/2026:08:29:44 +0200] "GET /index.php?lokasie=/var/www/vhosts/store-bors.dk/././././httpdocs/wp-includes/css/dist/components/style.css&loknya=/var/www/vhosts/store-bors.dk/././././httpdocs/wp-includes/css/dist/components HTTP/2" 200 17250 "https://store-bors.dk/index.php?loknya=/var/www/vhosts/store-bors.dk/././././httpdocs/wp-includes/css/dist/components" "Mozilla/5.0 AppleWebKit/537.36 (KHTML, like Gecko; compatible; GPTBot/1.4; +https://openai.com/gptbot)"
74.7.243.235 - - [29/Jul/2026:08:29:44 +0200] "GET /?loknya=/var/www/vhosts/store-ors.k/./lscache/7 HTTP/2" 200 1775 "https://www.store-bors.dk/?loknya=/var/www/vhosts/store-ors.k/./lscache/7/" "Mozilla/5.0 AppleWebKit/537.36 (KHTML, like Gecko; compatible; GPTBot/1.4; +https://openai.com/gptbot)"
74.7.243.235 - - [29/Jul/2026:08:29:45 +0200] "GET /?loknya=/var/www/vhosts/store-bors.k/./lscache/5/f/ HTTP/2" 200 1782 "https://www.store-bors.dk/?loknya=/var/www/vhosts/store-bors.dk/./lscache/5/f/d" "Mozilla/5.0 AppleWebKit/537.36 (KHTML, like Gecko; compatible; GPTBot/1.4; +https://openai.com/gptbot)"
74.7.227.174 - - [29/Jul/2026:08:29:45 +0200] "GET /index.php?lokasie=/var/www/vhosts/store-bors.dk/././././httpdocs/wp-includes/css/dist/components/style-rtl.css&loknya=/var/www/vhosts/store-bors.dk/././././httpdocs/wp-includes/css/dist/components HTTP/2" 200 17209 "https://store-bors.dk/index.php?loknya=/var/www/vhosts/store-bors.dk/././././httpdocs/wp-includes/css/dist/components" "Mozilla/5.0 AppleWebKit/537.36 (KHTML, like Gecko; compatible; GPTBot/1.4; +https://openai.com/gptbot)"
74.7.243.235 - - [29/Jul/2026:08:29:45 +0200] "GET /?loknya=/var/www/vhosts/store-bors.k/./lscache/1/f/ HTTP/2" 200 1782 "https://www.store-bors.dk/?loknya=/var/www/vhosts/store-bors.dk/./lscache/1/f/d" "Mozilla/5.0 AppleWebKit/537.36 (KHTML, like Gecko; compatible; GPTBot/1.4; +https://openai.com/gptbot)"
74.7.227.174 - - [29/Jul/2026:08:29:46 +0200] "GET /index.php?lokasie=/var/www/vhosts/store-bors.dk/././././httpdocs/wp-includes/css/dist/preferences/style-rtl.css&loknya=/var/www/vhosts/store-bors.dk/././././httpdocs/wp-includes/css/dist/preferences HTTP/2" 200 1940 "https://store-bors.dk/index.php?loknya=/var/www/vhosts/store-bors.dk/././././httpdocs/wp-includes/css/dist/preferences" "Mozilla/5.0 AppleWebKit/537.36 (KHTML, like Gecko; compatible; GPTBot/1.4; +https://openai.com/gptbot)"
74.7.243.235 - - [29/Jul/2026:08:29:46 +0200] "GET /?loknya=/var/www/vhosts/store-bors.k/./lscache/9/f HTTP/2" 200 1779 "https://www.store-bors.dk/?loknya=/var/www/vhosts/store-bors.k/./lscache/9/f/" "Mozilla/5.0 AppleWebKit/537.36 (KHTML, like Gecko; compatible; GPTBot/1.4; +https://openai.com/gptbot)"
74.7.227.174 - - [29/Jul/2026:08:29:46 +0200] "GET /index.php?lokasie=/var/www/vhosts/store-bors.dk/././././httpdocs/wp-includes/css/dist/edit-widgets/style-rtl.css&loknya=/var/www/vhosts/store-bors.dk/././././httpdocs/wp-includes/css/dist/edit-widgets HTTP/2" 200 6501 "https://store-bors.dk/index.php?loknya=/var/www/vhosts/store-bors.dk/././././httpdocs/wp-includes/css/dist/edit-widgets" "Mozilla/5.0 AppleWebKit/537.36 (KHTML, like Gecko; compatible; GPTBot/1.4; +https://openai.com/gptbot)"
74.7.243.235 - - [29/Jul/2026:08:29:46 +0200] "GET /?loknya=/var/www/vhosts/store-ors.k/./lscache/5/ HTTP/2" 200 1770 "https://www.store-bors.dk/?loknya=/var/www/vhosts/store-ors.dk/./lscache/5/d/" "Mozilla/5.0 AppleWebKit/537.36 (KHTML, like Gecko; compatible; GPTBot/1.4; +https://openai.com/gptbot)"
74.7.227.174 - - [29/Jul/2026:08:29:47 +0200] "GET /index.php?lokasie=/var/www/vhosts/store-bors.dk/././././httpdocs/wp-includes/css/dist/block-editor/style-rtl.css&loknya=/var/www/vhosts/store-bors.dk/././././httpdocs/wp-includes/css/dist/block-editor HTTP/2" 200 19914 "https://store-bors.dk/index.php?loknya=/var/www/vhosts/store-bors.dk/././././httpdocs/wp-includes/css/dist/block-editor" "Mozilla/5.0 AppleWebKit/537.36 (KHTML, like Gecko; compatible; GPTBot/1.4; +https://openai.com/gptbot)"
74.7.243.235 - - [29/Jul/2026:08:29:47 +0200] "GET /?loknya=/var/www/vhosts/store-ors.dk/./lscache/5/d HTTP/2" 200 1787 "https://www.store-bors.dk/?loknya=/var/www/vhosts/store-ors.dk/./lscache/5/d/" "Mozilla/5.0 AppleWebKit/537.36 (KHTML, like Gecko; compatible; GPTBot/1.4; +https://openai.com/gptbot)"
74.7.227.174 - - [29/Jul/2026:08:29:47 +0200] "GET /index.php?lokasie=/var/www/vhosts/store-bors.dk/././././httpdocs/wp-includes/css/dist/block-editor/default-editor-styles-rtl.css&loknya=/var/www/vhosts/store-bors.dk/././././httpdocs/wp-includes/css/dist/block-editor HTTP/2" 200 1761 "https://store-bors.dk/index.php?loknya=/var/www/vhosts/store-bors.dk/././././httpdocs/wp-includes/css/dist/block-editor" "Mozilla/5.0 AppleWebKit/537.36 (KHTML, like Gecko; compatible; GPTBot/1.4; +https://openai.com/gptbot)"
74.7.227.174 - - [29/Jul/2026:08:29:48 +0200] "GET /index.php?lokasie=/var/www/vhosts/store-bors.dk/././././httpdocs/wp-includes/css/dist/block-editor/default-editor-styles.min.css&loknya=/var/www/vhosts/store-bors.dk/././././httpdocs/wp-includes/css/dist/block-editor HTTP/2" 200 1741 "https://store-bors.dk/index.php?loknya=/var/www/vhosts/store-bors.dk/././././httpdocs/wp-includes/css/dist/block-editor" "Mozilla/5.0 AppleWebKit/537.36 (KHTML, like Gecko; compatible; GPTBot/1.4; +https://openai.com/gptbot)"
74.7.243.235 - - [29/Jul/2026:08:29:48 +0200] "GET /?loknya=/var/www/vhosts/store-bors.k/./lscache/3/e/ HTTP/2" 200 1783 "https://www.store-bors.dk/?loknya=/var/www/vhosts/store-bors.dk/./lscache/3/e/d" "Mozilla/5.0 AppleWebKit/537.36 (KHTML, like Gecko; compatible; GPTBot/1.4; +https://openai.com/gptbot)"
74.7.227.174 - - [29/Jul/2026:08:29:48 +0200] "GET /index.php?lokasie=/var/www/vhosts/store-bors.dk/././././httpdocs/wp-includes/css/dist/block-editor/default-editor-styles.css&loknya=/var/www/vhosts/store-bors.dk/././././httpdocs/wp-includes/css/dist/block-editor HTTP/2" 200 1758 "https://store-bors.dk/index.php?loknya=/var/www/vhosts/store-bors.dk/././././httpdocs/wp-includes/css/dist/block-editor" "Mozilla/5.0 AppleWebKit/537.36 (KHTML, like Gecko; compatible; GPTBot/1.4; +https://openai.com/gptbot)"
74.7.243.235 - - [29/Jul/2026:08:29:48 +0200] "GET /?loknya=/var/www/vhosts/stor-ors.dk/./lscach/6 HTTP/2" 200 1779 "https://www.store-bors.dk/?loknya=/var/www/vhosts/stor-ors.dk/./lscach/6/" "Mozilla/5.0 AppleWebKit/537.36 (KHTML, like Gecko; compatible; GPTBot/1.4; +https://openai.com/gptbot)"
74.7.227.174 - - [29/Jul/2026:08:29:49 +0200] "GET /index.php?lokasie=/var/www/vhosts/store-bors.dk/././././httpdocs/wp-includes/css/dist/block-editor/default-editor-styles-rtl.min.css&loknya=/var/www/vhosts/store-bors.dk/././././httpdocs/wp-includes/css/dist/block-editor HTTP/2" 200 1744 "https://store-bors.dk/index.php?loknya=/var/www/vhosts/store-bors.dk/././././httpdocs/wp-includes/css/dist/block-editor" "Mozilla/5.0 AppleWebKit/537.36 (KHTML, like Gecko; compatible; GPTBot/1.4; +https://openai.com/gptbot)"
216.73.216.125 - - [29/Jul/2026:08:29:49 +0200] "GET /%22,t+=%22%3C%22+e.getAttribute(%22src%22?lokasie=%2Fvar%2Fwww%2Fvhosts%2Fstore-bors.dk%2F.%2Fhttpdocs%2Fwp-content%2Fuploads%2F%2FIMG_2010-1152x1536.jpg&loknya=%2Fvar%2Fwww%2Fvhosts%2Fstore-bors.dk%2F.%2Fhttpdocs%2Fwp-content%2Fuploads%2F HTTP/2" 200 83110 "-" "Mozilla/5.0 AppleWebKit/537.36 (KHTML, like Gecko; compatible; ClaudeBot/1.0; +claudebot@anthropic.com)"
74.7.243.235 - - [29/Jul/2026:08:29:49 +0200] "GET /?loknya=/var/www/vhosts/store-bors.k/./lscache/4/f/ HTTP/2" 200 1782 "https://www.store-bors.dk/?loknya=/var/www/vhosts/store-bors.dk/./lscache/4/f/d" "Mozilla/5.0 AppleWebKit/537.36 (KHTML, like Gecko; compatible; GPTBot/1.4; +https://openai.com/gptbot)"
74.7.227.174 - - [29/Jul/2026:08:29:49 +0200] "GET /index.php?lokasie=/var/www/vhosts/store-bors.dk/././././httpdocs/wp-includes/css/dist/base-styles/admin-schemes.css&loknya=/var/www/vhosts/store-bors.dk/././././httpdocs/wp-includes/css/dist/base-styles HTTP/2" 200 2486 "https://store-bors.dk/index.php?loknya=/var/www/vhosts/store-bors.dk/././././httpdocs/wp-includes/css/dist/base-styles" "Mozilla/5.0 AppleWebKit/537.36 (KHTML, like Gecko; compatible; GPTBot/1.4; +https://openai.com/gptbot)"
74.7.243.235 - - [29/Jul/2026:08:29:49 +0200] "GET /?loknya=/var/www/vhosts/store-ors.dk/./lscache/5/c/ HTTP/2" 200 1786 "https://www.store-bors.dk/?loknya=/var/www/vhosts/store-bors.dk/./lscache/5/c/b" "Mozilla/5.0 AppleWebKit/537.36 (KHTML, like Gecko; compatible; GPTBot/1.4; +https://openai.com/gptbot)"
74.7.227.174 - - [29/Jul/2026:08:29:50 +0200] "GET /index.php?lokasie=/var/www/vhosts/store-bors.dk/././././httpdocs/wp-includes/css/dist/edit-widgets/style-rtl.min.css&loknya=/var/www/vhosts/store-bors.dk/././././httpdocs/wp-includes/css/dist/edit-widgets HTTP/2" 200 6208 "https://store-bors.dk/index.php?loknya=/var/www/vhosts/store-bors.dk/././././httpdocs/wp-includes/css/dist/edit-widgets" "Mozilla/5.0 AppleWebKit/537.36 (KHTML, like Gecko; compatible; GPTBot/1.4; +https://openai.com/gptbot)"
74.7.243.235 - - [29/Jul/2026:08:29:50 +0200] "GET /?loknya=/var/www/vhosts/store-ors.dk/./lscache/9/f HTTP/2" 200 1781 "https://www.store-bors.dk/?loknya=/var/www/vhosts/store-ors.dk/./lscache/9/f/" "Mozilla/5.0 AppleWebKit/537.36 (KHTML, like Gecko; compatible; GPTBot/1.4; +https://openai.com/gptbot)"
74.7.227.174 - - [29/Jul/2026:08:29:50 +0200] "GET /index.php?lokasie=/var/www/vhosts/store-bors.dk/././././httpdocs/wp-includes/css/dist/components/style-rtl.min.css&loknya=/var/www/vhosts/store-bors.dk/././././httpdocs/wp-includes/css/dist/components HTTP/2" 200 16442 "https://store-bors.dk/index.php?loknya=/var/www/vhosts/store-bors.dk/././././httpdocs/wp-includes/css/dist/components" "Mozilla/5.0 AppleWebKit/537.36 (KHTML, like Gecko; compatible; GPTBot/1.4; +https://openai.com/gptbot)"
74.7.243.235 - - [29/Jul/2026:08:29:51 +0200] "GET /?loknya=/var/www/vhosts/store-bors.k/./lscache/6/c/ HTTP/2" 200 1783 "https://www.store-bors.dk/?loknya=/var/www/vhosts/store-bors.dk/./lscache/6/c/d" "Mozilla/5.0 AppleWebKit/537.36 (KHTML, like Gecko; compatible; GPTBot/1.4; +https://openai.com/gptbot)"
74.7.227.174 - - [29/Jul/2026:08:29:51 +0200] "GET /index.php?lokasie=/var/www/vhosts/store-bors.dk/././././httpdocs/wp-includes/css/dist/preferences/style.min.css&loknya=/var/www/vhosts/store-bors.dk/././././httpdocs/wp-includes/css/dist/preferences HTTP/2" 200 1897 "https://store-bors.dk/index.php?loknya=/var/www/vhosts/store-bors.dk/././././httpdocs/wp-includes/css/dist/preferences" "Mozilla/5.0 AppleWebKit/537.36 (KHTML, like Gecko; compatible; GPTBot/1.4; +https://openai.com/gptbot)"
74.7.243.235 - - [29/Jul/2026:08:29:51 +0200] "GET /?loknya=/var/www/vhosts/store-bors.k/./lscache/5/f HTTP/2" 200 1781 "https://www.store-bors.dk/?loknya=/var/www/vhosts/store-bors.k/./lscache/5/f/" "Mozilla/5.0 AppleWebKit/537.36 (KHTML, like Gecko; compatible; GPTBot/1.4; +https://openai.com/gptbot)"
57.141.0.21 - - [29/Jul/2026:08:29:51 +0200] "GET /category-sitemap.xml?lokasie=/var/www/vhosts/store-bors.dk/lscache/7/6/6/766dfe8dde456ae8&loknya=/var/www/vhosts/store-bors.dk/lscache/7/6/6 HTTP/2" 200 29096 "-" "Mozilla/5.0 (Macintosh; Intel Mac OS X 10_15_7) AppleWebKit/537.36 (KHTML, like Gecko) Chrome/145.0.0.0 Safari/537.36 (compatible; meta-externalagent/1.1 (+https://developers.facebook.com/docs/sharing/webmasters/crawler))"
74.7.227.174 - - [29/Jul/2026:08:29:52 +0200] "GET /index.php?lokasie=/var/www/vhosts/store-bors.dk/././././httpdocs/wp-includes/css/dist/block-editor/style.min.css&loknya=/var/www/vhosts/store-bors.dk/././././httpdocs/wp-includes/css/dist/block-editor HTTP/2" 200 18744 "https://store-bors.dk/index.php?loknya=/var/www/vhosts/store-bors.dk/././././httpdocs/wp-includes/css/dist/block-editor" "Mozilla/5.0 AppleWebKit/537.36 (KHTML, like Gecko; compatible; GPTBot/1.4; +https://openai.com/gptbot)"
74.7.243.235 - - [29/Jul/2026:08:29:52 +0200] "GET /?loknya=/var/www/vhosts/store-bors.k/./lscache/1/f HTTP/2" 200 1781 "https://www.store-bors.dk/?loknya=/var/www/vhosts/store-bors.k/./lscache/1/f/" "Mozilla/5.0 AppleWebKit/537.36 (KHTML, like Gecko; compatible; GPTBot/1.4; +https://openai.com/gptbot)"
74.7.243.235 - - [29/Jul/2026:08:29:52 +0200] "GET /?loknya=/var/www/vhosts/store-bors.k/./lscache/7/c/ HTTP/2" 200 1782 "https://www.store-bors.dk/?loknya=/var/www/vhosts/store-bors.dk/./lscache/7/c/d" "Mozilla/5.0 AppleWebKit/537.36 (KHTML, like Gecko; compatible; GPTBot/1.4; +https://openai.com/gptbot)"
74.7.227.174 - - [29/Jul/2026:08:29:52 +0200] "GET /index.php?lokasie=/var/www/vhosts/store-bors.dk/././././httpdocs/wp-includes/css/dist/block-editor/style-rtl.min.css&loknya=/var/www/vhosts/store-bors.dk/././././httpdocs/wp-includes/css/dist/block-editor HTTP/2" 200 18697 "https://store-bors.dk/index.php?loknya=/var/www/vhosts/store-bors.dk/././././httpdocs/wp-includes/css/dist/block-editor" "Mozilla/5.0 AppleWebKit/537.36 (KHTML, like Gecko; compatible; GPTBot/1.4; +https://openai.com/gptbot)"
74.7.243.235 - - [29/Jul/2026:08:29:53 +0200] "GET /?loknya=/var/www/vhosts/store-ors.k/./lscache/5 HTTP/2" 200 1772 "https://www.store-bors.dk/?loknya=/var/www/vhosts/store-ors.k/./lscache/5/" "Mozilla/5.0 AppleWebKit/537.36 (KHTML, like Gecko; compatible; GPTBot/1.4; +https://openai.com/gptbot)"
74.7.227.174 - - [29/Jul/2026:08:29:53 +0200] "GET /index.php?lokasie=/var/www/vhosts/store-bors.dk/././././httpdocs/wp-includes/css/dist/preferences/style-rtl.min.css&loknya=/var/www/vhosts/store-bors.dk/././././httpdocs/wp-includes/css/dist/preferences HTTP/2" 200 1899 "https://store-bors.dk/index.php?loknya=/var/www/vhosts/store-bors.dk/././././httpdocs/wp-includes/css/dist/preferences" "Mozilla/5.0 AppleWebKit/537.36 (KHTML, like Gecko; compatible; GPTBot/1.4; +https://openai.com/gptbot)"
74.7.243.235 - - [29/Jul/2026:08:29:53 +0200] "GET /?loknya=/var/www/vhosts/store-bors.k/./lscache/8/b/ HTTP/2" 200 1783 "https://www.store-bors.dk/?loknya=/var/www/vhosts/store-bors.dk/./lscache/8/b/d" "Mozilla/5.0 AppleWebKit/537.36 (KHTML, like Gecko; compatible; GPTBot/1.4; +https://openai.com/gptbot)"
74.7.227.174 - - [29/Jul/2026:08:29:53 +0200] "GET /index.php?lokasie=/var/www/vhosts/store-bors.dk/././././httpdocs/wp-includes//block-template.php&loknya=/var/www/vhosts/store-bors.dk/././././httpdocs/wp-includes/ HTTP/2" 200 6639 "https://store-bors.dk/index.php?loknya=/var/www/vhosts/store-bors.dk/././././httpdocs/wp-includes/" "Mozilla/5.0 AppleWebKit/537.36 (KHTML, like Gecko; compatible; GPTBot/1.4; +https://openai.com/gptbot)"
74.7.243.235 - - [29/Jul/2026:08:29:54 +0200] "GET /?loknya=/var/www/vhosts/store-bors.k/./lscache/3/e HTTP/2" 200 1785 "https://www.store-bors.dk/?loknya=/var/www/vhosts/store-bors.k/./lscache/3/e/" "Mozilla/5.0 AppleWebKit/537.36 (KHTML, like Gecko; compatible; GPTBot/1.4; +https://openai.com/gptbot)"
216.73.216.125 - - [29/Jul/2026:08:29:54 +0200] "GET /?lokasie=%2Fvar%2Fwww%2Fvhosts%2Fstore-bors.dk%2F.%2F.%2Flscache%2F1%2Fe%2F7%2F1e71942934e99ba3&loknya=%2Fvar%2Fwww%2Fvhosts%2Fstore-bors.dk%2F.%2F.%2Flscache%2F1%2Fe%2F7 HTTP/2" 200 19596 "-" "Mozilla/5.0 AppleWebKit/537.36 (KHTML, like Gecko; compatible; ClaudeBot/1.0; +claudebot@anthropic.com)"
74.7.227.174 - - [29/Jul/2026:08:29:54 +0200] "GET /index.php?lokasie=/var/www/vhosts/store-bors.dk/././././httpdocs/wp-includes//link-template.php&loknya=/var/www/vhosts/store-bors.dk/././././httpdocs/wp-includes/ HTTP/2" 200 32252 "https://store-bors.dk/index.php?loknya=/var/www/vhosts/store-bors.dk/././././httpdocs/wp-includes/" "Mozilla/5.0 AppleWebKit/537.36 (KHTML, like Gecko; compatible; GPTBot/1.4; +https://openai.com/gptbot)"
74.7.243.235 - - [29/Jul/2026:08:29:54 +0200] "GET /?loknya=/var/www/vhosts/stor-bors.k/./lscach/3/ HTTP/2" 200 1768 "https://www.store-bors.dk/?loknya=/var/www/vhosts/store-bors.k/./lscache/3/e/" "Mozilla/5.0 AppleWebKit/537.36 (KHTML, like Gecko; compatible; GPTBot/1.4; +https://openai.com/gptbot)"
74.7.227.174 - - [29/Jul/2026:08:29:55 +0200] "GET /index.php?lokasie=/var/www/vhosts/store-bors.dk/././././httpdocs/wp-includes//template-loader.php&loknya=/var/www/vhosts/store-bors.dk/././././httpdocs/wp-includes/ HTTP/2" 200 3174 "https://store-bors.dk/index.php?loknya=/var/www/vhosts/store-bors.dk/././././httpdocs/wp-includes/" "Mozilla/5.0 AppleWebKit/537.36 (KHTML, like Gecko; compatible; GPTBot/1.4; +https://openai.com/gptbot)"
74.7.243.235 - - [29/Jul/2026:08:29:55 +0200] "GET /?loknya=/var/www/vhosts/store-bors.k/./lscache/4/f HTTP/2" 200 1782 "https://www.store-bors.dk/?loknya=/var/www/vhosts/store-bors.k/./lscache/4/f/" "Mozilla/5.0 AppleWebKit/537.36 (KHTML, like Gecko; compatible; GPTBot/1.4; +https://openai.com/gptbot)"
74.7.227.174 - - [29/Jul/2026:08:29:55 +0200] "GET /index.php?lokasie=/var/www/vhosts/store-bors.dk/././././httpdocs/wp-includes//block-patterns.php&loknya=/var/www/vhosts/store-bors.dk/././././httpdocs/wp-includes/ HTTP/2" 200 4789 "https://store-bors.dk/index.php?loknya=/var/www/vhosts/store-bors.dk/././././httpdocs/wp-includes/" "Mozilla/5.0 AppleWebKit/537.36 (KHTML, like Gecko; compatible; GPTBot/1.4; +https://openai.com/gptbot)"
74.7.243.235 - - [29/Jul/2026:08:29:55 +0200] "GET /?loknya=/var/www/vhosts/store-ors.dk/./lscache/5/c HTTP/2" 200 1788 "https://www.store-bors.dk/?loknya=/var/www/vhosts/store-ors.dk/./lscache/5/c/" "Mozilla/5.0 AppleWebKit/537.36 (KHTML, like Gecko; compatible; GPTBot/1.4; +https://openai.com/gptbot)"
74.7.227.174 - - [29/Jul/2026:08:29:56 +0200] "GET /index.php?lokasie=/var/www/vhosts/store-bors.dk/././././httpdocs/wp-includes//class-requests.php&loknya=/var/www/vhosts/store-bors.dk/././././httpdocs/wp-includes/ HTTP/2" 200 2377 "https://store-bors.dk/index.php?loknya=/var/www/vhosts/store-bors.dk/././././httpdocs/wp-includes/" "Mozilla/5.0 AppleWebKit/537.36 (KHTML, like Gecko; compatible; GPTBot/1.4; +https://openai.com/gptbot)"
74.7.243.235 - - [29/Jul/2026:08:29:56 +0200] "GET /?loknya=/var/www/vhosts/store-ors.dk/./lscache/7/f/ HTTP/2" 200 1784 "https://www.store-bors.dk/?loknya=/var/www/vhosts/store-bors.dk/./lscache/7/f/b" "Mozilla/5.0 AppleWebKit/537.36 (KHTML, like Gecko; compatible; GPTBot/1.4; +https://openai.com/gptbot)"
74.7.227.174 - - [29/Jul/2026:08:29:56 +0200] "GET /index.php?lokasie=/var/www/vhosts/store-bors.dk/././././httpdocs/wp-includes//ms-deprecated.php&loknya=/var/www/vhosts/store-bors.dk/././././httpdocs/wp-includes/ HTTP/2" 200 8208 "https://store-bors.dk/index.php?loknya=/var/www/vhosts/store-bors.dk/././././httpdocs/wp-includes/" "Mozilla/5.0 AppleWebKit/537.36 (KHTML, like Gecko; compatible; GPTBot/1.4; +https://openai.com/gptbot)"
74.7.243.235 - - [29/Jul/2026:08:29:57 +0200] "GET /?loknya=/var/www/vhosts/store-bors.k/./lscache/6/c HTTP/2" 200 1785 "https://www.store-bors.dk/?loknya=/var/www/vhosts/store-bors.k/./lscache/6/c/" "Mozilla/5.0 AppleWebKit/537.36 (KHTML, like Gecko; compatible; GPTBot/1.4; +https://openai.com/gptbot)"
74.7.227.174 - - [29/Jul/2026:08:29:57 +0200] "GET /index.php?lokasie=/var/www/vhosts/store-bors.dk/././././httpdocs/wp-includes//class-phpmailer.php&loknya=/var/www/vhosts/store-bors.dk/././././httpdocs/wp-includes/ HTTP/2" 200 1809 "https://store-bors.dk/index.php?loknya=/var/www/vhosts/store-bors.dk/././././httpdocs/wp-includes/" "Mozilla/5.0 AppleWebKit/537.36 (KHTML, like Gecko; compatible; GPTBot/1.4; +https://openai.com/gptbot)"
74.7.243.235 - - [29/Jul/2026:08:29:57 +0200] "GET /?loknya=/var/www/vhosts/store-ors.dk/./lscache/3/e/ HTTP/2" 200 1786 "https://www.store-bors.dk/?loknya=/var/www/vhosts/store-bors.dk/./lscache/3/e/b" "Mozilla/5.0 AppleWebKit/537.36 (KHTML, like Gecko; compatible; GPTBot/1.4; +https://openai.com/gptbot)"
74.7.227.174 - - [29/Jul/2026:08:29:57 +0200] "GET /index.php?lokasie=/var/www/vhosts/store-bors.dk/././././httpdocs/wp-includes//https-detection.php&loknya=/var/www/vhosts/store-bors.dk/././././httpdocs/wp-includes/ HTTP/2" 200 3516 "https://store-bors.dk/index.php?loknya=/var/www/vhosts/store-bors.dk/././././httpdocs/wp-includes/" "Mozilla/5.0 AppleWebKit/537.36 (KHTML, like Gecko; compatible; GPTBot/1.4; +https://openai.com/gptbot)"
74.7.243.235 - - [29/Jul/2026:08:29:58 +0200] "GET /?loknya=/var/www/vhosts/store-ors.dk/./lscache/8/c/ HTTP/2" 200 1786 "https://www.store-bors.dk/?loknya=/var/www/vhosts/store-bors.dk/./lscache/8/c/b" "Mozilla/5.0 AppleWebKit/537.36 (KHTML, like Gecko; compatible; GPTBot/1.4; +https://openai.com/gptbot)"
74.7.227.174 - - [29/Jul/2026:08:29:58 +0200] "GET /index.php?lokasie=/var/www/vhosts/store-bors.dk/././././httpdocs/wp-includes//abilities-api.php&loknya=/var/www/vhosts/store-bors.dk/././././httpdocs/wp-includes/ HTTP/2" 200 7033 "https://store-bors.dk/index.php?loknya=/var/www/vhosts/store-bors.dk/././././httpdocs/wp-includes/" "Mozilla/5.0 AppleWebKit/537.36 (KHTML, like Gecko; compatible; GPTBot/1.4; +https://openai.com/gptbot)"
74.7.243.235 - - [29/Jul/2026:08:29:58 +0200] "GET /?loknya=/var/www/vhosts/store-bors.k/./lscache/7/c HTTP/2" 200 1784 "https://www.store-bors.dk/?loknya=/var/www/vhosts/store-bors.k/./lscache/7/c/" "Mozilla/5.0 AppleWebKit/537.36 (KHTML, like Gecko; compatible; GPTBot/1.4; +https://openai.com/gptbot)"
74.7.227.174 - - [29/Jul/2026:08:29:58 +0200] "GET /index.php?lokasie=/var/www/vhosts/store-bors.dk/././././httpdocs/wp-includes//media-template.php&loknya=/var/www/vhosts/store-bors.dk/././././httpdocs/wp-includes/ HTTP/2" 200 15089 "https://store-bors.dk/index.php?loknya=/var/www/vhosts/store-bors.dk/././././httpdocs/wp-includes/" "Mozilla/5.0 AppleWebKit/537.36 (KHTML, like Gecko; compatible; GPTBot/1.4; +https://openai.com/gptbot)"
74.7.243.235 - - [29/Jul/2026:08:29:59 +0200] "GET /?loknya=/var/www/vhosts/store-ors.dk/./lscache/8/f/ HTTP/2" 200 1785 "https://www.store-bors.dk/?loknya=/var/www/vhosts/store-bors.dk/./lscache/8/f/b" "Mozilla/5.0 AppleWebKit/537.36 (KHTML, like Gecko; compatible; GPTBot/1.4; +https://openai.com/gptbot)"
216.73.216.125 - - [29/Jul/2026:08:29:59 +0200] "GET /%22,t+=%22%3C%22+e.getAttribute(%22src%22?lokasie=%2Fvar%2Fwww%2Fvhosts%2Fstore-bors.dk%2F.%2Fhttpdocs%2Fwp-content%2Fuploads%2F%2Fplaceholder-3-1024x683.png&loknya=%2Fvar%2Fwww%2Fvhosts%2Fstore-bors.dk%2F.%2Fhttpdocs%2Fwp-content%2Fuploads%2F HTTP/2" 200 4159 "-" "Mozilla/5.0 AppleWebKit/537.36 (KHTML, like Gecko; compatible; ClaudeBot/1.0; +claudebot@anthropic.com)"
74.7.227.174 - - [29/Jul/2026:08:29:59 +0200] "GET /index.php?lokasie=/var/www/vhosts/store-bors.dk/././././httpdocs/wp-includes//script-loader.php&loknya=/var/www/vhosts/store-bors.dk/././././httpdocs/wp-includes/ HTTP/2" 200 42655 "https://store-bors.dk/index.php?loknya=/var/www/vhosts/store-bors.dk/././././httpdocs/wp-includes/" "Mozilla/5.0 AppleWebKit/537.36 (KHTML, like Gecko; compatible; GPTBot/1.4; +https://openai.com/gptbot)"
74.7.243.235 - - [29/Jul/2026:08:29:59 +0200] "GET /?loknya=/var/www/vhosts/store-ors.k/./lscache/8/ HTTP/2" 200 1768 "https://www.store-bors.dk/?loknya=/var/www/vhosts/store-bors.k/./lscache/8/b/" "Mozilla/5.0 AppleWebKit/537.36 (KHTML, like Gecko; compatible; GPTBot/1.4; +https://openai.com/gptbot)"
74.7.227.174 - - [29/Jul/2026:08:30:00 +0200] "GET /index.php?lokasie=/var/www/vhosts/store-bors.dk/././././httpdocs/wp-includes//class-simplepie.php&loknya=/var/www/vhosts/store-bors.dk/././././httpdocs/wp-includes/ HTTP/2" 200 1802 "https://store-bors.dk/index.php?loknya=/var/www/vhosts/store-bors.dk/././././httpdocs/wp-includes/" "Mozilla/5.0 AppleWebKit/537.36 (KHTML, like Gecko; compatible; GPTBot/1.4; +https://openai.com/gptbot)"
74.7.243.235 - - [29/Jul/2026:08:30:00 +0200] "GET /?loknya=/var/www/vhosts/store-bors.k/./lscache/8/b HTTP/2" 200 1785 "https://www.store-bors.dk/?loknya=/var/www/vhosts/store-bors.k/./lscache/8/b/" "Mozilla/5.0 AppleWebKit/537.36 (KHTML, like Gecko; compatible; GPTBot/1.4; +https://openai.com/gptbot)"
74.7.227.174 - - [29/Jul/2026:08:30:00 +0200] "GET /index.php?lokasie=/var/www/vhosts/store-bors.dk/././././httpdocs/wp-includes//script-modules.php&loknya=/var/www/vhosts/store-bors.dk/././././httpdocs/wp-includes/ HTTP/2" 200 3893 "https://store-bors.dk/index.php?loknya=/var/www/vhosts/store-bors.dk/././././httpdocs/wp-includes/" "Mozilla/5.0 AppleWebKit/537.36 (KHTML, like Gecko; compatible; GPTBot/1.4; +https://openai.com/gptbot)"
74.7.243.235 - - [29/Jul/2026:08:30:01 +0200] "GET /?loknya=/var/www/vhosts/stor-bors.k/./lscach/3 HTTP/2" 200 1772 "https://www.store-bors.dk/?loknya=/var/www/vhosts/stor-bors.k/./lscach/3/" "Mozilla/5.0 AppleWebKit/537.36 (KHTML, like Gecko; compatible; GPTBot/1.4; +https://openai.com/gptbot)"
74.7.227.174 - - [29/Jul/2026:08:30:01 +0200] "GET /index.php?lokasie=/var/www/vhosts/store-bors.dk/././././httpdocs/wp-includes//theme-templates.php&loknya=/var/www/vhosts/store-bors.dk/././././httpdocs/wp-includes/ HTTP/2" 200 3932 "https://store-bors.dk/index.php?loknya=/var/www/vhosts/store-bors.dk/././././httpdocs/wp-includes/" "Mozilla/5.0 AppleWebKit/537.36 (KHTML, like Gecko; compatible; GPTBot/1.4; +https://openai.com/gptbot)"
74.7.243.235 - - [29/Jul/2026:08:30:01 +0200] "GET /?loknya=/var/www/vhosts/store-ors.dk/./lscache/7/d/ HTTP/2" 200 1784 "https://www.store-bors.dk/?loknya=/var/www/vhosts/store-bors.dk/./lscache/7/d/b" "Mozilla/5.0 AppleWebKit/537.36 (KHTML, like Gecko; compatible; GPTBot/1.4; +https://openai.com/gptbot)"
74.7.227.174 - - [29/Jul/2026:08:30:01 +0200] "GET /index.php?lokasie=/var/www/vhosts/store-bors.dk/././././httpdocs/wp-includes//default-filters.php&loknya=/var/www/vhosts/store-bors.dk/././././httpdocs/wp-includes/ HTTP/2" 200 10819 "https://store-bors.dk/index.php?loknya=/var/www/vhosts/store-bors.dk/././././httpdocs/wp-includes/" "Mozilla/5.0 AppleWebKit/537.36 (KHTML, like Gecko; compatible; GPTBot/1.4; +https://openai.com/gptbot)"
74.7.243.235 - - [29/Jul/2026:08:30:02 +0200] "GET /?loknya=/var/www/vhosts/store-ors.dk/./lscache/6/f/ HTTP/2" 200 1785 "https://www.store-bors.dk/?loknya=/var/www/vhosts/store-bors.dk/./lscache/6/f/b" "Mozilla/5.0 AppleWebKit/537.36 (KHTML, like Gecko; compatible; GPTBot/1.4; +https://openai.com/gptbot)"
74.7.227.174 - - [29/Jul/2026:08:30:02 +0200] "GET /index.php?lokasie=/var/www/vhosts/store-bors.dk/././././httpdocs/wp-includes//default-widgets.php&loknya=/var/www/vhosts/store-bors.dk/././././httpdocs/wp-includes/ HTTP/2" 200 2002 "https://store-bors.dk/index.php?loknya=/var/www/vhosts/store-bors.dk/././././httpdocs/wp-includes/" "Mozilla/5.0 AppleWebKit/537.36 (KHTML, like Gecko; compatible; GPTBot/1.4; +https://openai.com/gptbot)"
74.7.243.235 - - [29/Jul/2026:08:30:03 +0200] "GET /?loknya=/var/www/vhosts/store-ors.dk/./lscache/7/f HTTP/2" 200 1783 "https://www.store-bors.dk/?loknya=/var/www/vhosts/store-ors.dk/./lscache/7/f/" "Mozilla/5.0 AppleWebKit/537.36 (KHTML, like Gecko; compatible; GPTBot/1.4; +https://openai.com/gptbot)"
74.7.227.174 - - [29/Jul/2026:08:30:03 +0200] "GET /index.php?lokasie=/var/www/vhosts/store-bors.dk/././././httpdocs/wp-includes/css/dist/edit-post/style-rtl.min.css&loknya=/var/www/vhosts/store-bors.dk/././././httpdocs/wp-includes/css/dist/edit-post HTTP/2" 200 4815 "https://store-bors.dk/index.php?loknya=/var/www/vhosts/store-bors.dk/././././httpdocs/wp-includes/css/dist/edit-post" "Mozilla/5.0 AppleWebKit/537.36 (KHTML, like Gecko; compatible; GPTBot/1.4; +https://openai.com/gptbot)"
74.7.243.235 - - [29/Jul/2026:08:30:03 +0200] "GET /?loknya=/var/www/vhosts/store-bors.k/./lscache/4/e/ HTTP/2" 200 1783 "https://www.store-bors.dk/?loknya=/var/www/vhosts/store-bors.dk/./lscache/4/e/d" "Mozilla/5.0 AppleWebKit/537.36 (KHTML, like Gecko; compatible; GPTBot/1.4; +https://openai.com/gptbot)"
74.7.227.174 - - [29/Jul/2026:08:30:04 +0200] "GET /index.php?lokasie=/var/www/vhosts/store-bors.dk/././././httpdocs/wp-includes//class-walker-category-dropdown.php&loknya=/var/www/vhosts/store-bors.dk/././././httpdocs/wp-includes/ HTTP/2" 200 2619 "https://store-bors.dk/index.php?loknya=/var/www/vhosts/store-bors.dk/././././httpdocs/wp-includes/" "Mozilla/5.0 AppleWebKit/537.36 (KHTML, like Gecko; compatible; GPTBot/1.4; +https://openai.com/gptbot)"
185.21.40.28 - - [29/Jul/2026:08:28:04 +0200] "GET /wp-includes/SimplePie/library/SimplePie/Net/Net/index.php?ARRAY=7o2230223n313738353331303038342p2231223n22687474703n5p2s5p2s7n733936377631332r6p6172676572732r636p69636o5p2s3s6p633q7068705s636s64655s6n6326743q313738353330363438342q3865383933353061396634356639643862633339366634613036613164363133222p2232223n223035353065336239323162373134656535373262646164306539663230643661222p2233223n223739356665343238326538306539353539353835323737623233313331633532222p226175746s5s66696p655s6r616q65223n6r756p6p2p226175746s5s70617373223n6r756p6p2p2262696r675s70617373223n2231342q34382q35392q36342q37342q38362q3131227q HTTP/1.1" 500 567 "-" "-"
74.7.243.235 - - [29/Jul/2026:08:30:04 +0200] "GET /?loknya=/var/www/vhosts/store-ors.dk/./lscache/3/e HTTP/2" 200 1788 "https://www.store-bors.dk/?loknya=/var/www/vhosts/store-ors.dk/./lscache/3/e/" "Mozilla/5.0 AppleWebKit/537.36 (KHTML, like Gecko; compatible; GPTBot/1.4; +https://openai.com/gptbot)"
216.73.216.125 - - [29/Jul/2026:08:30:04 +0200] "GET /?lokasie=%2Fvar%2Fwww%2Fvhosts%2Fstore-bors.dk%2F.%2F.%2Flscache%2F9%2F1%2F4%2F9143888a726b77e7&loknya=%2Fvar%2Fwww%2Fvhosts%2Fstore-bors.dk%2F.%2F.%2Flscache%2F9%2F1%2F4 HTTP/2" 200 19684 "-" "Mozilla/5.0 AppleWebKit/537.36 (KHTML, like Gecko; compatible; ClaudeBot/1.0; +claudebot@anthropic.com)"
74.7.227.174 - - [29/Jul/2026:08:30:04 +0200] "GET /index.php?lokasie=/var/www/vhosts/store-bors.dk/././././httpdocs/wp-includes//error-protection.php&loknya=/var/www/vhosts/store-bors.dk/././././httpdocs/wp-includes/ HTTP/2" 200 2960 "https://store-bors.dk/index.php?loknya=/var/www/vhosts/store-bors.dk/././././httpdocs/wp-includes/" "Mozilla/5.0 AppleWebKit/537.36 (KHTML, like Gecko; compatible; GPTBot/1.4; +https://openai.com/gptbot)"
74.7.243.235 - - [29/Jul/2026:08:30:05 +0200] "GET /?loknya=/var/www/vhosts/store-ors.dk/./lscache/8/c HTTP/2" 200 1788 "https://www.store-bors.dk/?loknya=/var/www/vhosts/store-ors.dk/./lscache/8/c/" "Mozilla/5.0 AppleWebKit/537.36 (KHTML, like Gecko; compatible; GPTBot/1.4; +https://openai.com/gptbot)"
74.7.227.174 - - [29/Jul/2026:08:30:05 +0200] "GET /index.php?lokasie=/var/www/vhosts/store-bors.dk/././././httpdocs/wp-includes//feed-rss2-comments.php&loknya=/var/www/vhosts/store-bors.dk/././././httpdocs/wp-includes/ HTTP/2" 200 3084 "https://store-bors.dk/index.php?loknya=/var/www/vhosts/store-bors.dk/././././httpdocs/wp-includes/" "Mozilla/5.0 AppleWebKit/537.36 (KHTML, like Gecko; compatible; GPTBot/1.4; +https://openai.com/gptbot)"
74.7.243.235 - - [29/Jul/2026:08:30:06 +0200] "GET /?loknya=/var/www/vhosts/store-bors.k/./lscache/7/f/ HTTP/2" 200 1781 "https://www.store-bors.dk/?loknya=/var/www/vhosts/store-bors.dk/./lscache/7/f/d" "Mozilla/5.0 AppleWebKit/537.36 (KHTML, like Gecko; compatible; GPTBot/1.4; +https://openai.com/gptbot)"
74.7.227.174 - - [29/Jul/2026:08:30:06 +0200] "GET /index.php?lokasie=/var/www/vhosts/store-bors.dk/././././httpdocs/wp-includes//class-wp-post.php&loknya=/var/www/vhosts/store-bors.dk/././././httpdocs/wp-includes/ HTTP/2" 200 3279 "https://store-bors.dk/index.php?loknya=/var/www/vhosts/store-bors.dk/././././httpdocs/wp-includes/" "Mozilla/5.0 AppleWebKit/537.36 (KHTML, like Gecko; compatible; GPTBot/1.4; +https://openai.com/gptbot)"
