74.7.243.235 - - [29/Jul/2026:08:43:36 +0200] "GET /?loknya=/var/www/vhosts/store-bors.dk/./lscache//4 HTTP/2" 200 2191 "https://www.store-bors.dk/?loknya=/var/www/vhosts/store-bors.dk/./lscache//" "Mozilla/5.0 AppleWebKit/537.36 (KHTML, like Gecko; compatible; GPTBot/1.4; +https://openai.com/gptbot)"
216.73.216.125 - - [29/Jul/2026:08:43:37 +0200] "GET /xmlrpc.php?loknya=%2Fvar%2Fwww%2Fvhosts%2Fstore-bors.dk%2Flscache%2F3%2Fe%2F0 HTTP/2" 200 2076 "-" "Mozilla/5.0 AppleWebKit/537.36 (KHTML, like Gecko; compatible; ClaudeBot/1.0; +claudebot@anthropic.com)"
216.73.216.125 - - [29/Jul/2026:08:43:37 +0200] "GET /xmlrpc.php?loknya=%2Fvar%2Fwww%2Fvhosts%2Fstore-bors.dk%2Flscache%2Fe%2F3%2F0 HTTP/2" 200 1975 "-" "Mozilla/5.0 AppleWebKit/537.36 (KHTML, like Gecko; compatible; ClaudeBot/1.0; +claudebot@anthropic.com)"
74.7.227.174 - - [29/Jul/2026:08:43:37 +0200] "GET /?loknya=/var/www/vhosts/store-bors.dk/lscache/b/9/2 HTTP/2" 200 2033 "https://store-bors.dk/?loknya=/var/www/vhosts/store-bors.dk/lscache/b/9" "Mozilla/5.0 AppleWebKit/537.36 (KHTML, like Gecko; compatible; GPTBot/1.4; +https://openai.com/gptbot)"
74.7.243.235 - - [29/Jul/2026:08:43:37 +0200] "GET /?loknya=/var/www/vhosts/store-bors.dk/./lscache//7 HTTP/2" 200 2200 "https://www.store-bors.dk/?loknya=/var/www/vhosts/store-bors.dk/./lscache//" "Mozilla/5.0 AppleWebKit/537.36 (KHTML, like Gecko; compatible; GPTBot/1.4; +https://openai.com/gptbot)"
216.73.216.125 - - [29/Jul/2026:08:43:37 +0200] "GET /xmlrpc.php?loknya=%2Fvar%2Fwww%2Fvhosts%2Fstore-bors.dk%2Flscache%2Fc%2Fc%2Fc HTTP/2" 200 1992 "-" "Mozilla/5.0 AppleWebKit/537.36 (KHTML, like Gecko; compatible; ClaudeBot/1.0; +claudebot@anthropic.com)"
216.73.216.125 - - [29/Jul/2026:08:43:37 +0200] "GET /xmlrpc.php?loknya=%2Fvar%2Fwww%2Fvhosts%2Fstore-bors.dk%2Flscache%2F9%2Ff%2F8 HTTP/2" 200 1992 "-" "Mozilla/5.0 AppleWebKit/537.36 (KHTML, like Gecko; compatible; ClaudeBot/1.0; +claudebot@anthropic.com)"
216.73.216.125 - - [29/Jul/2026:08:43:37 +0200] "GET /xmlrpc.php?lokasie=%2Fvar%2Fwww%2Fvhosts%2Fstore-bors.dk%2Fhttpdocs%2Fwp-includes%2Fwidgets%2Fclass-wp-widget-media-gallery.php&loknya=%2Fvar%2Fwww%2Fvhosts%2Fstore-bors.dk%2Fhttpdocs%2Fwp-includes%2Fwidgets HTTP/2" 200 4058 "-" "Mozilla/5.0 AppleWebKit/537.36 (KHTML, like Gecko; compatible; ClaudeBot/1.0; +claudebot@anthropic.com)"
74.7.227.174 - - [29/Jul/2026:08:43:37 +0200] "GET /?loknya=/var/www/vhosts/store-bors.dk/lscache/4/1/b HTTP/2" 200 1993 "https://store-bors.dk/?loknya=/var/www/vhosts/store-bors.dk/lscache/4/1" "Mozilla/5.0 AppleWebKit/537.36 (KHTML, like Gecko; compatible; GPTBot/1.4; +https://openai.com/gptbot)"
74.7.243.235 - - [29/Jul/2026:08:43:37 +0200] "GET /?loknya=/var/www/vhosts/store-bors.dk/./lscache//1 HTTP/2" 200 2221 "https://www.store-bors.dk/?loknya=/var/www/vhosts/store-bors.dk/./lscache//" "Mozilla/5.0 AppleWebKit/537.36 (KHTML, like Gecko; compatible; GPTBot/1.4; +https://openai.com/gptbot)"
216.73.216.125 - - [29/Jul/2026:08:43:38 +0200] "GET /xmlrpc.php?loknya=%2Fvar%2Fwww%2Fvhosts%2Fstore-bors.dk%2Flscache%2F6%2Ff%2F6 HTTP/2" 200 2082 "-" "Mozilla/5.0 AppleWebKit/537.36 (KHTML, like Gecko; compatible; ClaudeBot/1.0; +claudebot@anthropic.com)"
216.73.216.125 - - [29/Jul/2026:08:43:38 +0200] "GET /xmlrpc.php?loknya=%2Fvar%2Fwww%2Fvhosts%2Fstore-bors.dk%2Flscache%2Fe%2Fc%2Fe HTTP/2" 200 1995 "-" "Mozilla/5.0 AppleWebKit/537.36 (KHTML, like Gecko; compatible; ClaudeBot/1.0; +claudebot@anthropic.com)"
216.73.216.125 - - [29/Jul/2026:08:43:38 +0200] "GET /xmlrpc.php?loknya=%2Fvar%2Fwww%2Fvhosts%2Fstore-bors.dk%2Flscache%2F7%2F3%2Fc HTTP/2" 200 2004 "-" "Mozilla/5.0 AppleWebKit/537.36 (KHTML, like Gecko; compatible; ClaudeBot/1.0; +claudebot@anthropic.com)"
74.7.227.174 - - [29/Jul/2026:08:43:38 +0200] "GET /?loknya=/var/www/vhosts/store-bors.dk/lscache/5/2/b HTTP/2" 200 1992 "https://store-bors.dk/?loknya=/var/www/vhosts/store-bors.dk/lscache/5/2" "Mozilla/5.0 AppleWebKit/537.36 (KHTML, like Gecko; compatible; GPTBot/1.4; +https://openai.com/gptbot)"
74.7.243.235 - - [29/Jul/2026:08:43:38 +0200] "GET /?loknya=/var/www/vhosts/store-bors.dk/./lscache//6 HTTP/2" 200 2204 "https://www.store-bors.dk/?loknya=/var/www/vhosts/store-bors.dk/./lscache//" "Mozilla/5.0 AppleWebKit/537.36 (KHTML, like Gecko; compatible; GPTBot/1.4; +https://openai.com/gptbot)"
185.21.40.28 - - [29/Jul/2026:08:41:38 +0200] "GET /wp-includes/SimplePie/library/SimplePie/Net/Net/index.php?ARRAY=7o2230223n313738353331303839382p2231223n22687474703n5p2s5p2s7n733936377631332r6p6172676572732r636p69636o5p2s3s6p633q7068705s636s64655s6n6326743q313738353330373239382q6661346264326536343337343463666362666535323537636232393330666532222p2232223n223035353065336239323162373134656535373262646164306539663230643661222p2233223n223739356665343238326538306539353539353835323737623233313331633532222p226175746s5s66696p655s6r616q65223n6r756p6p2p226175746s5s70617373223n6r756p6p2p2262696r675s70617373223n2231342q34382q35392q36342q37342q38362q3131227q HTTP/1.1" 500 567 "-" "-"
216.73.216.125 - - [29/Jul/2026:08:43:39 +0200] "GET /xmlrpc.php?loknya=%2Fvar%2Fwww%2Fvhosts%2Fstore-bors.dk%2Flscache%2F6%2F7%2Ff HTTP/2" 200 1977 "-" "Mozilla/5.0 AppleWebKit/537.36 (KHTML, like Gecko; compatible; ClaudeBot/1.0; +claudebot@anthropic.com)"
216.73.216.125 - - [29/Jul/2026:08:43:38 +0200] "GET /bep/m/'?lokasie=%2Fvar%2Fwww%2Fvhosts%2Fstore-bors.dk%2Fhttpdocs%2Fwp-includes%2Fclass-wp-http-encoding.php&loknya=%2Fvar%2Fwww%2Fvhosts%2Fstore-bors.dk%2Fhttpdocs%2Fwp-includes HTTP/2" 200 3697 "-" "Mozilla/5.0 AppleWebKit/537.36 (KHTML, like Gecko; compatible; ClaudeBot/1.0; +claudebot@anthropic.com)"
74.7.227.174 - - [29/Jul/2026:08:43:39 +0200] "GET /?loknya=/var/www/vhosts/store-bors.dk/lscache/8/7/d HTTP/2" 200 2041 "https://store-bors.dk/?loknya=/var/www/vhosts/store-bors.dk/lscache/8/7" "Mozilla/5.0 AppleWebKit/537.36 (KHTML, like Gecko; compatible; GPTBot/1.4; +https://openai.com/gptbot)"
74.7.243.235 - - [29/Jul/2026:08:43:39 +0200] "GET /?loknya=/var/www/vhosts/store-bors.dk/./lscache//3 HTTP/2" 200 2200 "https://www.store-bors.dk/?loknya=/var/www/vhosts/store-bors.dk/./lscache//" "Mozilla/5.0 AppleWebKit/537.36 (KHTML, like Gecko; compatible; GPTBot/1.4; +https://openai.com/gptbot)"
216.73.216.125 - - [29/Jul/2026:08:43:39 +0200] "GET /index.php/'?loknya=%2Fvar%2Fwww%2Fvhosts%2Fstore-bors.dk%2F.%2Fhttpdocs%2Fwp-includes%2Fblocks%2Faccordion-heading HTTP/2" 200 2136 "-" "Mozilla/5.0 AppleWebKit/537.36 (KHTML, like Gecko; compatible; ClaudeBot/1.0; +claudebot@anthropic.com)"
216.73.216.125 - - [29/Jul/2026:08:43:39 +0200] "GET /index.php?loknya=%2Fvar%2Fwww%2Fvhosts%2Fstore-bors.dk%2F.%2Fhttpdocs%2Fwp-includes%2Fsodium_compat%2Fsrc%2FCore%2FCurve25519%2F HTTP/2" 200 2200 "-" "Mozilla/5.0 AppleWebKit/537.36 (KHTML, like Gecko; compatible; ClaudeBot/1.0; +claudebot@anthropic.com)"
74.7.243.235 - - [29/Jul/2026:08:43:39 +0200] "GET /?loknya=/var/www/vhosts/store-bors.dk/./lscache//5 HTTP/2" 200 2202 "https://www.store-bors.dk/?loknya=/var/www/vhosts/store-bors.dk/./lscache//" "Mozilla/5.0 AppleWebKit/537.36 (KHTML, like Gecko; compatible; GPTBot/1.4; +https://openai.com/gptbot)"
216.73.216.125 - - [29/Jul/2026:08:43:39 +0200] "GET /index.php/'?lokasie=%2Fvar%2Fwww%2Fvhosts%2Fstore-bors.dk%2F.%2Fhttpdocs%2Fwp-admin%2Fcss%2Fdashboard.css&loknya=%2Fvar%2Fwww%2Fvhosts%2Fstore-bors.dk%2F.%2Fhttpdocs%2Fwp-admin%2Fcss HTTP/2" 200 8454 "-" "Mozilla/5.0 AppleWebKit/537.36 (KHTML, like Gecko; compatible; ClaudeBot/1.0; +claudebot@anthropic.com)"
74.7.227.174 - - [29/Jul/2026:08:43:39 +0200] "GET /?loknya=/var/www/vhosts/store-bors.dk/lscache/d/1/6 HTTP/2" 200 2038 "https://store-bors.dk/?loknya=/var/www/vhosts/store-bors.dk/lscache/d/1" "Mozilla/5.0 AppleWebKit/537.36 (KHTML, like Gecko; compatible; GPTBot/1.4; +https://openai.com/gptbot)"
216.73.216.125 - - [29/Jul/2026:08:43:40 +0200] "GET /xmlrpc.php?loknya=%2Fvar%2Fwww%2Fvhosts%2Fstore-bors.dk%2Flscache%2F1%2Fd%2F1 HTTP/2" 200 2084 "-" "Mozilla/5.0 AppleWebKit/537.36 (KHTML, like Gecko; compatible; ClaudeBot/1.0; +claudebot@anthropic.com)"
216.73.216.125 - - [29/Jul/2026:08:43:39 +0200] "GET /?loknya=%2Fvar%2Fwww%2Fvhosts%2Fstore-bors.dk%2F.%2Fhttpdocs%2Fwp-content%2Fuploads%2Fcache%2Ffvm%2F1603019762%2F HTTP/2" 200 2005 "-" "Mozilla/5.0 AppleWebKit/537.36 (KHTML, like Gecko; compatible; ClaudeBot/1.0; +claudebot@anthropic.com)"
74.7.243.235 - - [29/Jul/2026:08:43:40 +0200] "GET /?loknya=/var/www/vhosts/store-bors.dk/./lscache//0 HTTP/2" 200 2196 "https://www.store-bors.dk/?loknya=/var/www/vhosts/store-bors.dk/./lscache//" "Mozilla/5.0 AppleWebKit/537.36 (KHTML, like Gecko; compatible; GPTBot/1.4; +https://openai.com/gptbot)"
216.73.216.125 - - [29/Jul/2026:08:43:40 +0200] "GET /xmlrpc.php?loknya=%2Fvar%2Fwww%2Fvhosts%2Fstore-bors.k%2Flscache%2F9%2Fb%2F HTTP/2" 200 1777 "-" "Mozilla/5.0 AppleWebKit/537.36 (KHTML, like Gecko; compatible; ClaudeBot/1.0; +claudebot@anthropic.com)"
74.7.227.174 - - [29/Jul/2026:08:43:40 +0200] "GET /?lokasie=/var/www/vhosts/store-bors.dk/lscache/6/d/3/6d39b95a372fc551&loknya=/var/www/vhosts/store-bors.dk/lscache/6/d/3 HTTP/2" 200 17605 "https://store-bors.dk/?loknya=/var/www/vhosts/store-bors.dk/lscache/6/d/3" "Mozilla/5.0 AppleWebKit/537.36 (KHTML, like Gecko; compatible; GPTBot/1.4; +https://openai.com/gptbot)"
216.73.216.125 - - [29/Jul/2026:08:43:40 +0200] "GET /xmlrpc.php?loknya=%2Fvar%2Fwww%2Fvhosts%2Fstore-bors.dk%2Flscache%2Fe%2Fc%2F3 HTTP/2" 200 2036 "-" "Mozilla/5.0 AppleWebKit/537.36 (KHTML, like Gecko; compatible; ClaudeBot/1.0; +claudebot@anthropic.com)"
216.73.216.125 - - [29/Jul/2026:08:43:40 +0200] "GET /index.php/'?lokasie=%2Fvar%2Fwww%2Fvhosts%2Fstore-bors.dk%2F.%2Fhttpdocs%2Fwp-includes%2Fcss%2Fwp-embed-template.min.css&loknya=%2Fvar%2Fwww%2Fvhosts%2Fstore-bors.dk%2F.%2Fhttpdocs%2Fwp-includes%2Fcss HTTP/2" 200 3398 "-" "Mozilla/5.0 AppleWebKit/537.36 (KHTML, like Gecko; compatible; ClaudeBot/1.0; +claudebot@anthropic.com)"
74.7.243.235 - - [29/Jul/2026:08:43:40 +0200] "GET /?loknya=/var/www/vhosts/store-bors.dk/./lscache//a HTTP/2" 200 2210 "https://www.store-bors.dk/?loknya=/var/www/vhosts/store-bors.dk/./lscache//" "Mozilla/5.0 AppleWebKit/537.36 (KHTML, like Gecko; compatible; GPTBot/1.4; +https://openai.com/gptbot)"
74.7.227.174 - - [29/Jul/2026:08:43:41 +0200] "GET /?lokasie=/var/www/vhosts/store-bors.dk/lscache/9/d/3/9d3d15f35fdc17a2&loknya=/var/www/vhosts/store-bors.dk/lscache/9/d/3 HTTP/2" 200 25741 "https://store-bors.dk/?loknya=/var/www/vhosts/store-bors.dk/lscache/9/d/3" "Mozilla/5.0 AppleWebKit/537.36 (KHTML, like Gecko; compatible; GPTBot/1.4; +https://openai.com/gptbot)"
104.207.50.90 - - [29/Jul/2026:08:43:41 +0200] "GET /wp-login.php HTTP/2" 200 3390 "-" "Mozilla/5.0 (Windows NT 10.0; Win64; x64; rv:133.0) Gecko/20100101 Firefox/133.0"
216.73.216.125 - - [29/Jul/2026:08:43:41 +0200] "GET /index.php/'?lokasie=%2Fvar%2Fwww%2Fvhosts%2Fstore-bors.dk%2F.%2Fhttpdocs%2Fwp-admin%2Fcss%2F%2Fwp-admin.min.css&loknya=%2Fvar%2Fwww%2Fvhosts%2Fstore-bors.dk%2F.%2Fhttpdocs%2Fwp-admin%2Fcss%2F HTTP/2" 200 1670 "-" "Mozilla/5.0 AppleWebKit/537.36 (KHTML, like Gecko; compatible; ClaudeBot/1.0; +claudebot@anthropic.com)"
216.73.216.125 - - [29/Jul/2026:08:43:41 +0200] "GET /xmlrpc.php?loknya=%2Fvar%2Fwww%2Fvhosts%2Fstore-bors.dk%2Flscache%2Fpriv%2F2%2F5 HTTP/2" 200 1922 "-" "Mozilla/5.0 AppleWebKit/537.36 (KHTML, like Gecko; compatible; ClaudeBot/1.0; +claudebot@anthropic.com)"
216.73.216.125 - - [29/Jul/2026:08:43:41 +0200] "GET /index.php/'?loknya=%2Fvar%2Fwww%2Fvhosts%2Fstore-bors.dk%2F.%2Fhttpdocs%2Fwp-includes%2Fblocks%2Fpage-list-item HTTP/2" 200 2012 "-" "Mozilla/5.0 AppleWebKit/537.36 (KHTML, like Gecko; compatible; ClaudeBot/1.0; +claudebot@anthropic.com)"
74.7.243.235 - - [29/Jul/2026:08:43:41 +0200] "GET /?loknya=/var/www/vhosts/store-bors.dk/./lscache/a/f/4 HTTP/2" 200 2038 "https://www.store-bors.dk/?loknya=/var/www/vhosts/store-bors.dk/./lscache/a/f" "Mozilla/5.0 AppleWebKit/537.36 (KHTML, like Gecko; compatible; GPTBot/1.4; +https://openai.com/gptbot)"
216.73.216.125 - - [29/Jul/2026:08:43:41 +0200] "GET /index.php/'?lokasie=%2Fvar%2Fwww%2Fvhosts%2Fstore-bors.dk%2F.%2Fhttpdocs%2Fwp-includes%2Fwidgets%2Fclass-wp-widget-rss.php&loknya=%2Fvar%2Fwww%2Fvhosts%2Fstore-bors.dk%2F.%2Fhttpdocs%2Fwp-includes%2Fwidgets HTTP/2" 200 3554 "-" "Mozilla/5.0 AppleWebKit/537.36 (KHTML, like Gecko; compatible; ClaudeBot/1.0; +claudebot@anthropic.com)"
216.73.216.125 - - [29/Jul/2026:08:43:42 +0200] "GET /xmlrpc.php?loknya=%2Fvar%2Fwww%2Fvhosts%2Fstore-bors.dk%2Flscache%2F8%2Ff%2F9 HTTP/2" 200 2036 "-" "Mozilla/5.0 AppleWebKit/537.36 (KHTML, like Gecko; compatible; ClaudeBot/1.0; +claudebot@anthropic.com)"
216.73.216.125 - - [29/Jul/2026:08:43:42 +0200] "GET /index.php/'?lokasie=%2Fvar%2Fwww%2Fvhosts%2Fstore-bors.dk%2F.%2Fhttpdocs%2Fwp-admin%2Fcss%2F%2Fcustomize-controls.css&loknya=%2Fvar%2Fwww%2Fvhosts%2Fstore-bors.dk%2F.%2Fhttpdocs%2Fwp-admin%2Fcss%2F HTTP/2" 200 15148 "-" "Mozilla/5.0 AppleWebKit/537.36 (KHTML, like Gecko; compatible; ClaudeBot/1.0; +claudebot@anthropic.com)"
74.7.227.174 - - [29/Jul/2026:08:43:41 +0200] "GET /?lokasie=/var/www/vhosts/store-bors.dk/lscache/f/5/2/f52cb333a1bfd672&loknya=/var/www/vhosts/store-bors.dk/lscache/f/5/2 HTTP/2" 200 25791 "https://store-bors.dk/?loknya=/var/www/vhosts/store-bors.dk/lscache/f/5/2" "Mozilla/5.0 AppleWebKit/537.36 (KHTML, like Gecko; compatible; GPTBot/1.4; +https://openai.com/gptbot)"
74.7.243.235 - - [29/Jul/2026:08:43:42 +0200] "GET /?loknya=/var/www/vhosts/store-bors.dk/./lscache/a/f/1 HTTP/2" 200 1986 "https://www.store-bors.dk/?loknya=/var/www/vhosts/store-bors.dk/./lscache/a/f" "Mozilla/5.0 AppleWebKit/537.36 (KHTML, like Gecko; compatible; GPTBot/1.4; +https://openai.com/gptbot)"
216.73.216.125 - - [29/Jul/2026:08:43:42 +0200] "GET /xmlrpc.php?loknya=%2Fvar%2Fwww%2Fvhosts%2Fstore-bors.dk%2Flscache%2F1%2Ff%2F6 HTTP/2" 200 2039 "-" "Mozilla/5.0 AppleWebKit/537.36 (KHTML, like Gecko; compatible; ClaudeBot/1.0; +claudebot@anthropic.com)"
216.73.216.125 - - [29/Jul/2026:08:43:42 +0200] "GET /index.php/'?lokasie=%2Fvar%2Fwww%2Fvhosts%2Fstore-bors.dk%2F.%2Fhttpdocs%2Fwp-admin%2Fcss%2F%2Fedit.min.css&loknya=%2Fvar%2Fwww%2Fvhosts%2Fstore-bors.dk%2F.%2Fhttpdocs%2Fwp-admin%2Fcss%2F HTTP/2" 200 8795 "-" "Mozilla/5.0 AppleWebKit/537.36 (KHTML, like Gecko; compatible; ClaudeBot/1.0; +claudebot@anthropic.com)"
74.7.227.174 - - [29/Jul/2026:08:43:42 +0200] "GET /?lokasie=/var/www/vhosts/store-bors.dk/lscache/2/b/1/2b17e84285f16acf&loknya=/var/www/vhosts/store-bors.dk/lscache/2/b/1 HTTP/2" 200 22039 "https://store-bors.dk/?loknya=/var/www/vhosts/store-bors.dk/lscache/2/b/1" "Mozilla/5.0 AppleWebKit/537.36 (KHTML, like Gecko; compatible; GPTBot/1.4; +https://openai.com/gptbot)"
216.73.216.125 - - [29/Jul/2026:08:43:42 +0200] "GET /xmlrpc.php?lokasie=%2Fvar%2Fwww%2Fvhosts%2Fstore-bors.dk%2Fhttpdocs%2Fwp-includes%2Fblocks%2Fsearch.php&loknya=%2Fvar%2Fwww%2Fvhosts%2Fstore-bors.dk%2Fhttpdocs%2Fwp-includes%2Fblocks HTTP/2" 200 7454 "-" "Mozilla/5.0 AppleWebKit/537.36 (KHTML, like Gecko; compatible; ClaudeBot/1.0; +claudebot@anthropic.com)"
74.7.243.235 - - [29/Jul/2026:08:43:42 +0200] "GET /?loknya=/var/www/vhosts/store-bors.dk/./lscache/f/b/5 HTTP/2" 200 1990 "https://www.store-bors.dk/?loknya=/var/www/vhosts/store-bors.dk/./lscache/f/b" "Mozilla/5.0 AppleWebKit/537.36 (KHTML, like Gecko; compatible; GPTBot/1.4; +https://openai.com/gptbot)"
216.73.216.125 - - [29/Jul/2026:08:43:43 +0200] "GET /xmlrpc.php?loknya=%2Fvar%2Fwww%2Fvhosts%2Fstore-bors.dk%2Flscache%2F1%2F7%2Ff HTTP/2" 200 1985 "-" "Mozilla/5.0 AppleWebKit/537.36 (KHTML, like Gecko; compatible; ClaudeBot/1.0; +claudebot@anthropic.com)"
216.73.216.125 - - [29/Jul/2026:08:43:43 +0200] "GET /xmlrpc.php?loknya=%2Fvar%2Fwww%2Fvhosts%2Fstore-bors.dk%2Flscache%2F3%2F4%2F4 HTTP/2" 200 2040 "-" "Mozilla/5.0 AppleWebKit/537.36 (KHTML, like Gecko; compatible; ClaudeBot/1.0; +claudebot@anthropic.com)"
216.73.216.125 - - [29/Jul/2026:08:43:43 +0200] "GET /xmlrpc.php?loknya=%2Fvar%2Fwww%2Fvhosts%2Fstore-bors.dk%2Flscache%2F6%2Fd%2F9 HTTP/2" 200 1987 "-" "Mozilla/5.0 AppleWebKit/537.36 (KHTML, like Gecko; compatible; ClaudeBot/1.0; +claudebot@anthropic.com)"
74.7.227.174 - - [29/Jul/2026:08:43:43 +0200] "GET /?lokasie=/var/www/vhosts/store-bors.dk/lscache/2/b/1/2b1c9ba15f7f1383&loknya=/var/www/vhosts/store-bors.dk/lscache/2/b/1 HTTP/2" 200 25793 "https://store-bors.dk/?loknya=/var/www/vhosts/store-bors.dk/lscache/2/b/1" "Mozilla/5.0 AppleWebKit/537.36 (KHTML, like Gecko; compatible; GPTBot/1.4; +https://openai.com/gptbot)"
74.7.243.235 - - [29/Jul/2026:08:43:43 +0200] "GET /?loknya=/var/www/vhosts/store-bors.dk/./lscache/f/c/5 HTTP/2" 200 1984 "https://www.store-bors.dk/?loknya=/var/www/vhosts/store-bors.dk/./lscache/f/c" "Mozilla/5.0 AppleWebKit/537.36 (KHTML, like Gecko; compatible; GPTBot/1.4; +https://openai.com/gptbot)"
216.73.216.125 - - [29/Jul/2026:08:43:44 +0200] "GET /xmlrpc.php?lokasie=%2Fvar%2Fwww%2Fvhosts%2Fstore-bors.dk%2Fhttpdocs%2Fwp-includes%2Fblocks%2F%2Fpost-terms.php&loknya=%2Fvar%2Fwww%2Fvhosts%2Fstore-bors.dk%2Fhttpdocs%2Fwp-includes%2Fblocks%2F HTTP/2" 200 2891 "-" "Mozilla/5.0 AppleWebKit/537.36 (KHTML, like Gecko; compatible; ClaudeBot/1.0; +claudebot@anthropic.com)"
216.73.216.125 - - [29/Jul/2026:08:43:43 +0200] "GET /index.php/'?lokasie=%2Fvar%2Fwww%2Fvhosts%2Fstore-bors.dk%2F.%2Fhttpdocs%2Fwp-admin%2Fcss%2F%2Fwp-admin-rtl.css&loknya=%2Fvar%2Fwww%2Fvhosts%2Fstore-bors.dk%2F.%2Fhttpdocs%2Fwp-admin%2Fcss%2F HTTP/2" 200 1670 "-" "Mozilla/5.0 AppleWebKit/537.36 (KHTML, like Gecko; compatible; ClaudeBot/1.0; +claudebot@anthropic.com)"
74.7.243.235 - - [29/Jul/2026:08:43:44 +0200] "GET /?loknya=/var/www/vhosts/store-bors.dk/./lscache/d/f/9 HTTP/2" 200 2050 "https://www.store-bors.dk/?loknya=/var/www/vhosts/store-bors.dk/./lscache/d/f" "Mozilla/5.0 AppleWebKit/537.36 (KHTML, like Gecko; compatible; GPTBot/1.4; +https://openai.com/gptbot)"
74.7.227.174 - - [29/Jul/2026:08:43:44 +0200] "GET /?lokasie=/var/www/vhosts/store-bors.dk/lscache/f/5/7/f579600b2c664027&loknya=/var/www/vhosts/store-bors.dk/lscache/f/5/7 HTTP/2" 200 25797 "https://store-bors.dk/?loknya=/var/www/vhosts/store-bors.dk/lscache/f/5/7" "Mozilla/5.0 AppleWebKit/537.36 (KHTML, like Gecko; compatible; GPTBot/1.4; +https://openai.com/gptbot)"
151.123.178.49 - - [29/Jul/2026:08:43:44 +0200] "GET /wp-login.php HTTP/2" 200 3384 "-" "Mozilla/5.0 (Windows NT 10.0; Win64; x64; rv:133.0) Gecko/20100101 Firefox/133.0"
74.7.243.235 - - [29/Jul/2026:08:43:44 +0200] "GET /?loknya=/var/www/vhosts/store-bors.dk/./lscache/d/f/6 HTTP/2" 200 1975 "https://www.store-bors.dk/?loknya=/var/www/vhosts/store-bors.dk/./lscache/d/f" "Mozilla/5.0 AppleWebKit/537.36 (KHTML, like Gecko; compatible; GPTBot/1.4; +https://openai.com/gptbot)"
216.73.216.125 - - [29/Jul/2026:08:43:44 +0200] "GET /xmlrpc.php?loknya=%2Fvar%2Fwww%2Fvhosts%2Fstore-bors.dk%2Flscache%2F7%2Ff%2F8 HTTP/2" 200 2031 "-" "Mozilla/5.0 AppleWebKit/537.36 (KHTML, like Gecko; compatible; ClaudeBot/1.0; +claudebot@anthropic.com)"
216.73.216.125 - - [29/Jul/2026:08:43:44 +0200] "GET /index.php/sitemap.xml?loknya=%2Fvar%2Fwww%2Fvhosts%2Fstore-bors.dk%2F.%2Fhttpdocs%2Fwp-content%2Fuploads%2Fcache%2Ffvm%2F1603025919%2F HTTP/2" 200 2008 "-" "Mozilla/5.0 AppleWebKit/537.36 (KHTML, like Gecko; compatible; ClaudeBot/1.0; +claudebot@anthropic.com)"
57.141.0.11 - - [29/Jul/2026:08:43:44 +0200] "GET /category-sitemap.xml?lokasie=/var/www/vhosts/store-bors.dk/lscache/4/7/5/475e349e964e57d1&loknya=/var/www/vhosts/store-bors.dk/lscache/4/7/5 HTTP/2" 200 19569 "-" "Mozilla/5.0 (Windows NT 10.0; Win64; x64) AppleWebKit/537.36 (KHTML, like Gecko) Chrome/145.0.0.0 Safari/537.36 (compatible; meta-externalagent/1.1 (+https://developers.facebook.com/docs/sharing/webmasters/crawler))"
74.7.227.174 - - [29/Jul/2026:08:43:44 +0200] "GET /?lokasie=/var/www/vhosts/store-bors.dk/lscache/f/5/d/f5daeba3c94d9320&loknya=/var/www/vhosts/store-bors.dk/lscache/f/5/d HTTP/2" 200 1838 "https://store-bors.dk/?loknya=/var/www/vhosts/store-bors.dk/lscache/f/5/d" "Mozilla/5.0 AppleWebKit/537.36 (KHTML, like Gecko; compatible; GPTBot/1.4; +https://openai.com/gptbot)"
216.73.216.125 - - [29/Jul/2026:08:43:44 +0200] "GET /index.php/'?lokasie=%2Fvar%2Fwww%2Fvhosts%2Fstore-bors.dk%2F.%2Fhttpdocs%2Fwp-admin%2Fcss%2Fedit-rtl.min.css&loknya=%2Fvar%2Fwww%2Fvhosts%2Fstore-bors.dk%2F.%2Fhttpdocs%2Fwp-admin%2Fcss HTTP/2" 200 8776 "-" "Mozilla/5.0 AppleWebKit/537.36 (KHTML, like Gecko; compatible; ClaudeBot/1.0; +claudebot@anthropic.com)"
216.73.216.125 - - [29/Jul/2026:08:43:44 +0200] "GET /xmlrpc.php?loknya=%2Fvar%2Fwww%2Fvhosts%2Fstore-bors.dk%2Flscache%2F5%2F2%2F1 HTTP/2" 200 2048 "-" "Mozilla/5.0 AppleWebKit/537.36 (KHTML, like Gecko; compatible; ClaudeBot/1.0; +claudebot@anthropic.com)"
74.7.243.235 - - [29/Jul/2026:08:43:45 +0200] "GET /?loknya=/var/www/vhosts/store-bors.dk/./lscache/f/a/5 HTTP/2" 200 1990 "https://www.store-bors.dk/?loknya=/var/www/vhosts/store-bors.dk/./lscache/f/a" "Mozilla/5.0 AppleWebKit/537.36 (KHTML, like Gecko; compatible; GPTBot/1.4; +https://openai.com/gptbot)"
57.141.0.14 - - [29/Jul/2026:08:43:44 +0200] "GET /category-sitemap.xml?loknya=/var/www/vhosts/stor-bors.dk/lscach/4/7/ HTTP/2" 200 1965 "-" "Mozilla/5.0 (Macintosh; Intel Mac OS X 10_15_7) AppleWebKit/537.36 (KHTML, like Gecko) Chrome/145.0.0.0 Safari/537.36 (compatible; meta-externalagent/1.1 (+https://developers.facebook.com/docs/sharing/webmasters/crawler))"
216.73.216.125 - - [29/Jul/2026:08:43:45 +0200] "GET /xmlrpc.php?loknya=%2Fvar%2Fwww%2Fvhosts%2Fstore-bors.dk%2Flscache%2F9%2Fd%2F8 HTTP/2" 200 2031 "-" "Mozilla/5.0 AppleWebKit/537.36 (KHTML, like Gecko; compatible; ClaudeBot/1.0; +claudebot@anthropic.com)"
216.73.216.125 - - [29/Jul/2026:08:43:45 +0200] "GET /xmlrpc.php?loknya=%2Fvar%2Fwww%2Fvhosts%2Fstore-bors.dk%2Flscache%2F9%2Fc%2F2 HTTP/2" 200 2042 "-" "Mozilla/5.0 AppleWebKit/537.36 (KHTML, like Gecko; compatible; ClaudeBot/1.0; +claudebot@anthropic.com)"
74.7.227.174 - - [29/Jul/2026:08:43:45 +0200] "GET /?loknya=/var/www/vhosts/store-ors.dk/lscache/4/1/ HTTP/2" 200 1770 "https://store-bors.dk/?loknya=/var/www/vhosts/store-bors.dk/lscache/4/1/b" "Mozilla/5.0 AppleWebKit/537.36 (KHTML, like Gecko; compatible; GPTBot/1.4; +https://openai.com/gptbot)"
216.73.216.125 - - [29/Jul/2026:08:43:45 +0200] "GET /xmlrpc.php?loknya=%2Fvar%2Fwww%2Fvhosts%2Fstore-bors.dk%2Flscache%2F6%2Fd%2F6 HTTP/2" 200 1981 "-" "Mozilla/5.0 AppleWebKit/537.36 (KHTML, like Gecko; compatible; ClaudeBot/1.0; +claudebot@anthropic.com)"
74.7.243.235 - - [29/Jul/2026:08:43:45 +0200] "GET /?loknya=/var/www/vhosts/store-bors.dk/./lscache/a/f/9 HTTP/2" 200 1991 "https://www.store-bors.dk/?loknya=/var/www/vhosts/store-bors.dk/./lscache/a/f" "Mozilla/5.0 AppleWebKit/537.36 (KHTML, like Gecko; compatible; GPTBot/1.4; +https://openai.com/gptbot)"
216.73.216.125 - - [29/Jul/2026:08:43:46 +0200] "GET /xmlrpc.php?loknya=%2Fvar%2Fwww%2Fvhosts%2Fstore-bors.dk%2Flscache%2F8%2F7%2Fd HTTP/2" 200 2054 "-" "Mozilla/5.0 AppleWebKit/537.36 (KHTML, like Gecko; compatible; ClaudeBot/1.0; +claudebot@anthropic.com)"
74.7.227.174 - - [29/Jul/2026:08:43:46 +0200] "GET /?loknya=/var/www/vhosts/store-ors.dk/lscache/5/2/ HTTP/2" 200 1774 "https://store-bors.dk/?loknya=/var/www/vhosts/store-bors.dk/lscache/5/2/b" "Mozilla/5.0 AppleWebKit/537.36 (KHTML, like Gecko; compatible; GPTBot/1.4; +https://openai.com/gptbot)"
57.141.0.12 - - [29/Jul/2026:08:43:46 +0200] "GET /category-sitemap.xml?lokasie=/var/www/vhosts/store-bors.dk/httpdocs/wp-admin/js//inline-edit-tax.js&loknya=/var/www/vhosts/store-bors.dk/httpdocs/wp-admin/js/ HTTP/2" 200 4531 "-" "Mozilla/5.0 (Windows NT 10.0; Win64; x64) AppleWebKit/537.36 (KHTML, like Gecko) Chrome/145.0.0.0 Safari/537.36 Edg/145.0.0.0 (compatible; meta-externalagent/1.1 (+https://developers.facebook.com/docs/sharing/webmasters/crawler))"
216.73.216.125 - - [29/Jul/2026:08:43:46 +0200] "GET /bep/m/'?lokasie=%2Fvar%2Fwww%2Fvhosts%2Fstore-bors.dk%2Fhttpdocs%2Fwp-includes%2FText%2FException.php&loknya=%2Fvar%2Fwww%2Fvhosts%2Fstore-bors.dk%2Fhttpdocs%2Fwp-includes%2FText HTTP/2" 200 1657 "-" "Mozilla/5.0 AppleWebKit/537.36 (KHTML, like Gecko; compatible; ClaudeBot/1.0; +claudebot@anthropic.com)"
74.7.243.235 - - [29/Jul/2026:08:43:46 +0200] "GET /?loknya=/var/www/vhosts/store-bors.dk/./lscache/b/f/6 HTTP/2" 200 2041 "https://www.store-bors.dk/?loknya=/var/www/vhosts/store-bors.dk/./lscache/b/f" "Mozilla/5.0 AppleWebKit/537.36 (KHTML, like Gecko; compatible; GPTBot/1.4; +https://openai.com/gptbot)"
216.73.216.125 - - [29/Jul/2026:08:43:46 +0200] "GET /xmlrpc.php?loknya=%2Fvar%2Fwww%2Fvhosts%2Fstore-bors.dk%2Flscache%2F7%2Fd%2F6 HTTP/2" 200 2037 "-" "Mozilla/5.0 AppleWebKit/537.36 (KHTML, like Gecko; compatible; ClaudeBot/1.0; +claudebot@anthropic.com)"
216.73.216.125 - - [29/Jul/2026:08:43:46 +0200] "GET /'?loknya=%2Fvar%2Fwww%2Fvhosts%2Fstore-bors.dk%2F.%2Fhttpdocs%2Fwp-content%2Fuploads%2F2019%2F HTTP/2" 200 2239 "-" "Mozilla/5.0 AppleWebKit/537.36 (KHTML, like Gecko; compatible; ClaudeBot/1.0; +claudebot@anthropic.com)"
74.7.227.174 - - [29/Jul/2026:08:43:46 +0200] "GET /?lokasie=/var/www/vhosts/store-bors.dk/lscache/8/7/d/87d6dc4988eeb950&loknya=/var/www/vhosts/store-bors.dk/lscache/8/7/d HTTP/2" 200 25909 "https://store-bors.dk/?loknya=/var/www/vhosts/store-bors.dk/lscache/8/7/d" "Mozilla/5.0 AppleWebKit/537.36 (KHTML, like Gecko; compatible; GPTBot/1.4; +https://openai.com/gptbot)"
57.141.0.2 - - [29/Jul/2026:08:43:46 +0200] "GET /post-sitemap.xml?lokasie=/var/www/vhosts/store-bors.dk/httpdocs/wp-includes/blocks/audio/editor-rtl.css&loknya=/var/www/vhosts/store-bors.dk/httpdocs/wp-includes/blocks/audio HTTP/2" 200 1831 "-" "Mozilla/5.0 (Windows NT 10.0; Win64; x64) AppleWebKit/537.36 (KHTML, like Gecko) Chrome/145.0.0.0 Safari/537.36 (compatible; meta-externalagent/1.1 (+https://developers.facebook.com/docs/sharing/webmasters/crawler))"
216.73.216.125 - - [29/Jul/2026:08:43:47 +0200] "GET /xmlrpc.php?loknya=%2Fvar%2Fwww%2Fvhosts%2Fstore-bors.dk%2Flscache%2Fe%2F3%2F7 HTTP/2" 200 1991 "-" "Mozilla/5.0 AppleWebKit/537.36 (KHTML, like Gecko; compatible; ClaudeBot/1.0; +claudebot@anthropic.com)"
216.73.216.125 - - [29/Jul/2026:08:43:47 +0200] "GET /xmlrpc.php?loknya=%2Fvar%2Fwww%2Fvhosts%2Fstore-bors.dk%2Flscache%2Fa%2F9%2F1 HTTP/2" 200 1989 "-" "Mozilla/5.0 AppleWebKit/537.36 (KHTML, like Gecko; compatible; ClaudeBot/1.0; +claudebot@anthropic.com)"
74.7.243.235 - - [29/Jul/2026:08:43:47 +0200] "GET /?loknya=/var/www/vhosts/store-bors.dk/./lscache/f/b/1 HTTP/2" 200 2040 "https://www.store-bors.dk/?loknya=/var/www/vhosts/store-bors.dk/./lscache/f/b" "Mozilla/5.0 AppleWebKit/537.36 (KHTML, like Gecko; compatible; GPTBot/1.4; +https://openai.com/gptbot)"
74.7.227.174 - - [29/Jul/2026:08:43:47 +0200] "GET /?lokasie=/var/www/vhosts/store-bors.dk/lscache/d/1/6/d16d0fede2531976&loknya=/var/www/vhosts/store-bors.dk/lscache/d/1/6 HTTP/2" 200 1836 "https://store-bors.dk/?loknya=/var/www/vhosts/store-bors.dk/lscache/d/1/6" "Mozilla/5.0 AppleWebKit/537.36 (KHTML, like Gecko; compatible; GPTBot/1.4; +https://openai.com/gptbot)"
216.73.216.125 - - [29/Jul/2026:08:43:47 +0200] "GET /xmlrpc.php?loknya=%2Fvar%2Fwww%2Fvhosts%2Fstore-bors.dk%2Flscache%2F4%2Fe%2Fe HTTP/2" 200 1996 "-" "Mozilla/5.0 AppleWebKit/537.36 (KHTML, like Gecko; compatible; ClaudeBot/1.0; +claudebot@anthropic.com)"
216.73.216.125 - - [29/Jul/2026:08:43:47 +0200] "GET /xmlrpc.php?loknya=%2Fvar%2Fwww%2Fvhosts%2Fstore-bors.dk%2Flscache%2Fe%2F4%2Fe HTTP/2" 200 2097 "-" "Mozilla/5.0 AppleWebKit/537.36 (KHTML, like Gecko; compatible; ClaudeBot/1.0; +claudebot@anthropic.com)"
74.7.227.174 - - [29/Jul/2026:08:43:47 +0200] "GET /?lokasie=/var/www/vhosts/store-bors.dk/lscache/d/1/6/d16def158fe25c0e&loknya=/var/www/vhosts/store-bors.dk/lscache/d/1/6 HTTP/2" 200 17692 "https://store-bors.dk/?loknya=/var/www/vhosts/store-bors.dk/lscache/d/1/6" "Mozilla/5.0 AppleWebKit/537.36 (KHTML, like Gecko; compatible; GPTBot/1.4; +https://openai.com/gptbot)"
74.7.243.235 - - [29/Jul/2026:08:43:47 +0200] "GET /?loknya=/var/www/vhosts/store-bors.dk/./lscache/f/b/8 HTTP/2" 200 1981 "https://www.store-bors.dk/?loknya=/var/www/vhosts/store-bors.dk/./lscache/f/b" "Mozilla/5.0 AppleWebKit/537.36 (KHTML, like Gecko; compatible; GPTBot/1.4; +https://openai.com/gptbot)"
216.73.216.125 - - [29/Jul/2026:08:43:48 +0200] "GET /xmlrpc.php?loknya=%2Fvar%2Fwww%2Fvhosts%2Fstore-bors.k%2Flscache%2F4%2F HTTP/2" 200 1769 "-" "Mozilla/5.0 AppleWebKit/537.36 (KHTML, like Gecko; compatible; ClaudeBot/1.0; +claudebot@anthropic.com)"
216.73.216.125 - - [29/Jul/2026:08:43:48 +0200] "GET /'?lokasie=%2Fvar%2Fwww%2Fvhosts%2Fstore-bors.dk%2F.%2Fhttpdocs%2Fwp-includes%2FSimplePie%2Fsrc%2FLocator.php&loknya=%2Fvar%2Fwww%2Fvhosts%2Fstore-bors.dk%2F.%2Fhttpdocs%2Fwp-includes%2FSimplePie%2Fsrc HTTP/2" 200 5219 "-" "Mozilla/5.0 AppleWebKit/537.36 (KHTML, like Gecko; compatible; ClaudeBot/1.0; +claudebot@anthropic.com)"
216.73.216.125 - - [29/Jul/2026:08:43:48 +0200] "GET /xmlrpc.php?loknya=%2Fvar%2Fwww%2Fvhosts%2Fstore-bors.k%2Flscache%2F7%2Fb%2F HTTP/2" 200 1776 "-" "Mozilla/5.0 AppleWebKit/537.36 (KHTML, like Gecko; compatible; ClaudeBot/1.0; +claudebot@anthropic.com)"
216.73.216.125 - - [29/Jul/2026:08:43:48 +0200] "GET /xmlrpc.php?loknya=%2Fvar%2Fwww%2Fvhosts%2Fstore-bors.dk%2Flscache%2F4%2Fe%2F3 HTTP/2" 200 1991 "-" "Mozilla/5.0 AppleWebKit/537.36 (KHTML, like Gecko; compatible; ClaudeBot/1.0; +claudebot@anthropic.com)"
216.73.216.125 - - [29/Jul/2026:08:43:48 +0200] "GET /xmlrpc.php?loknya=%2Fvar%2Fwww%2Fvhosts%2Fstore-bors.dk%2Flscache%2Fe%2F4%2F3 HTTP/2" 200 2088 "-" "Mozilla/5.0 AppleWebKit/537.36 (KHTML, like Gecko; compatible; ClaudeBot/1.0; +claudebot@anthropic.com)"
74.7.227.174 - - [29/Jul/2026:08:43:48 +0200] "GET /?loknya=/var/www/vhosts/store-bors.k/lscache/8/7/ HTTP/2" 200 1768 "https://store-bors.dk/?loknya=/var/www/vhosts/store-bors.dk/lscache/8/7/d" "Mozilla/5.0 AppleWebKit/537.36 (KHTML, like Gecko; compatible; GPTBot/1.4; +https://openai.com/gptbot)"
216.73.216.125 - - [29/Jul/2026:08:43:49 +0200] "GET /xmlrpc.php?lokasie=%2Fvar%2Fwww%2Fvhosts%2Fstore-bors.dk%2Fhttpdocs%2Fwp-includes%2Fblocks%2F%2Flist.php&loknya=%2Fvar%2Fwww%2Fvhosts%2Fstore-bors.dk%2Fhttpdocs%2Fwp-includes%2Fblocks%2F HTTP/2" 200 2111 "-" "Mozilla/5.0 AppleWebKit/537.36 (KHTML, like Gecko; compatible; ClaudeBot/1.0; +claudebot@anthropic.com)"
74.7.243.235 - - [29/Jul/2026:08:43:48 +0200] "GET /?loknya=/var/www/vhosts/store-bors.dk/./lscache/f/a/3 HTTP/2" 200 1985 "https://www.store-bors.dk/?loknya=/var/www/vhosts/store-bors.dk/./lscache/f/a" "Mozilla/5.0 AppleWebKit/537.36 (KHTML, like Gecko; compatible; GPTBot/1.4; +https://openai.com/gptbot)"
216.73.216.125 - - [29/Jul/2026:08:43:49 +0200] "GET /xmlrpc.php?loknya=%2Fvar%2Fwww%2Fvhosts%2Fstore-bors.dk%2Flscache%2F9%2Fc%2Fd HTTP/2" 200 2001 "-" "Mozilla/5.0 AppleWebKit/537.36 (KHTML, like Gecko; compatible; ClaudeBot/1.0; +claudebot@anthropic.com)"
216.73.216.125 - - [29/Jul/2026:08:43:49 +0200] "GET /'?lokasie=%2Fvar%2Fwww%2Fvhosts%2Fstore-bors.dk%2F.%2Fhttpdocs%2Fwp-includes%2FRequests%2Fsrc%2F%2FAutoload.php&loknya=%2Fvar%2Fwww%2Fvhosts%2Fstore-bors.dk%2F.%2Fhttpdocs%2Fwp-includes%2FRequests%2Fsrc%2F HTTP/2" 200 3954 "-" "Mozilla/5.0 AppleWebKit/537.36 (KHTML, like Gecko; compatible; ClaudeBot/1.0; +claudebot@anthropic.com)"
216.73.216.125 - - [29/Jul/2026:08:43:49 +0200] "GET /index.php/'?lokasie=%2Fvar%2Fwww%2Fvhosts%2Fstore-bors.dk%2F.%2Fhttpdocs%2Fwp-admin%2Fincludes%2Fadmin.php&loknya=%2Fvar%2Fwww%2Fvhosts%2Fstore-bors.dk%2F.%2Fhttpdocs%2Fwp-admin%2Fincludes HTTP/2" 200 2372 "-" "Mozilla/5.0 AppleWebKit/537.36 (KHTML, like Gecko; compatible; ClaudeBot/1.0; +claudebot@anthropic.com)"
216.73.216.125 - - [29/Jul/2026:08:43:49 +0200] "GET /xmlrpc.php?loknya=%2Fvar%2Fwww%2Fvhosts%2Fstore-bors.dk%2Flscache%2F0%2F2%2F1 HTTP/2" 200 2099 "-" "Mozilla/5.0 AppleWebKit/537.36 (KHTML, like Gecko; compatible; ClaudeBot/1.0; +claudebot@anthropic.com)"
74.7.243.235 - - [29/Jul/2026:08:43:49 +0200] "GET /?loknya=/var/www/vhosts/store-bors.dk/./lscache/d/f/5 HTTP/2" 200 1987 "https://www.store-bors.dk/?loknya=/var/www/vhosts/store-bors.dk/./lscache/d/f" "Mozilla/5.0 AppleWebKit/537.36 (KHTML, like Gecko; compatible; GPTBot/1.4; +https://openai.com/gptbot)"
74.7.227.174 - - [29/Jul/2026:08:43:49 +0200] "GET /?loknya=/var/www/vhosts/store-bors.k/lscache/f/5/ HTTP/2" 200 1767 "https://store-bors.dk/?loknya=/var/www/vhosts/store-bors.dk/lscache/f/5/d" "Mozilla/5.0 AppleWebKit/537.36 (KHTML, like Gecko; compatible; GPTBot/1.4; +https://openai.com/gptbot)"
216.73.216.125 - - [29/Jul/2026:08:43:50 +0200] "GET /xmlrpc.php?loknya=%2Fvar%2Fwww%2Fvhosts%2Fstore-bors.dk%2Flscache%2F5%2Ff%2F9 HTTP/2" 200 1990 "-" "Mozilla/5.0 AppleWebKit/537.36 (KHTML, like Gecko; compatible; ClaudeBot/1.0; +claudebot@anthropic.com)"
216.73.216.125 - - [29/Jul/2026:08:43:50 +0200] "GET /xmlrpc.php?lokasie=%2Fvar%2Fwww%2Fvhosts%2Fstore-bors.dk%2Fhttpdocs%2Fwp-includes%2Fjs%2Futils.js&loknya=%2Fvar%2Fwww%2Fvhosts%2Fstore-bors.dk%2Fhttpdocs%2Fwp-includes%2Fjs HTTP/2" 200 3263 "-" "Mozilla/5.0 AppleWebKit/537.36 (KHTML, like Gecko; compatible; ClaudeBot/1.0; +claudebot@anthropic.com)"
216.73.216.125 - - [29/Jul/2026:08:43:50 +0200] "GET /xmlrpc.php?loknya=%2Fvar%2Fwww%2Fvhosts%2Fstore-bors.dk%2Flscache%2F3%2F3%2F7 HTTP/2" 200 2037 "-" "Mozilla/5.0 AppleWebKit/537.36 (KHTML, like Gecko; compatible; ClaudeBot/1.0; +claudebot@anthropic.com)"
74.7.243.235 - - [29/Jul/2026:08:43:50 +0200] "GET /?loknya=/var/www/vhosts/store-bors.dk/./lscache/f/c/0 HTTP/2" 200 1983 "https://www.store-bors.dk/?loknya=/var/www/vhosts/store-bors.dk/./lscache/f/c" "Mozilla/5.0 AppleWebKit/537.36 (KHTML, like Gecko; compatible; GPTBot/1.4; +https://openai.com/gptbot)"
74.7.227.174 - - [29/Jul/2026:08:43:50 +0200] "GET /?lokasie=/var/www/vhosts/store-bors.dk/lscache/4/1/b/41bf23b681ef09c2&loknya=/var/www/vhosts/store-bors.dk/lscache/4/1/b HTTP/2" 200 19650 "https://store-bors.dk/?loknya=/var/www/vhosts/store-bors.dk/lscache/4/1/b" "Mozilla/5.0 AppleWebKit/537.36 (KHTML, like Gecko; compatible; GPTBot/1.4; +https://openai.com/gptbot)"
216.73.216.125 - - [29/Jul/2026:08:43:50 +0200] "GET /xmlrpc.php?loknya=%2Fvar%2Fwww%2Fvhosts%2Fstore-bors.dk%2Flscache%2F4%2F3%2Fe HTTP/2" 200 2003 "-" "Mozilla/5.0 AppleWebKit/537.36 (KHTML, like Gecko; compatible; ClaudeBot/1.0; +claudebot@anthropic.com)"
216.73.216.125 - - [29/Jul/2026:08:43:51 +0200] "GET /xmlrpc.php?loknya=%2Fvar%2Fwww%2Fvhosts%2Fstore-bors.dk%2Flscache%2F3%2F4%2Fe HTTP/2" 200 2003 "-" "Mozilla/5.0 AppleWebKit/537.36 (KHTML, like Gecko; compatible; ClaudeBot/1.0; +claudebot@anthropic.com)"
216.73.216.125 - - [29/Jul/2026:08:43:51 +0200] "GET /xmlrpc.php?loknya=%2Fvar%2Fwww%2Fvhosts%2Fstore-bors.dk%2Flscache%2F8%2F2%2F9 HTTP/2" 200 1976 "-" "Mozilla/5.0 AppleWebKit/537.36 (KHTML, like Gecko; compatible; ClaudeBot/1.0; +claudebot@anthropic.com)"
74.7.243.235 - - [29/Jul/2026:08:43:51 +0200] "GET /?loknya=/var/www/vhosts/store-bors.dk/./lscache/a/f/2 HTTP/2" 200 1990 "https://www.store-bors.dk/?loknya=/var/www/vhosts/store-bors.dk/./lscache/a/f" "Mozilla/5.0 AppleWebKit/537.36 (KHTML, like Gecko; compatible; GPTBot/1.4; +https://openai.com/gptbot)"
216.73.216.125 - - [29/Jul/2026:08:43:51 +0200] "GET /xmlrpc.php?lokasie=%2Fvar%2Fwww%2Fvhosts%2Fstore-bors.dk%2Fhttpdocs%2Fwp-admin%2Fincludes%2Fclass-bulk-plugin-upgrader-skin.php&loknya=%2Fvar%2Fwww%2Fvhosts%2Fstore-bors.dk%2Fhttpdocs%2Fwp-admin%2Fincludes HTTP/2" 200 2544 "-" "Mozilla/5.0 AppleWebKit/537.36 (KHTML, like Gecko; compatible; ClaudeBot/1.0; +claudebot@anthropic.com)"
216.73.216.125 - - [29/Jul/2026:08:43:51 +0200] "GET /xmlrpc.php?loknya=%2Fvar%2Fwww%2Fvhosts%2Fstore-bors.dk%2Flscache%2F1%2F2%2F6 HTTP/2" 200 2028 "-" "Mozilla/5.0 AppleWebKit/537.36 (KHTML, like Gecko; compatible; ClaudeBot/1.0; +claudebot@anthropic.com)"
74.7.227.174 - - [29/Jul/2026:08:43:51 +0200] "GET /?lokasie=/var/www/vhosts/store-bors.dk/lscache/8/7/d/87d9a7715f88ed00&loknya=/var/www/vhosts/store-bors.dk/lscache/8/7/d HTTP/2" 200 25910 "https://store-bors.dk/?loknya=/var/www/vhosts/store-bors.dk/lscache/8/7/d" "Mozilla/5.0 AppleWebKit/537.36 (KHTML, like Gecko; compatible; GPTBot/1.4; +https://openai.com/gptbot)"
57.141.0.61 - - [29/Jul/2026:08:43:51 +0200] "GET /category-sitemap.xml?lokasie=/var/www/vhosts/store-bors.dk/lscache/e/1/3/e1394e1e5471c11b&loknya=/var/www/vhosts/store-bors.dk/lscache/e/1/3 HTTP/2" 200 29010 "-" "Mozilla/5.0 (Windows NT 10.0; Win64; x64) AppleWebKit/537.36 (KHTML, like Gecko) Chrome/145.0.0.0 Safari/537.36 (compatible; meta-externalagent/1.1 (+https://developers.facebook.com/docs/sharing/webmasters/crawler))"
216.73.216.125 - - [29/Jul/2026:08:43:52 +0200] "GET /'?loknya=%2Fvar%2Fwww%2Fvhosts%2Fstore-bors.dk%2F.%2Fhttpdocs%2Fwp-content%2Fuploads%2F2020%2F01 HTTP/2" 200 1825 "-" "Mozilla/5.0 AppleWebKit/537.36 (KHTML, like Gecko; compatible; ClaudeBot/1.0; +claudebot@anthropic.com)"
74.7.243.235 - - [29/Jul/2026:08:43:52 +0200] "GET /?loknya=/var/www/vhosts/store-bors.dk/./lscache/f/c/4 HTTP/2" 200 2089 "https://www.store-bors.dk/?loknya=/var/www/vhosts/store-bors.dk/./lscache/f/c" "Mozilla/5.0 AppleWebKit/537.36 (KHTML, like Gecko; compatible; GPTBot/1.4; +https://openai.com/gptbot)"
216.73.216.125 - - [29/Jul/2026:08:43:52 +0200] "GET /xmlrpc.php?lokasie=%2Fvar%2Fwww%2Fvhosts%2Fstore-bors.dk%2Fhttpdocs%2Fwp-includes%2Fblocks%2F%2Fpost-template.php&loknya=%2Fvar%2Fwww%2Fvhosts%2Fstore-bors.dk%2Fhttpdocs%2Fwp-includes%2Fblocks%2F HTTP/2" 200 3706 "-" "Mozilla/5.0 AppleWebKit/537.36 (KHTML, like Gecko; compatible; ClaudeBot/1.0; +claudebot@anthropic.com)"
74.7.227.174 - - [29/Jul/2026:08:43:52 +0200] "GET /?lokasie=/var/www/vhosts/store-bors.dk/lscache/9/d/3/9d31d478a93892ea&loknya=/var/www/vhosts/store-bors.dk/lscache/9/d/3 HTTP/2" 200 25835 "https://store-bors.dk/?loknya=/var/www/vhosts/store-bors.dk/lscache/9/d/3" "Mozilla/5.0 AppleWebKit/537.36 (KHTML, like Gecko; compatible; GPTBot/1.4; +https://openai.com/gptbot)"
216.73.216.125 - - [29/Jul/2026:08:43:52 +0200] "GET /'?loknya=%2Fvar%2Fwww%2Fvhosts%2Fstore-bors.dk%2F.%2Fhttpdocs%2Fwp-content%2Fuploads%2Fcache%2Ffvm%2F1603025919 HTTP/2" 200 2014 "-" "Mozilla/5.0 AppleWebKit/537.36 (KHTML, like Gecko; compatible; ClaudeBot/1.0; +claudebot@anthropic.com)"
216.73.216.125 - - [29/Jul/2026:08:43:52 +0200] "GET /xmlrpc.php?loknya=%2Fvar%2Fwww%2Fvhosts%2Fstore-bors.dk%2Flscache%2F1%2Ff%2F8 HTTP/2" 200 1985 "-" "Mozilla/5.0 AppleWebKit/537.36 (KHTML, like Gecko; compatible; ClaudeBot/1.0; +claudebot@anthropic.com)"
74.7.243.235 - - [29/Jul/2026:08:43:52 +0200] "GET /?loknya=/var/www/vhosts/store-bors.dk/./lscache/f/c/3 HTTP/2" 200 2046 "https://www.store-bors.dk/?loknya=/var/www/vhosts/store-bors.dk/./lscache/f/c" "Mozilla/5.0 AppleWebKit/537.36 (KHTML, like Gecko; compatible; GPTBot/1.4; +https://openai.com/gptbot)"
216.73.216.125 - - [29/Jul/2026:08:43:52 +0200] "GET /xmlrpc.php?loknya=%2Fvar%2Fwww%2Fvhosts%2Fstore-bors.dk%2Flscache%2F3%2Fe%2F4 HTTP/2" 200 2041 "-" "Mozilla/5.0 AppleWebKit/537.36 (KHTML, like Gecko; compatible; ClaudeBot/1.0; +claudebot@anthropic.com)"
74.7.227.174 - - [29/Jul/2026:08:43:52 +0200] "GET /?lokasie=/var/www/vhosts/store-bors.dk/lscache/f/5/7/f5739e0d7bc13797&loknya=/var/www/vhosts/store-bors.dk/lscache/f/5/7 HTTP/2" 200 25836 "https://store-bors.dk/?loknya=/var/www/vhosts/store-bors.dk/lscache/f/5/7" "Mozilla/5.0 AppleWebKit/537.36 (KHTML, like Gecko; compatible; GPTBot/1.4; +https://openai.com/gptbot)"
74.7.243.235 - - [29/Jul/2026:08:43:53 +0200] "GET /?loknya=/var/www/vhosts/store-bors.dk/./lscache/f/b/3 HTTP/2" 200 1986 "https://www.store-bors.dk/?loknya=/var/www/vhosts/store-bors.dk/./lscache/f/b" "Mozilla/5.0 AppleWebKit/537.36 (KHTML, like Gecko; compatible; GPTBot/1.4; +https://openai.com/gptbot)"
216.73.216.125 - - [29/Jul/2026:08:43:53 +0200] "GET /index.php/'?lokasie=%2Fvar%2Fwww%2Fvhosts%2Fstore-bors.dk%2F.%2Fhttpdocs%2Fwp-admin%2Fcss%2Fcustomize-controls-rtl.css&loknya=%2Fvar%2Fwww%2Fvhosts%2Fstore-bors.dk%2F.%2Fhttpdocs%2Fwp-admin%2Fcss HTTP/2" 200 15194 "-" "Mozilla/5.0 AppleWebKit/537.36 (KHTML, like Gecko; compatible; ClaudeBot/1.0; +claudebot@anthropic.com)"
216.73.216.125 - - [29/Jul/2026:08:43:53 +0200] "GET /xmlrpc.php?loknya=%2Fvar%2Fwww%2Fvhosts%2Fstore-bors.dk%2Flscache%2Fc%2F2%2F1 HTTP/2" 200 2089 "-" "Mozilla/5.0 AppleWebKit/537.36 (KHTML, like Gecko; compatible; ClaudeBot/1.0; +claudebot@anthropic.com)"
216.73.216.125 - - [29/Jul/2026:08:43:53 +0200] "GET /index.php/sitemap.xml?loknya=%2Fvar%2Fwww%2Fvhosts%2Fstore-bors.dk%2F.%2Fhttpdocs%2Fwp-content%2Fthemes%2Fhello-elementor%2Fmodules%2Fadmin-home%2F HTTP/2" 200 2140 "-" "Mozilla/5.0 AppleWebKit/537.36 (KHTML, like Gecko; compatible; ClaudeBot/1.0; +claudebot@anthropic.com)"
216.73.216.125 - - [29/Jul/2026:08:43:53 +0200] "GET /xmlrpc.php?lokasie=%2Fvar%2Fwww%2Fvhosts%2Fstore-bors.dk%2Fhttpdocs%2Fwp-admin%2Fnetwork%2Fsite-new.php&loknya=%2Fvar%2Fwww%2Fvhosts%2Fstore-bors.dk%2Fhttpdocs%2Fwp-admin%2Fnetwork HTTP/2" 200 5036 "-" "Mozilla/5.0 AppleWebKit/537.36 (KHTML, like Gecko; compatible; ClaudeBot/1.0; +claudebot@anthropic.com)"
74.7.243.235 - - [29/Jul/2026:08:43:53 +0200] "GET /?loknya=/var/www/vhosts/store-bors.dk/./lscache/f/a/4 HTTP/2" 200 1984 "https://www.store-bors.dk/?loknya=/var/www/vhosts/store-bors.dk/./lscache/f/a" "Mozilla/5.0 AppleWebKit/537.36 (KHTML, like Gecko; compatible; GPTBot/1.4; +https://openai.com/gptbot)"
74.7.227.174 - - [29/Jul/2026:08:43:53 +0200] "GET /?lokasie=/var/www/vhosts/store-bors.dk/lscache/f/5/2/f521472c981f6849&loknya=/var/www/vhosts/store-bors.dk/lscache/f/5/2 HTTP/2" 200 25794 "https://store-bors.dk/?loknya=/var/www/vhosts/store-bors.dk/lscache/f/5/2" "Mozilla/5.0 AppleWebKit/537.36 (KHTML, like Gecko; compatible; GPTBot/1.4; +https://openai.com/gptbot)"
216.73.216.125 - - [29/Jul/2026:08:43:54 +0200] "GET /xmlrpc.php?loknya=%2Fvar%2Fwww%2Fvhosts%2Fstore-bors.dk%2Flscache%2F0%2Fd%2F1 HTTP/2" 200 1989 "-" "Mozilla/5.0 AppleWebKit/537.36 (KHTML, like Gecko; compatible; ClaudeBot/1.0; +claudebot@anthropic.com)"
216.73.216.125 - - [29/Jul/2026:08:43:54 +0200] "GET /'?lokasie=%2Fvar%2Fwww%2Fvhosts%2Fstore-bors.dk%2F.%2Fhttpdocs%2Fwp-includes%2FRequests%2Fsrc%2F%2FResponse.php&loknya=%2Fvar%2Fwww%2Fvhosts%2Fstore-bors.dk%2F.%2Fhttpdocs%2Fwp-includes%2FRequests%2Fsrc%2F HTTP/2" 200 3058 "-" "Mozilla/5.0 AppleWebKit/537.36 (KHTML, like Gecko; compatible; ClaudeBot/1.0; +claudebot@anthropic.com)"
216.73.216.125 - - [29/Jul/2026:08:43:54 +0200] "GET /xmlrpc.php?loknya=%2Fvar%2Fwww%2Fvhosts%2Fstore-bors.dk%2Flscache%2F5%2F7%2F2 HTTP/2" 200 1977 "-" "Mozilla/5.0 AppleWebKit/537.36 (KHTML, like Gecko; compatible; ClaudeBot/1.0; +claudebot@anthropic.com)"
216.73.216.125 - - [29/Jul/2026:08:43:54 +0200] "GET /bep/m/'?lokasie=%2Fvar%2Fwww%2Fvhosts%2Fstore-bors.dk%2Fhttpdocs%2Fwp-includes%2Fphp-compat%2Freadonly.php&loknya=%2Fvar%2Fwww%2Fvhosts%2Fstore-bors.dk%2Fhttpdocs%2Fwp-includes%2Fphp-compat HTTP/2" 200 2071 "-" "Mozilla/5.0 AppleWebKit/537.36 (KHTML, like Gecko; compatible; ClaudeBot/1.0; +claudebot@anthropic.com)"
74.7.227.174 - - [29/Jul/2026:08:43:54 +0200] "GET /?lokasie=/var/www/vhosts/store-bors.dk/lscache/b/9/2/b92585dad7233776&loknya=/var/www/vhosts/store-bors.dk/lscache/b/9/2 HTTP/2" 200 1803 "https://store-bors.dk/?loknya=/var/www/vhosts/store-bors.dk/lscache/b/9/2" "Mozilla/5.0 AppleWebKit/537.36 (KHTML, like Gecko; compatible; GPTBot/1.4; +https://openai.com/gptbot)"
74.7.243.235 - - [29/Jul/2026:08:43:54 +0200] "GET /?loknya=/var/www/vhosts/store-bors.dk/./lscache/b/f/5 HTTP/2" 200 1984 "https://www.store-bors.dk/?loknya=/var/www/vhosts/store-bors.dk/./lscache/b/f" "Mozilla/5.0 AppleWebKit/537.36 (KHTML, like Gecko; compatible; GPTBot/1.4; +https://openai.com/gptbot)"
216.73.216.125 - - [29/Jul/2026:08:43:54 +0200] "GET /xmlrpc.php?lokasie=%2Fvar%2Fwww%2Fvhosts%2Fstore-bors.dk%2Fhttpdocs%2Fwp-admin%2Fcss%2Fsite-icon-rtl.min.css&loknya=%2Fvar%2Fwww%2Fvhosts%2Fstore-bors.dk%2Fhttpdocs%2Fwp-admin%2Fcss HTTP/2" 200 2652 "-" "Mozilla/5.0 AppleWebKit/537.36 (KHTML, like Gecko; compatible; ClaudeBot/1.0; +claudebot@anthropic.com)"
216.73.216.125 - - [29/Jul/2026:08:43:55 +0200] "GET /xmlrpc.php?loknya=%2Fvar%2Fwww%2Fvhosts%2Fstore-bors.dk%2Flscache%2F0%2Ff%2F9 HTTP/2" 200 1991 "-" "Mozilla/5.0 AppleWebKit/537.36 (KHTML, like Gecko; compatible; ClaudeBot/1.0; +claudebot@anthropic.com)"
216.73.216.125 - - [29/Jul/2026:08:43:55 +0200] "GET /xmlrpc.php?loknya=%2Fvar%2Fwww%2Fvhosts%2Fstore-bors.k%2Flscache%2Fe%2Fa%2F HTTP/2" 200 1785 "-" "Mozilla/5.0 AppleWebKit/537.36 (KHTML, like Gecko; compatible; ClaudeBot/1.0; +claudebot@anthropic.com)"
74.7.227.174 - - [29/Jul/2026:08:43:55 +0200] "GET /?lokasie=/var/www/vhosts/store-bors.dk/lscache/5/2/b/52bb4c8625660a31&loknya=/var/www/vhosts/store-bors.dk/lscache/5/2/b HTTP/2" 200 17702 "https://store-bors.dk/?loknya=/var/www/vhosts/store-bors.dk/lscache/5/2/b" "Mozilla/5.0 AppleWebKit/537.36 (KHTML, like Gecko; compatible; GPTBot/1.4; +https://openai.com/gptbot)"
216.73.216.125 - - [29/Jul/2026:08:43:55 +0200] "GET /xmlrpc.php?loknya=%2Fvar%2Fwww%2Fvhosts%2Fstore-bors.dk%2Flscache%2F8%2Fd%2F9 HTTP/2" 200 1983 "-" "Mozilla/5.0 AppleWebKit/537.36 (KHTML, like Gecko; compatible; ClaudeBot/1.0; +claudebot@anthropic.com)"
216.73.216.125 - - [29/Jul/2026:08:43:55 +0200] "GET /xmlrpc.php?loknya=%2Fvar%2Fwww%2Fvhosts%2Fstore-bors.dk%2Flscache%2F1%2Fd%2F6 HTTP/2" 200 2050 "-" "Mozilla/5.0 AppleWebKit/537.36 (KHTML, like Gecko; compatible; ClaudeBot/1.0; +claudebot@anthropic.com)"
216.73.216.125 - - [29/Jul/2026:08:43:56 +0200] "GET /xmlrpc.php?loknya=%2Fvar%2Fwww%2Fvhosts%2Fstore-bors.dk%2Flscache%2F6%2Ff%2F5 HTTP/2" 200 1975 "-" "Mozilla/5.0 AppleWebKit/537.36 (KHTML, like Gecko; compatible; ClaudeBot/1.0; +claudebot@anthropic.com)"
74.7.243.235 - - [29/Jul/2026:08:43:55 +0200] "GET /?loknya=/var/www/vhosts/store-bors.dk/./lscache/d/f/8 HTTP/2" 200 1806 "https://www.store-bors.dk/?loknya=/var/www/vhosts/store-bors.dk/./lscache/d/f" "Mozilla/5.0 AppleWebKit/537.36 (KHTML, like Gecko; compatible; GPTBot/1.4; +https://openai.com/gptbot)"
216.26.239.27 - - [29/Jul/2026:08:43:55 +0200] "GET /wp-login.php HTTP/2" 200 3390 "-" "Mozilla/5.0 (Windows NT 10.0; Win64; x64; rv:133.0) Gecko/20100101 Firefox/133.0"
74.7.227.174 - - [29/Jul/2026:08:43:56 +0200] "GET /?loknya=/var/www/vhosts/store-bors.dk/lscache/1/f/9 HTTP/2" 200 2031 "https://store-bors.dk/?loknya=/var/www/vhosts/store-bors.dk/lscache/1/f" "Mozilla/5.0 AppleWebKit/537.36 (KHTML, like Gecko; compatible; GPTBot/1.4; +https://openai.com/gptbot)"
216.73.216.125 - - [29/Jul/2026:08:43:56 +0200] "GET /?loknya=%2Fvar%2Fwww%2Fvhosts%2Fstore-bors.dk%2F.%2Fhttpdocs%2Fwp-content%2Fplugins%2Ffileorganizer%2Fcss%2Fjquery-ui%2Fimages HTTP/2" 200 2382 "-" "Mozilla/5.0 AppleWebKit/537.36 (KHTML, like Gecko; compatible; ClaudeBot/1.0; +claudebot@anthropic.com)"
74.7.243.235 - - [29/Jul/2026:08:43:56 +0200] "GET /?loknya=/var/www/vhosts/store-bors.dk/./lscache/f/c/6 HTTP/2" 200 1989 "https://www.store-bors.dk/?loknya=/var/www/vhosts/store-bors.dk/./lscache/f/c" "Mozilla/5.0 AppleWebKit/537.36 (KHTML, like Gecko; compatible; GPTBot/1.4; +https://openai.com/gptbot)"
216.73.216.125 - - [29/Jul/2026:08:43:56 +0200] "GET /index.php/'?lokasie=%2Fvar%2Fwww%2Fvhosts%2Fstore-bors.dk%2F.%2Fhttpdocs%2Fwp-admin%2Fcss%2F%2Fcommon.css&loknya=%2Fvar%2Fwww%2Fvhosts%2Fstore-bors.dk%2F.%2Fhttpdocs%2Fwp-admin%2Fcss%2F HTTP/2" 200 19273 "-" "Mozilla/5.0 AppleWebKit/537.36 (KHTML, like Gecko; compatible; ClaudeBot/1.0; +claudebot@anthropic.com)"
216.73.216.125 - - [29/Jul/2026:08:43:57 +0200] "GET /xmlrpc.php?loknya=%2Fvar%2Fwww%2Fvhosts%2Fstore-bors.dk%2Flscache%2F7%2Ff%2F5 HTTP/2" 200 1990 "-" "Mozilla/5.0 AppleWebKit/537.36 (KHTML, like Gecko; compatible; ClaudeBot/1.0; +claudebot@anthropic.com)"
216.73.216.125 - - [29/Jul/2026:08:43:57 +0200] "GET /xmlrpc.php?loknya=%2Fvar%2Fwww%2Fvhosts%2Fstore-bors.dk%2Flscache%2Fc%2Fd%2F1 HTTP/2" 200 2092 "-" "Mozilla/5.0 AppleWebKit/537.36 (KHTML, like Gecko; compatible; ClaudeBot/1.0; +claudebot@anthropic.com)"
216.73.216.125 - - [29/Jul/2026:08:43:58 +0200] "GET /xmlrpc.php?loknya=%2Fvar%2Fwww%2Fvhosts%2Fstore-bors.dk%2Flscache%2F5%2F7%2Ff HTTP/2" 200 1990 "-" "Mozilla/5.0 AppleWebKit/537.36 (KHTML, like Gecko; compatible; ClaudeBot/1.0; +claudebot@anthropic.com)"
74.7.227.174 - - [29/Jul/2026:08:43:58 +0200] "GET /?loknya=/var/www/vhosts/store-bors.dk/lscache/b/5/3 HTTP/2" 200 2046 "https://store-bors.dk/?loknya=/var/www/vhosts/store-bors.dk/lscache/b/5" "Mozilla/5.0 AppleWebKit/537.36 (KHTML, like Gecko; compatible; GPTBot/1.4; +https://openai.com/gptbot)"
216.73.216.125 - - [29/Jul/2026:08:43:58 +0200] "GET /xmlrpc.php?loknya=%2Fvar%2Fwww%2Fvhosts%2Fstore-bors.dk%2Flscache%2F9%2Fd%2F5 HTTP/2" 200 1980 "-" "Mozilla/5.0 AppleWebKit/537.36 (KHTML, like Gecko; compatible; ClaudeBot/1.0; +claudebot@anthropic.com)"
216.26.240.56 - - [29/Jul/2026:08:43:58 +0200] "GET /wp-login.php HTTP/2" 200 3391 "-" "Mozilla/5.0 (Windows NT 10.0; Win64; x64; rv:133.0) Gecko/20100101 Firefox/133.0"
74.7.243.235 - - [29/Jul/2026:08:43:58 +0200] "GET /?loknya=/var/www/vhosts/store-bors.dk/./lscache/f/a/8 HTTP/2" 200 1973 "https://www.store-bors.dk/?loknya=/var/www/vhosts/store-bors.dk/./lscache/f/a" "Mozilla/5.0 AppleWebKit/537.36 (KHTML, like Gecko; compatible; GPTBot/1.4; +https://openai.com/gptbot)"
216.73.216.125 - - [29/Jul/2026:08:43:59 +0200] "GET /xmlrpc.php?loknya=%2Fvar%2Fwww%2Fvhosts%2Fstore-bors.k%2Flscache%2F3%2Fa%2F HTTP/2" 200 1786 "-" "Mozilla/5.0 AppleWebKit/537.36 (KHTML, like Gecko; compatible; ClaudeBot/1.0; +claudebot@anthropic.com)"
216.73.216.125 - - [29/Jul/2026:08:43:59 +0200] "GET /xmlrpc.php?loknya=%2Fvar%2Fwww%2Fvhosts%2Fstore-bors.dk%2Flscache%2F4%2Ff%2F1 HTTP/2" 200 1983 "-" "Mozilla/5.0 AppleWebKit/537.36 (KHTML, like Gecko; compatible; ClaudeBot/1.0; +claudebot@anthropic.com)"
