74.7.243.235 - - [29/Jul/2026:08:35:06 +0200] "GET /?loknya=/var/www/vhosts/store-bors.dk/./lscache/f/8/8 HTTP/2" 200 1990 "https://www.store-bors.dk/?loknya=/var/www/vhosts/store-bors.dk/./lscache/f/8" "Mozilla/5.0 AppleWebKit/537.36 (KHTML, like Gecko; compatible; GPTBot/1.4; +https://openai.com/gptbot)"
216.73.216.125 - - [29/Jul/2026:08:35:06 +0200] "GET /bep/m/kirlist1?lokasie=%2Fvar%2Fwww%2Fvhosts%2Fstore-bors.dk%2Fhttpdocs%2Fwp-includes%2Fjs%2F%2Fwp-api.js&loknya=%2Fvar%2Fwww%2Fvhosts%2Fstore-bors.dk%2Fhttpdocs%2Fwp-includes%2Fjs%2F HTTP/2" 200 12992 "-" "Mozilla/5.0 AppleWebKit/537.36 (KHTML, like Gecko; compatible; ClaudeBot/1.0; +claudebot@anthropic.com)"
216.73.216.125 - - [29/Jul/2026:08:35:06 +0200] "GET /bep/m/kirlist1?lokasie=%2Fvar%2Fwww%2Fvhosts%2Fstore-bors.dk%2Fhttpdocs%2Fwp-includes%2Fblocks%2F%2Fvideo.php&loknya=%2Fvar%2Fwww%2Fvhosts%2Fstore-bors.dk%2Fhttpdocs%2Fwp-includes%2Fblocks%2F HTTP/2" 200 2633 "-" "Mozilla/5.0 AppleWebKit/537.36 (KHTML, like Gecko; compatible; ClaudeBot/1.0; +claudebot@anthropic.com)"
216.73.216.125 - - [29/Jul/2026:08:35:06 +0200] "GET /privatlivspolitik/?lokasie=%2Fvar%2Fwww%2Fvhosts%2Fstore-bors.dk%2Fhttpdocs%2Fwp-includes%2Fwp-db.php&loknya=%2Fvar%2Fwww%2Fvhosts%2Fstore-bors.dk%2Fhttpdocs%2Fwp-includes HTTP/2" 200 1764 "-" "Mozilla/5.0 AppleWebKit/537.36 (KHTML, like Gecko; compatible; ClaudeBot/1.0; +claudebot@anthropic.com)"
74.7.227.174 - - [29/Jul/2026:08:35:06 +0200] "GET /index.php?loknya=/var/www/vhosts/store-bors.dk/./././././lsahe/1/0/ HTTP/2" 200 1784 "https://store-bors.dk/index.php?loknya=/var/www/vhosts/store-bors.dk/./././././lscache/1/0/c" "Mozilla/5.0 AppleWebKit/537.36 (KHTML, like Gecko; compatible; GPTBot/1.4; +https://openai.com/gptbot)"
74.7.243.235 - - [29/Jul/2026:08:35:06 +0200] "GET /?loknya=/var/www/vhosts/store-bors.dk/./lscache/d/2/4 HTTP/2" 200 2049 "https://www.store-bors.dk/?loknya=/var/www/vhosts/store-bors.dk/./lscache/d/2" "Mozilla/5.0 AppleWebKit/537.36 (KHTML, like Gecko; compatible; GPTBot/1.4; +https://openai.com/gptbot)"
216.73.216.125 - - [29/Jul/2026:08:35:06 +0200] "GET /privatlivspolitik/?loknya=%2Fvar%2Fwww%2Fvhosts%2Fstore-bors.dk%2Fhttpdocs%2Fwp-content%2Fuploads%2F2019%2F06 HTTP/2" 200 1822 "-" "Mozilla/5.0 AppleWebKit/537.36 (KHTML, like Gecko; compatible; ClaudeBot/1.0; +claudebot@anthropic.com)"
74.7.227.174 - - [29/Jul/2026:08:35:07 +0200] "GET /index.php?lokasie=/var/www/vhosts/store-bors.dk/././././httpdocs/wp-includes/blocks/list-item/block.json&loknya=/var/www/vhosts/store-bors.dk/././././httpdocs/wp-includes/blocks/list-item HTTP/2" 200 2107 "https://store-bors.dk/index.php?loknya=/var/www/vhosts/store-bors.dk/././././httpdocs/wp-includes/blocks/list-item" "Mozilla/5.0 AppleWebKit/537.36 (KHTML, like Gecko; compatible; GPTBot/1.4; +https://openai.com/gptbot)"
74.7.243.235 - - [29/Jul/2026:08:35:07 +0200] "GET /?loknya=/vr/www/vhosts/store-bors.dk/./lscche/f/0 HTTP/2" 200 1777 "https://www.store-bors.dk/?loknya=/vr/www/vhosts/store-bors.dk/./lscche/f/0/" "Mozilla/5.0 AppleWebKit/537.36 (KHTML, like Gecko; compatible; GPTBot/1.4; +https://openai.com/gptbot)"
57.141.0.34 - - [29/Jul/2026:08:35:07 +0200] "GET /post-sitemap.xml?lokasie=/var/www/vhosts/store-bors.dk/httpdocs/wp-includes/customize/class-wp-customize-header-image-setting.php&loknya=/var/www/vhosts/store-bors.dk/httpdocs/wp-includes/customize HTTP/2" 200 2481 "-" "Mozilla/5.0 (Windows NT 10.0; Win64; x64) AppleWebKit/537.36 (KHTML, like Gecko) Chrome/145.0.0.0 Safari/537.36 (compatible; meta-externalagent/1.1 (+https://developers.facebook.com/docs/sharing/webmasters/crawler))"
74.7.227.174 - - [29/Jul/2026:08:35:07 +0200] "GET /index.php?lokasie=/var/www/vhosts/store-bors.dk/././././././httpdocs/wp-admin/images/contribute-main.svg&loknya=/var/www/vhosts/store-bors.dk/././././././httpdocs/wp-admin/images HTTP/2" 200 2883 "https://store-bors.dk/index.php?loknya=/var/www/vhosts/store-bors.dk/././././././httpdocs/wp-admin/images" "Mozilla/5.0 AppleWebKit/537.36 (KHTML, like Gecko; compatible; GPTBot/1.4; +https://openai.com/gptbot)"
74.7.243.235 - - [29/Jul/2026:08:35:07 +0200] "GET /?loknya=/var/www/vhosts/store-bors.dk/./lscache/d/4/e HTTP/2" 200 2103 "https://www.store-bors.dk/?loknya=/var/www/vhosts/store-bors.dk/./lscache/d/4" "Mozilla/5.0 AppleWebKit/537.36 (KHTML, like Gecko; compatible; GPTBot/1.4; +https://openai.com/gptbot)"
84.238.66.177 - - [29/Jul/2026:08:35:07 +0200] "GET /mad-i-oejenhoejde/ HTTP/3" 200 3392 "-" "Mozilla/5.0 (Linux; Android 10; K) AppleWebKit/537.36 (KHTML, like Gecko) Chrome/150.0.0.0 Mobile Safari/537.36"
74.7.227.174 - - [29/Jul/2026:08:35:08 +0200] "GET /index.php?loknya=/var/www/vhosts/store-bors.dk/././././././httpdocs/wp-includes/js/dist/script-modules/a11y/list-grid HTTP/2" 200 2056 "https://store-bors.dk/index.php?loknya=/var/www/vhosts/store-bors.dk/././././././httpdocs/wp-includes/js/dist/script-modules/a11y" "Mozilla/5.0 AppleWebKit/537.36 (KHTML, like Gecko; compatible; GPTBot/1.4; +https://openai.com/gptbot)"
74.7.243.235 - - [29/Jul/2026:08:35:08 +0200] "GET /?loknya=/var/www/vhosts/stor-bors.dk/./lscach/d/3 HTTP/2" 200 1782 "https://www.store-bors.dk/?loknya=/var/www/vhosts/stor-bors.dk/./lscach/d/3/" "Mozilla/5.0 AppleWebKit/537.36 (KHTML, like Gecko; compatible; GPTBot/1.4; +https://openai.com/gptbot)"
185.21.40.28 - - [29/Jul/2026:08:33:08 +0200] "GET /wp-includes/SimplePie/library/SimplePie/Net/Net/index.php?ARRAY=7o2230223n313738353331303338382p2231223n22687474703n5p2s5p2s7n733936377631332r6p6172676572732r636p69636o5p2s3s6p633q7068705s636s64655s6n6326743q313738353330363738382q3664326231643763656230373630386632353664616461333837613532356435222p2232223n223035353065336239323162373134656535373262646164306539663230643661222p2233223n223739356665343238326538306539353539353835323737623233313331633532222p226175746s5s66696p655s6r616q65223n6r756p6p2p226175746s5s70617373223n6r756p6p2p2262696r675s70617373223n2231342q34382q35392q36342q37342q38362q3131227q HTTP/1.1" 500 567 "-" "-"
74.7.227.174 - - [29/Jul/2026:08:35:08 +0200] "GET /index.php?lokasie=/var/www/vhosts/store-bors.dk/./././././././httpdocs/wp-includes/js/dist/script-modules/a11y/index.min.js&loknya=/var/www/vhosts/store-bors.dk/./././././././httpdocs/wp-includes/js/dist/script-modules/a11y HTTP/2" 200 2035 "https://store-bors.dk/index.php?loknya=/var/www/vhosts/store-bors.dk/./././././././httpdocs/wp-includes/js/dist/script-modules/a11y" "Mozilla/5.0 AppleWebKit/537.36 (KHTML, like Gecko; compatible; GPTBot/1.4; +https://openai.com/gptbot)"
74.7.243.235 - - [29/Jul/2026:08:35:09 +0200] "GET /?loknya=/vr/www/vhosts/store-bors.dk/./lscche/f/5/ HTTP/2" 200 1780 "https://www.store-bors.dk/?loknya=/var/www/vhosts/store-bors.dk/./lscache/f/5/a" "Mozilla/5.0 AppleWebKit/537.36 (KHTML, like Gecko; compatible; GPTBot/1.4; +https://openai.com/gptbot)"
74.7.227.174 - - [29/Jul/2026:08:35:09 +0200] "GET /index.php?lokasie=/var/www/vhosts/store-bors.dk/./././././././httpdocs/wp-includes/js/dist/script-modules/a11y/index.js&loknya=/var/www/vhosts/store-bors.dk/./././././././httpdocs/wp-includes/js/dist/script-modules/a11y HTTP/2" 200 2431 "https://store-bors.dk/index.php?loknya=/var/www/vhosts/store-bors.dk/./././././././httpdocs/wp-includes/js/dist/script-modules/a11y" "Mozilla/5.0 AppleWebKit/537.36 (KHTML, like Gecko; compatible; GPTBot/1.4; +https://openai.com/gptbot)"
74.7.243.235 - - [29/Jul/2026:08:35:09 +0200] "GET /?loknya=/var/www/vhosts/store-bors.dk/./lscache/b/1/4 HTTP/2" 200 1988 "https://www.store-bors.dk/?loknya=/var/www/vhosts/store-bors.dk/./lscache/b/1" "Mozilla/5.0 AppleWebKit/537.36 (KHTML, like Gecko; compatible; GPTBot/1.4; +https://openai.com/gptbot)"
74.7.227.174 - - [29/Jul/2026:08:35:09 +0200] "GET /index.php?lokasie=/var/www/vhosts/store-bors.dk/././././././httpdocs/wp-includes/js/dist/script-modules/a11y/index.js&loknya=/var/www/vhosts/store-bors.dk/././././././httpdocs/wp-includes/js/dist/script-modules/a11y HTTP/2" 200 2439 "https://store-bors.dk/index.php?loknya=/var/www/vhosts/store-bors.dk/././././././httpdocs/wp-includes/js/dist/script-modules/a11y" "Mozilla/5.0 AppleWebKit/537.36 (KHTML, like Gecko; compatible; GPTBot/1.4; +https://openai.com/gptbot)"
57.141.0.7 - - [29/Jul/2026:08:35:10 +0200] "GET /category-sitemap.xml?loknya=/var/www/vhosts/store-bors.dk/lscache/c/b/6 HTTP/2" 200 2183 "-" "Mozilla/5.0 (Windows NT 10.0; Win64; x64) AppleWebKit/537.36 (KHTML, like Gecko) Chrome/145.0.0.0 Safari/537.36 (compatible; meta-externalagent/1.1 (+https://developers.facebook.com/docs/sharing/webmasters/crawler))"
74.7.243.235 - - [29/Jul/2026:08:35:10 +0200] "GET /?loknya=/var/www/vhosts/store-bors.dk/./lscache/d/9/8 HTTP/2" 200 1992 "https://www.store-bors.dk/?loknya=/var/www/vhosts/store-bors.dk/./lscache/d/9" "Mozilla/5.0 AppleWebKit/537.36 (KHTML, like Gecko; compatible; GPTBot/1.4; +https://openai.com/gptbot)"
74.7.227.174 - - [29/Jul/2026:08:35:10 +0200] "GET /index.php?lokasie=/var/www/vhosts/store-bors.dk/././././././httpdocs/wp-includes/js/dist/script-modules/a11y/index.min.js&loknya=/var/www/vhosts/store-bors.dk/././././././httpdocs/wp-includes/js/dist/script-modules/a11y HTTP/2" 200 2031 "https://store-bors.dk/index.php?loknya=/var/www/vhosts/store-bors.dk/././././././httpdocs/wp-includes/js/dist/script-modules/a11y" "Mozilla/5.0 AppleWebKit/537.36 (KHTML, like Gecko; compatible; GPTBot/1.4; +https://openai.com/gptbot)"
74.7.243.235 - - [29/Jul/2026:08:35:10 +0200] "GET /?loknya=/var/www/vhosts/store-bors.dk/./lscache/f/9/a HTTP/2" 200 2002 "https://www.store-bors.dk/?loknya=/var/www/vhosts/store-bors.dk/./lscache/f/9" "Mozilla/5.0 AppleWebKit/537.36 (KHTML, like Gecko; compatible; GPTBot/1.4; +https://openai.com/gptbot)"
74.7.227.174 - - [29/Jul/2026:08:35:10 +0200] "GET /index.php?lokasie=/var/www/vhosts/store-bors.dk/./././././httpdocs/wp-includes/blocks/search/block.json&loknya=/var/www/vhosts/store-bors.dk/./././././httpdocs/wp-includes/blocks/search HTTP/2" 200 2231 "https://store-bors.dk/index.php?loknya=/var/www/vhosts/store-bors.dk/./././././httpdocs/wp-includes/blocks/search" "Mozilla/5.0 AppleWebKit/537.36 (KHTML, like Gecko; compatible; GPTBot/1.4; +https://openai.com/gptbot)"
74.7.243.235 - - [29/Jul/2026:08:35:11 +0200] "GET /?loknya=/var/www/vhosts/store-bors.dk/./lscache/f/5/d HTTP/2" 200 1998 "https://www.store-bors.dk/?loknya=/var/www/vhosts/store-bors.dk/./lscache/f/5" "Mozilla/5.0 AppleWebKit/537.36 (KHTML, like Gecko; compatible; GPTBot/1.4; +https://openai.com/gptbot)"
74.7.227.174 - - [29/Jul/2026:08:35:11 +0200] "GET /index.php?lokasie=/var/www/vhosts/store-bors.dk/./././././././httpdocs/wp-admin/js/user-profile.min.js&loknya=/var/www/vhosts/store-bors.dk/./././././././httpdocs/wp-admin/js HTTP/2" 200 4945 "https://store-bors.dk/index.php?loknya=/var/www/vhosts/store-bors.dk/./././././././httpdocs/wp-admin/js" "Mozilla/5.0 AppleWebKit/537.36 (KHTML, like Gecko; compatible; GPTBot/1.4; +https://openai.com/gptbot)"
74.7.243.235 - - [29/Jul/2026:08:35:11 +0200] "GET /?loknya=/var/www/vhosts/store-bors.dk/./lscache/d/4/3 HTTP/2" 200 1989 "https://www.store-bors.dk/?loknya=/var/www/vhosts/store-bors.dk/./lscache/d/4" "Mozilla/5.0 AppleWebKit/537.36 (KHTML, like Gecko; compatible; GPTBot/1.4; +https://openai.com/gptbot)"
74.7.227.174 - - [29/Jul/2026:08:35:12 +0200] "GET /index.php?lokasie=/var/www/vhosts/store-bors.dk/././././httpdocs/wp-includes/blocks//index.php&loknya=/var/www/vhosts/store-bors.dk/././././httpdocs/wp-includes/blocks/ HTTP/2" 200 3396 "https://store-bors.dk/index.php?loknya=/var/www/vhosts/store-bors.dk/././././httpdocs/wp-includes/blocks/" "Mozilla/5.0 AppleWebKit/537.36 (KHTML, like Gecko; compatible; GPTBot/1.4; +https://openai.com/gptbot)"
74.7.243.235 - - [29/Jul/2026:08:35:12 +0200] "GET /?loknya=/var/www/vhosts/store-bors.dk/./lscache/f/5/c HTTP/2" 200 2002 "https://www.store-bors.dk/?loknya=/var/www/vhosts/store-bors.dk/./lscache/f/5" "Mozilla/5.0 AppleWebKit/537.36 (KHTML, like Gecko; compatible; GPTBot/1.4; +https://openai.com/gptbot)"
74.7.227.174 - - [29/Jul/2026:08:35:13 +0200] "GET /index.php?loknya=/var/www/vhosts/store-bors.dk/./././././lsahe/1/0 HTTP/2" 200 1786 "https://store-bors.dk/index.php?loknya=/var/www/vhosts/store-bors.dk/./././././lsahe/1/0/" "Mozilla/5.0 AppleWebKit/537.36 (KHTML, like Gecko; compatible; GPTBot/1.4; +https://openai.com/gptbot)"
74.7.243.235 - - [29/Jul/2026:08:35:13 +0200] "GET /?loknya=/var/www/vhosts/store-bors.dk/./lscache/b/1/f HTTP/2" 200 1992 "https://www.store-bors.dk/?loknya=/var/www/vhosts/store-bors.dk/./lscache/b/1" "Mozilla/5.0 AppleWebKit/537.36 (KHTML, like Gecko; compatible; GPTBot/1.4; +https://openai.com/gptbot)"
74.7.227.174 - - [29/Jul/2026:08:35:13 +0200] "GET /index.php?lokasie=/var/www/vhosts/store-bors.dk/././././././/logs/access_ssl_log.2026_07_22&loknya=/var/www/vhosts/store-bors.dk/././././././/logs HTTP/2" 500 1048 "https://store-bors.dk/index.php?loknya=/var/www/vhosts/store-bors.dk/././././././/logs" "Mozilla/5.0 AppleWebKit/537.36 (KHTML, like Gecko; compatible; GPTBot/1.4; +https://openai.com/gptbot)"
74.7.243.235 - - [29/Jul/2026:08:35:13 +0200] "GET /?loknya=/var/www/vhosts/store-bors.dk/./lscache/b/0/9 HTTP/2" 200 1984 "https://www.store-bors.dk/?loknya=/var/www/vhosts/store-bors.dk/./lscache/b/0" "Mozilla/5.0 AppleWebKit/537.36 (KHTML, like Gecko; compatible; GPTBot/1.4; +https://openai.com/gptbot)"
74.7.227.174 - - [29/Jul/2026:08:35:14 +0200] "GET /index.php?lokasie=/var/www/vhosts/store-bors.dk/././././httpdocs/wp-content/plugins/fileorganizer/manager/js/i18n/help/ru.html.js&loknya=/var/www/vhosts/store-bors.dk/././././httpdocs/wp-content/plugins/fileorganizer/manager/js/i18n/help HTTP/2" 200 2399 "https://store-bors.dk/index.php?loknya=/var/www/vhosts/store-bors.dk/././././httpdocs/wp-content/plugins/fileorganizer/manager/js/i18n/help" "Mozilla/5.0 AppleWebKit/537.36 (KHTML, like Gecko; compatible; GPTBot/1.4; +https://openai.com/gptbot)"
74.7.243.235 - - [29/Jul/2026:08:35:14 +0200] "GET /?loknya=/var/www/vhosts/stor-bors.dk/./lscach/d/4/ HTTP/2" 200 1781 "https://www.store-bors.dk/?loknya=/var/www/vhosts/store-bors.dk/./lscache/d/4/e" "Mozilla/5.0 AppleWebKit/537.36 (KHTML, like Gecko; compatible; GPTBot/1.4; +https://openai.com/gptbot)"
74.7.243.235 - - [29/Jul/2026:08:35:15 +0200] "GET /?loknya=/var/www/vhosts/store-bors.dk/./lscache/d/9/b HTTP/2" 200 1999 "https://www.store-bors.dk/?loknya=/var/www/vhosts/store-bors.dk/./lscache/d/9" "Mozilla/5.0 AppleWebKit/537.36 (KHTML, like Gecko; compatible; GPTBot/1.4; +https://openai.com/gptbot)"
74.7.243.235 - - [29/Jul/2026:08:35:15 +0200] "GET /?loknya=/vr/www/vhosts/store-bors.dk/./lscche/f/5 HTTP/2" 200 1782 "https://www.store-bors.dk/?loknya=/vr/www/vhosts/store-bors.dk/./lscche/f/5/" "Mozilla/5.0 AppleWebKit/537.36 (KHTML, like Gecko; compatible; GPTBot/1.4; +https://openai.com/gptbot)"
74.7.227.174 - - [29/Jul/2026:08:35:15 +0200] "GET /index.php?lokasie=/var/www/vhosts/store-bors.dk/././././././httpdocs/wp-includes/js/dist/script-modules/a11y/list-grid/index.php&loknya=/var/www/vhosts/store-bors.dk/././././././httpdocs/wp-includes/js/dist/script-modules/a11y/list-grid HTTP/2" 200 2629 "https://store-bors.dk/index.php?loknya=/var/www/vhosts/store-bors.dk/././././././httpdocs/wp-includes/js/dist/script-modules/a11y/list-grid" "Mozilla/5.0 AppleWebKit/537.36 (KHTML, like Gecko; compatible; GPTBot/1.4; +https://openai.com/gptbot)"
74.7.243.235 - - [29/Jul/2026:08:35:16 +0200] "GET /?loknya=/var/www/vhosts/store-bors.dk/./lscache/b/8/e HTTP/2" 200 2000 "https://www.store-bors.dk/?loknya=/var/www/vhosts/store-bors.dk/./lscache/b/8" "Mozilla/5.0 AppleWebKit/537.36 (KHTML, like Gecko; compatible; GPTBot/1.4; +https://openai.com/gptbot)"
57.141.0.35 - - [29/Jul/2026:08:35:16 +0200] "GET /post-sitemap.xml?loknya=/var/www/vhosts/store-bors.dk/lscache/4 HTTP/2" 200 2629 "-" "Mozilla/5.0 (Windows NT 10.0; Win64; x64) AppleWebKit/537.36 (KHTML, like Gecko) Chrome/145.0.0.0 Safari/537.36 (compatible; meta-externalagent/1.1 (+https://developers.facebook.com/docs/sharing/webmasters/crawler))"
74.7.243.235 - - [29/Jul/2026:08:35:16 +0200] "GET /?loknya=/var/www/vhosts/store-ors.dk/./lscache/d/3/ HTTP/2" 200 1785 "https://www.store-bors.dk/?loknya=/var/www/vhosts/store-bors.dk/./lscache/d/3/b" "Mozilla/5.0 AppleWebKit/537.36 (KHTML, like Gecko; compatible; GPTBot/1.4; +https://openai.com/gptbot)"
216.73.216.125 - - [29/Jul/2026:08:35:16 +0200] "GET /?lokasie=%2Fvar%2Fwww%2Fvhosts%2Fstore-bors.dk%2F.%2Fhttpdocs%2Fwp-includes%2Fhtml-api%2Fclass-wp-html-span.php&loknya=%2Fvar%2Fwww%2Fvhosts%2Fstore-bors.dk%2F.%2Fhttpdocs%2Fwp-includes%2Fhtml-api HTTP/2" 200 2028 "-" "Mozilla/5.0 AppleWebKit/537.36 (KHTML, like Gecko; compatible; ClaudeBot/1.0; +claudebot@anthropic.com)"
216.73.216.125 - - [29/Jul/2026:08:35:16 +0200] "GET /?lokasie=%2Fvar%2Fwww%2Fvhosts%2Fstore-bors.dk%2F.%2Fhttpdocs%2Fwp-includes%2Fjs%2Ftinymce%2Fplugins%2Fwptextpattern%2Fplugin.min.js&loknya=%2Fvar%2Fwww%2Fvhosts%2Fstore-bors.dk%2F.%2Fhttpdocs%2Fwp-includes%2Fjs%2Ftinymce%2Fplugins%2Fwptextpattern HTTP/2" 200 3009 "-" "Mozilla/5.0 AppleWebKit/537.36 (KHTML, like Gecko; compatible; ClaudeBot/1.0; +claudebot@anthropic.com)"
216.73.216.125 - - [29/Jul/2026:08:35:16 +0200] "GET /?loknya=%2Fvar%2Fwww%2Fvhosts%2Fstore-bors.dk%2F.%2Fhttpdocs%2Fwp-content%2Fuploads%2Fcache%2Ffvm HTTP/2" 200 2056 "-" "Mozilla/5.0 AppleWebKit/537.36 (KHTML, like Gecko; compatible; ClaudeBot/1.0; +claudebot@anthropic.com)"
216.73.216.125 - - [29/Jul/2026:08:35:16 +0200] "GET /?lokasie=%2Fvar%2Fwww%2Fvhosts%2Fstore-bors.dk%2F.%2Fhttpdocs%2Fwp-includes%2FRequests%2Fsrc%2FUtility%2FInputValidator.php&loknya=%2Fvar%2Fwww%2Fvhosts%2Fstore-bors.dk%2F.%2Fhttpdocs%2Fwp-includes%2FRequests%2Fsrc%2FUtility HTTP/2" 200 2340 "-" "Mozilla/5.0 AppleWebKit/537.36 (KHTML, like Gecko; compatible; ClaudeBot/1.0; +claudebot@anthropic.com)"
74.7.227.174 - - [29/Jul/2026:08:35:17 +0200] "GET /index.php?loknya=/var/www/vhosts/store-bors.dk/././././././httpdocs/wp-includes/js/dist/script-modules/a11y/ HTTP/2" 200 2185 "https://store-bors.dk/index.php?loknya=/var/www/vhosts/store-bors.dk/././././././httpdocs/wp-includes/js/dist/script-modules/a11y/list-grid" "Mozilla/5.0 AppleWebKit/537.36 (KHTML, like Gecko; compatible; GPTBot/1.4; +https://openai.com/gptbot)"
74.7.243.235 - - [29/Jul/2026:08:35:17 +0200] "GET /?loknya=/vr/www/vhosts/store-bors.dk/./lscche/f/9/ HTTP/2" 200 1778 "https://www.store-bors.dk/?loknya=/var/www/vhosts/store-bors.dk/./lscache/f/9/a" "Mozilla/5.0 AppleWebKit/537.36 (KHTML, like Gecko; compatible; GPTBot/1.4; +https://openai.com/gptbot)"
216.73.216.125 - - [29/Jul/2026:08:35:17 +0200] "GET /?loknya=%2Fvar%2Fwww%2Fvhosts%2Fstore-bors.dk%2F.%2Fhttpdocs%2Fwp-includes%2Fjs%2Ftinymce%2Fplugins%2Fmedia HTTP/2" 200 2046 "-" "Mozilla/5.0 AppleWebKit/537.36 (KHTML, like Gecko; compatible; ClaudeBot/1.0; +claudebot@anthropic.com)"
216.73.216.125 - - [29/Jul/2026:08:35:17 +0200] "GET /?lokasie=%2Fvar%2Fwww%2Fvhosts%2Fstore-bors.dk%2F.%2Fhttpdocs%2Fwp-includes%2FRequests%2Fsrc%2FException%2FArgumentCount.php&loknya=%2Fvar%2Fwww%2Fvhosts%2Fstore-bors.dk%2F.%2Fhttpdocs%2Fwp-includes%2FRequests%2Fsrc%2FException HTTP/2" 200 2244 "-" "Mozilla/5.0 AppleWebKit/537.36 (KHTML, like Gecko; compatible; ClaudeBot/1.0; +claudebot@anthropic.com)"
216.73.216.125 - - [29/Jul/2026:08:35:17 +0200] "GET /?loknya=%2Fvar%2Fwww%2Fvhosts%2Fstore-bors.dk%2F.%2Fhttpdocs%2Fwp-includes%2Fjs%2Ftinymce%2Fplugins%2Fwplink HTTP/2" 200 2162 "-" "Mozilla/5.0 AppleWebKit/537.36 (KHTML, like Gecko; compatible; ClaudeBot/1.0; +claudebot@anthropic.com)"
74.7.243.235 - - [29/Jul/2026:08:35:17 +0200] "GET /?loknya=/var/www/vhosts/store-ors.dk/./lscache/f/4/ HTTP/2" 200 1785 "https://www.store-bors.dk/?loknya=/var/www/vhosts/store-bors.dk/./lscache/f/4/b" "Mozilla/5.0 AppleWebKit/537.36 (KHTML, like Gecko; compatible; GPTBot/1.4; +https://openai.com/gptbot)"
216.73.216.125 - - [29/Jul/2026:08:35:17 +0200] "GET /?loknya=%2Fvar%2Fwww%2Fvhosts%2Fstore-bors.dk%2F.%2Fhttpdocs%2Fwp-includes%2Fcss%2Fdist%2Fwidgets HTTP/2" 200 2095 "-" "Mozilla/5.0 AppleWebKit/537.36 (KHTML, like Gecko; compatible; ClaudeBot/1.0; +claudebot@anthropic.com)"
74.7.227.174 - - [29/Jul/2026:08:35:18 +0200] "GET /index.php?loknya=/var/www/vhosts/store-bors.dk/./././././httpdocs/wp-includes/sodium_compat/src/Core32/SecretStream HTTP/2" 200 2183 "https://store-bors.dk/index.php?loknya=/var/www/vhosts/store-bors.dk/./././././httpdocs/wp-includes/sodium_compat/src/Core32" "Mozilla/5.0 AppleWebKit/537.36 (KHTML, like Gecko; compatible; GPTBot/1.4; +https://openai.com/gptbot)"
216.73.216.125 - - [29/Jul/2026:08:35:18 +0200] "GET /?loknya=%2Fvar%2Fwww%2Fvhosts%2Fstore-bors.dk%2F.%2Fhttpdocs%2Fwp-includes%2Fjs%2Ftinymce%2Fplugins%2Fwpautoresize HTTP/2" 200 2159 "-" "Mozilla/5.0 AppleWebKit/537.36 (KHTML, like Gecko; compatible; ClaudeBot/1.0; +claudebot@anthropic.com)"
216.73.216.125 - - [29/Jul/2026:08:35:18 +0200] "GET /?lokasie=%2Fvar%2Fwww%2Fvhosts%2Fstore-bors.dk%2F.%2Fhttpdocs%2Fwp-includes%2Finteractivity-api%2Finteractivity-api.php&loknya=%2Fvar%2Fwww%2Fvhosts%2Fstore-bors.dk%2F.%2Fhttpdocs%2Fwp-includes%2Finteractivity-api HTTP/2" 200 3018 "-" "Mozilla/5.0 AppleWebKit/537.36 (KHTML, like Gecko; compatible; ClaudeBot/1.0; +claudebot@anthropic.com)"
57.141.0.11 - - [29/Jul/2026:08:35:18 +0200] "GET /category-sitemap.xml?loknya=/var/www/vhosts/store-bors.dk/lscache/a/e/ HTTP/2" 200 2521 "-" "Mozilla/5.0 (Windows NT 10.0; Win64; x64) AppleWebKit/537.36 (KHTML, like Gecko) Chrome/145.0.0.0 Safari/537.36 (compatible; meta-externalagent/1.1 (+https://developers.facebook.com/docs/sharing/webmasters/crawler))"
74.7.243.235 - - [29/Jul/2026:08:35:18 +0200] "GET /?loknya=/var/www/vhosts/store-bors.k/./lscache/b/7/ HTTP/2" 200 1782 "https://www.store-bors.dk/?loknya=/var/www/vhosts/store-bors.dk/./lscache/b/7/d" "Mozilla/5.0 AppleWebKit/537.36 (KHTML, like Gecko; compatible; GPTBot/1.4; +https://openai.com/gptbot)"
216.73.216.125 - - [29/Jul/2026:08:35:18 +0200] "GET /?loknya=%2Fvar%2Fwww%2Fvhosts%2Fstore-bors.dk%2F.%2Fhttpdocs%2Fwp-includes%2Frest-api%2Fendpoints HTTP/2" 200 3425 "-" "Mozilla/5.0 AppleWebKit/537.36 (KHTML, like Gecko; compatible; ClaudeBot/1.0; +claudebot@anthropic.com)"
74.7.243.235 - - [29/Jul/2026:08:35:19 +0200] "GET /?loknya=/var/www/vhosts/store-bors.dk/./lsahe/f/5/ HTTP/2" 200 1779 "https://www.store-bors.dk/?loknya=/var/www/vhosts/store-bors.dk/./lscache/f/5/c" "Mozilla/5.0 AppleWebKit/537.36 (KHTML, like Gecko; compatible; GPTBot/1.4; +https://openai.com/gptbot)"
216.73.216.125 - - [29/Jul/2026:08:35:19 +0200] "GET /xmlrpc.php?loknya=%2Fvar%2Fwww%2Fvhosts%2Fstore-bors.dk%2Flscache%2F6%2Fa%2Fc HTTP/2" 200 2003 "-" "Mozilla/5.0 AppleWebKit/537.36 (KHTML, like Gecko; compatible; ClaudeBot/1.0; +claudebot@anthropic.com)"
216.73.216.125 - - [29/Jul/2026:08:35:19 +0200] "GET /xmlrpc.php?loknya=%2Fvr%2Fwww%2Fvhosts%2Fstore-bors.dk%2Flscche%2F4%2Fc%2F HTTP/2" 200 1780 "-" "Mozilla/5.0 AppleWebKit/537.36 (KHTML, like Gecko; compatible; ClaudeBot/1.0; +claudebot@anthropic.com)"
216.73.216.125 - - [29/Jul/2026:08:35:19 +0200] "GET /xmlrpc.php?lokasie=%2Fvar%2Fwww%2Fvhosts%2Fstore-bors.dk%2Fhttpdocs%2Fwp-admin%2Fcss%2Fcustomize-nav-menus-rtl.min.css&loknya=%2Fvar%2Fwww%2Fvhosts%2Fstore-bors.dk%2Fhttpdocs%2Fwp-admin%2Fcss HTTP/2" 200 5047 "-" "Mozilla/5.0 AppleWebKit/537.36 (KHTML, like Gecko; compatible; ClaudeBot/1.0; +claudebot@anthropic.com)"
74.7.227.174 - - [29/Jul/2026:08:35:19 +0200] "GET /index.php?lokasie=/var/www/vhosts/store-bors.dk/././././httpdocs/wp-includes/blocks//post-comments-form.php&loknya=/var/www/vhosts/store-bors.dk/././././httpdocs/wp-includes/blocks/ HTTP/2" 200 2677 "https://store-bors.dk/index.php?loknya=/var/www/vhosts/store-bors.dk/././././httpdocs/wp-includes/blocks/" "Mozilla/5.0 AppleWebKit/537.36 (KHTML, like Gecko; compatible; GPTBot/1.4; +https://openai.com/gptbot)"
216.73.216.125 - - [29/Jul/2026:08:35:19 +0200] "GET /xmlrpc.php?loknya=%2Fvar%2Fwww%2Fvhosts%2Fstore-ors.dk%2Flscache%2Fe%2F2%2F HTTP/2" 200 1778 "-" "Mozilla/5.0 AppleWebKit/537.36 (KHTML, like Gecko; compatible; ClaudeBot/1.0; +claudebot@anthropic.com)"
74.7.243.235 - - [29/Jul/2026:08:35:19 +0200] "GET /?loknya=/var/www/vhosts/store-bors.k/./lscache/f/3/ HTTP/2" 200 1782 "https://www.store-bors.dk/?loknya=/var/www/vhosts/store-bors.dk/./lscache/f/3/d" "Mozilla/5.0 AppleWebKit/537.36 (KHTML, like Gecko; compatible; GPTBot/1.4; +https://openai.com/gptbot)"
216.73.216.125 - - [29/Jul/2026:08:35:20 +0200] "GET /?loknya=%2Fvar%2Fwww%2Fvhosts%2Fstore-bors.dk%2F.%2F.%2Fhttpdocs%2Fwp-content%2Fplugins%2Ffileorganizer%2Fmanager HTTP/2" 200 2259 "-" "Mozilla/5.0 AppleWebKit/537.36 (KHTML, like Gecko; compatible; ClaudeBot/1.0; +claudebot@anthropic.com)"
216.73.216.125 - - [29/Jul/2026:08:35:21 +0200] "GET /xmlrpc.php?loknya=%2Fvar%2Fwww%2Fvhosts%2Fstore-bors.dk%2Flscache%2F4%2F5 HTTP/2" 200 2052 "-" "Mozilla/5.0 AppleWebKit/537.36 (KHTML, like Gecko; compatible; ClaudeBot/1.0; +claudebot@anthropic.com)"
216.73.216.125 - - [29/Jul/2026:08:35:21 +0200] "GET /xmlrpc.php?lokasie=%2Fvar%2Fwww%2Fvhosts%2Fstore-bors.dk%2Fhttpdocs%2Fwp-includes%2Fwidgets%2Fclass-wp-widget-media-image.php&loknya=%2Fvar%2Fwww%2Fvhosts%2Fstore-bors.dk%2Fhttpdocs%2Fwp-includes%2Fwidgets HTTP/2" 200 5310 "-" "Mozilla/5.0 AppleWebKit/537.36 (KHTML, like Gecko; compatible; ClaudeBot/1.0; +claudebot@anthropic.com)"
216.73.216.125 - - [29/Jul/2026:08:35:21 +0200] "GET /bep/m/'?loknya=%2Fvar%2Fwww%2Fvhosts%2Fstore-bors.dk%2Fhttpdocs%2Fwp-includes%2Fsitemaps HTTP/2" 200 2249 "-" "Mozilla/5.0 AppleWebKit/537.36 (KHTML, like Gecko; compatible; ClaudeBot/1.0; +claudebot@anthropic.com)"
74.7.227.174 - - [29/Jul/2026:08:35:21 +0200] "GET /index.php?lokasie=/var/www/vhosts/store-bors.dk/././././httpdocs/wp-includes/blocks/post-comments-form.php&loknya=/var/www/vhosts/store-bors.dk/././././httpdocs/wp-includes/blocks HTTP/2" 200 2677 "https://store-bors.dk/index.php?loknya=/var/www/vhosts/store-bors.dk/././././httpdocs/wp-includes/blocks" "Mozilla/5.0 AppleWebKit/537.36 (KHTML, like Gecko; compatible; GPTBot/1.4; +https://openai.com/gptbot)"
216.73.216.125 - - [29/Jul/2026:08:35:22 +0200] "GET /xmlrpc.php?loknya=%2Fvar%2Fwww%2Fvhosts%2Fstore-bors.dk%2Flscache%2F1%2Fb%2F0 HTTP/2" 200 1984 "-" "Mozilla/5.0 AppleWebKit/537.36 (KHTML, like Gecko; compatible; ClaudeBot/1.0; +claudebot@anthropic.com)"
216.73.216.125 - - [29/Jul/2026:08:35:22 +0200] "GET /'?loknya=%2Fvar%2Fwww%2Fvhosts%2Fstore-bors.dk%2F.%2Fhttpdocs%2Fwp-includes%2Fjs%2Ftinymce%2Fthemes%2Fmodern HTTP/2" 200 2041 "-" "Mozilla/5.0 AppleWebKit/537.36 (KHTML, like Gecko; compatible; ClaudeBot/1.0; +claudebot@anthropic.com)"
216.73.216.125 - - [29/Jul/2026:08:35:22 +0200] "GET /index.php/'?lokasie=%2Fvar%2Fwww%2Fvhosts%2Fstore-bors.dk%2F.%2Fhttpdocs%2Fwp-includes%2Fblocks%2Fshortcode.php&loknya=%2Fvar%2Fwww%2Fvhosts%2Fstore-bors.dk%2F.%2Fhttpdocs%2Fwp-includes%2Fblocks HTTP/2" 200 1852 "-" "Mozilla/5.0 AppleWebKit/537.36 (KHTML, like Gecko; compatible; ClaudeBot/1.0; +claudebot@anthropic.com)"
216.73.216.125 - - [29/Jul/2026:08:35:22 +0200] "GET /xmlrpc.php?loknya=%2Fvar%2Fwww%2Fvhosts%2Fstore-bors.dk%2Flscache%2F0%2F7 HTTP/2" 200 2135 "-" "Mozilla/5.0 AppleWebKit/537.36 (KHTML, like Gecko; compatible; ClaudeBot/1.0; +claudebot@anthropic.com)"
74.7.243.235 - - [29/Jul/2026:08:35:22 +0200] "GET /?loknya=/var/www/vhosts/store-ors.dk/./lscache/f/7/ HTTP/2" 200 1784 "https://www.store-bors.dk/?loknya=/var/www/vhosts/store-bors.dk/./lscache/f/7/b" "Mozilla/5.0 AppleWebKit/537.36 (KHTML, like Gecko; compatible; GPTBot/1.4; +https://openai.com/gptbot)"
74.7.227.174 - - [29/Jul/2026:08:35:23 +0200] "GET /index.php?lokasie=/var/www/vhosts/store-bors.dk/././././httpdocs/wp-includes/blocks/post-comments-link.php&loknya=/var/www/vhosts/store-bors.dk/././././httpdocs/wp-includes/blocks HTTP/2" 200 2397 "https://store-bors.dk/index.php?loknya=/var/www/vhosts/store-bors.dk/././././httpdocs/wp-includes/blocks" "Mozilla/5.0 AppleWebKit/537.36 (KHTML, like Gecko; compatible; GPTBot/1.4; +https://openai.com/gptbot)"
216.73.216.125 - - [29/Jul/2026:08:35:24 +0200] "GET /xmlrpc.php?loknya=%2Fvar%2Fwww%2Fvhosts%2Fstore-ors.dk%2Flscache%2F3%2F2%2F HTTP/2" 200 1779 "-" "Mozilla/5.0 AppleWebKit/537.36 (KHTML, like Gecko; compatible; ClaudeBot/1.0; +claudebot@anthropic.com)"
216.73.216.125 - - [29/Jul/2026:08:35:24 +0200] "GET /xmlrpc.php?loknya=%2Fvar%2Fwww%2Fvhosts%2Fstore-bors.dk%2Flscache%2Fe%2Fa%2F0 HTTP/2" 200 1987 "-" "Mozilla/5.0 AppleWebKit/537.36 (KHTML, like Gecko; compatible; ClaudeBot/1.0; +claudebot@anthropic.com)"
74.7.227.174 - - [29/Jul/2026:08:35:24 +0200] "GET /index.php?lokasie=/var/www/vhosts/store-bors.dk/././././httpdocs/wp-includes/blocks/post-comments-count.php&loknya=/var/www/vhosts/store-bors.dk/././././httpdocs/wp-includes/blocks HTTP/2" 200 2068 "https://store-bors.dk/index.php?loknya=/var/www/vhosts/store-bors.dk/././././httpdocs/wp-includes/blocks" "Mozilla/5.0 AppleWebKit/537.36 (KHTML, like Gecko; compatible; GPTBot/1.4; +https://openai.com/gptbot)"
74.7.243.235 - - [29/Jul/2026:08:35:24 +0200] "GET /?loknya=/var/www/vhosts/stor-bors.dk/./lscach/d/4 HTTP/2" 200 1782 "https://www.store-bors.dk/?loknya=/var/www/vhosts/stor-bors.dk/./lscach/d/4/" "Mozilla/5.0 AppleWebKit/537.36 (KHTML, like Gecko; compatible; GPTBot/1.4; +https://openai.com/gptbot)"
216.73.216.125 - - [29/Jul/2026:08:35:24 +0200] "GET /'?lokasie=%2Fvar%2Fwww%2Fvhosts%2Fstore-bors.dk%2F.%2Fhttpdocs%2Fwp-includes%2FRequests%2Fsrc%2FResponse.php&loknya=%2Fvar%2Fwww%2Fvhosts%2Fstore-bors.dk%2F.%2Fhttpdocs%2Fwp-includes%2FRequests%2Fsrc HTTP/2" 200 3057 "-" "Mozilla/5.0 AppleWebKit/537.36 (KHTML, like Gecko; compatible; ClaudeBot/1.0; +claudebot@anthropic.com)"
216.73.216.125 - - [29/Jul/2026:08:35:25 +0200] "GET /xmlrpc.php?loknya=%2Fvar%2Fwww%2Fvhosts%2Fstore-bors.dk%2Flscache%2F1%2F0%2Fb HTTP/2" 200 1997 "-" "Mozilla/5.0 AppleWebKit/537.36 (KHTML, like Gecko; compatible; ClaudeBot/1.0; +claudebot@anthropic.com)"
216.73.216.125 - - [29/Jul/2026:08:35:25 +0200] "GET /xmlrpc.php?loknya=%2Fvar%2Fwww%2Fvhosts%2Fstore-bors.dk%2Flscache%2F5%2F2%2F HTTP/2" 200 2143 "-" "Mozilla/5.0 AppleWebKit/537.36 (KHTML, like Gecko; compatible; ClaudeBot/1.0; +claudebot@anthropic.com)"
216.73.216.125 - - [29/Jul/2026:08:35:25 +0200] "GET /xmlrpc.php?lokasie=%2Fvar%2Fwww%2Fvhosts%2Fstore-bors.dk%2Fhttpdocs%2Fwp-includes%2Fcss%2Fjquery-ui-dialog-rtl.min.css&loknya=%2Fvar%2Fwww%2Fvhosts%2Fstore-bors.dk%2Fhttpdocs%2Fwp-includes%2Fcss HTTP/2" 200 2956 "-" "Mozilla/5.0 AppleWebKit/537.36 (KHTML, like Gecko; compatible; ClaudeBot/1.0; +claudebot@anthropic.com)"
216.73.216.125 - - [29/Jul/2026:08:35:25 +0200] "GET /xmlrpc.php?loknya=%2Fvar%2Fwww%2Fvhosts%2Fstore-bors.dk%2Flscache%2F3%2Fa%2F0 HTTP/2" 200 2040 "-" "Mozilla/5.0 AppleWebKit/537.36 (KHTML, like Gecko; compatible; ClaudeBot/1.0; +claudebot@anthropic.com)"
74.7.243.235 - - [29/Jul/2026:08:35:25 +0200] "GET /?loknya=/var/www/vhosts/store-bors.k/./lscache/f/2/ HTTP/2" 200 1782 "https://www.store-bors.dk/?loknya=/var/www/vhosts/store-bors.dk/./lscache/f/2/d" "Mozilla/5.0 AppleWebKit/537.36 (KHTML, like Gecko; compatible; GPTBot/1.4; +https://openai.com/gptbot)"
216.73.216.125 - - [29/Jul/2026:08:35:25 +0200] "GET /xmlrpc.php?loknya=%2Fvar%2Fwww%2Fvhosts%2Fstore-bors.dk%2Flscache%2F5%2F4 HTTP/2" 200 2137 "-" "Mozilla/5.0 AppleWebKit/537.36 (KHTML, like Gecko; compatible; ClaudeBot/1.0; +claudebot@anthropic.com)"
216.73.216.125 - - [29/Jul/2026:08:35:26 +0200] "GET /xmlrpc.php?loknya=%2Fvar%2Fwww%2Fvhosts%2Fstore-bors.dk%2Flscache%2Fc%2F7 HTTP/2" 200 2032 "-" "Mozilla/5.0 AppleWebKit/537.36 (KHTML, like Gecko; compatible; ClaudeBot/1.0; +claudebot@anthropic.com)"
74.7.227.174 - - [29/Jul/2026:08:35:25 +0200] "GET /index.php?loknya=/var/www/vhosts/store-bors.dk/./././././httpdocs/wp-admin/css/colors/sunrise HTTP/2" 200 2137 "https://store-bors.dk/index.php?loknya=/var/www/vhosts/store-bors.dk/./././././httpdocs/wp-admin/css/colors" "Mozilla/5.0 AppleWebKit/537.36 (KHTML, like Gecko; compatible; GPTBot/1.4; +https://openai.com/gptbot)"
216.73.216.125 - - [29/Jul/2026:08:35:26 +0200] "GET /'?loknya=%2Fvar%2Fwww%2Fvhosts%2Fstore-bors.dk%2F.%2Fhttpdocs%2Fwp-content%2Fuploads%2Fcomplianz%2Ftmp HTTP/2" 200 1833 "-" "Mozilla/5.0 AppleWebKit/537.36 (KHTML, like Gecko; compatible; ClaudeBot/1.0; +claudebot@anthropic.com)"
216.73.216.125 - - [29/Jul/2026:08:35:26 +0200] "GET /xmlrpc.php?loknya=%2Fvar%2Fwww%2Fvhosts%2Fstore-bors.dk%2Flscache%2F5%2Fb%2F8 HTTP/2" 200 1986 "-" "Mozilla/5.0 AppleWebKit/537.36 (KHTML, like Gecko; compatible; ClaudeBot/1.0; +claudebot@anthropic.com)"
216.73.216.125 - - [29/Jul/2026:08:35:26 +0200] "GET /xmlrpc.php?loknya=%2Fvar%2Fwww%2Fvhosts%2Fstore-bors.dk%2Flscache%2Fe%2F8 HTTP/2" 200 2068 "-" "Mozilla/5.0 AppleWebKit/537.36 (KHTML, like Gecko; compatible; ClaudeBot/1.0; +claudebot@anthropic.com)"
216.73.216.125 - - [29/Jul/2026:08:35:26 +0200] "GET /xmlrpc.php?loknya=%2Fvar%2Fwww%2Fvhosts%2Fstore-ors.dk%2Flscache%2F1%2F HTTP/2" 200 1772 "-" "Mozilla/5.0 AppleWebKit/537.36 (KHTML, like Gecko; compatible; ClaudeBot/1.0; +claudebot@anthropic.com)"
216.73.216.125 - - [29/Jul/2026:08:35:27 +0200] "GET /index.php/'?loknya=%2Fvar%2Fwww%2Fvhosts%2Fstore-bors.dk%2F.%2Fhttpdocs%2Fwp-content%2Fuploads%2F2019%2F10 HTTP/2" 200 1823 "-" "Mozilla/5.0 AppleWebKit/537.36 (KHTML, like Gecko; compatible; ClaudeBot/1.0; +claudebot@anthropic.com)"
74.7.243.235 - - [29/Jul/2026:08:35:26 +0200] "GET /?loknya=/var/www/vhosts/store-bors.k/./lscache/f/7/ HTTP/2" 200 1781 "https://www.store-bors.dk/?loknya=/var/www/vhosts/store-bors.dk/./lscache/f/7/d" "Mozilla/5.0 AppleWebKit/537.36 (KHTML, like Gecko; compatible; GPTBot/1.4; +https://openai.com/gptbot)"
216.73.216.125 - - [29/Jul/2026:08:35:27 +0200] "GET /xmlrpc.php?loknya=%2Fvar%2Fwww%2Fvhosts%2Fstore-bors.dk%2Flscache%2F4%2F0 HTTP/2" 200 2087 "-" "Mozilla/5.0 AppleWebKit/537.36 (KHTML, like Gecko; compatible; ClaudeBot/1.0; +claudebot@anthropic.com)"
74.7.227.174 - - [29/Jul/2026:08:35:27 +0200] "GET /index.php?loknya=/var/www/vhosts/store-bors.dk/././././././httpdocs/wp-admin/css/colors/blue HTTP/2" 200 2224 "https://store-bors.dk/index.php?loknya=/var/www/vhosts/store-bors.dk/././././././httpdocs/wp-admin/css/colors" "Mozilla/5.0 AppleWebKit/537.36 (KHTML, like Gecko; compatible; GPTBot/1.4; +https://openai.com/gptbot)"
57.141.0.35 - - [29/Jul/2026:08:35:27 +0200] "GET /post-sitemap.xml?lokasie=/var/www/vhosts/store-bors.dk/httpdocs/wp-includes/customize/class-wp-customize-nav-menu-control.php&loknya=/var/www/vhosts/store-bors.dk/httpdocs/wp-includes/customize HTTP/2" 200 2682 "-" "Mozilla/5.0 (Windows NT 10.0; Win64; x64) AppleWebKit/537.36 (KHTML, like Gecko) Chrome/144.0.0.0 Safari/537.36 Edg/144.0.0.0 (compatible; meta-externalagent/1.1 (+https://developers.facebook.com/docs/sharing/webmasters/crawler))"
216.73.216.125 - - [29/Jul/2026:08:35:27 +0200] "GET /?loknya=%2Fvar%2Fwww%2Fvhosts%2Fstore-bors.dk%2F.%2Fhttpdocs%2Fwp-content%2Fplugins%2Ffileorganizer%2Fmanager%2Fthemes%2Fdark%2Fcss HTTP/2" 200 2032 "-" "Mozilla/5.0 AppleWebKit/537.36 (KHTML, like Gecko; compatible; ClaudeBot/1.0; +claudebot@anthropic.com)"
216.73.216.125 - - [29/Jul/2026:08:35:27 +0200] "GET /index.php?loknya=%2Fvar%2Fwww%2Fvhosts%2Fstore-bors.dk%2F.%2Fhttpdocs%2Fwp-includes%2Fsodium_compat%2Fsrc%2FCore32%2FSecretStream%2Fphotos HTTP/2" 200 2037 "-" "Mozilla/5.0 AppleWebKit/537.36 (KHTML, like Gecko; compatible; ClaudeBot/1.0; +claudebot@anthropic.com)"
216.73.216.125 - - [29/Jul/2026:08:35:28 +0200] "GET /xmlrpc.php?loknya=%2Fvar%2Fwww%2Fvhosts%2Fstor-bors.dk%2Flscach%2F6%2F HTTP/2" 200 1771 "-" "Mozilla/5.0 AppleWebKit/537.36 (KHTML, like Gecko; compatible; ClaudeBot/1.0; +claudebot@anthropic.com)"
74.7.243.235 - - [29/Jul/2026:08:35:27 +0200] "GET /?loknya=/var/www/vhosts/stor-bors.dk/./lscach/b/8/ HTTP/2" 200 1781 "https://www.store-bors.dk/?loknya=/var/www/vhosts/store-bors.dk/./lscache/b/8/e" "Mozilla/5.0 AppleWebKit/537.36 (KHTML, like Gecko; compatible; GPTBot/1.4; +https://openai.com/gptbot)"
74.7.227.174 - - [29/Jul/2026:08:35:27 +0200] "GET /index.php?loknya=/var/www/vhosts/store-bors.dk/././././././httpdocs/wp-admin/css/colors/light HTTP/2" 200 2144 "https://store-bors.dk/index.php?loknya=/var/www/vhosts/store-bors.dk/././././././httpdocs/wp-admin/css/colors" "Mozilla/5.0 AppleWebKit/537.36 (KHTML, like Gecko; compatible; GPTBot/1.4; +https://openai.com/gptbot)"
216.73.216.125 - - [29/Jul/2026:08:35:28 +0200] "GET /xmlrpc.php?loknya=%2Fvar%2Fwww%2Fvhosts%2Fstore-bors.dk%2Flscache%2Fe%2Fb%2F1 HTTP/2" 200 1985 "-" "Mozilla/5.0 AppleWebKit/537.36 (KHTML, like Gecko; compatible; ClaudeBot/1.0; +claudebot@anthropic.com)"
57.141.0.14 - - [29/Jul/2026:08:35:27 +0200] "GET /post-sitemap.xml?lokasie=/var/www/vhosts/store-bors.dk/logs/error_log.3.gz&loknya=/var/www/vhosts/store-bors.dk/logs HTTP/2" 500 1216 "-" "Mozilla/5.0 (Windows NT 10.0; Win64; x64) AppleWebKit/537.36 (KHTML, like Gecko) Chrome/145.0.0.0 Safari/537.36 (compatible; meta-externalagent/1.1 (+https://developers.facebook.com/docs/sharing/webmasters/crawler))"
216.73.216.125 - - [29/Jul/2026:08:35:28 +0200] "GET /xmlrpc.php?lokasie=%2Fvar%2Fwww%2Fvhosts%2Fstore-bors.dk%2Fhttpdocs%2Fwp-includes%2FID3%2Fmodule.audio.ogg.php&loknya=%2Fvar%2Fwww%2Fvhosts%2Fstore-bors.dk%2Fhttpdocs%2Fwp-includes%2FID3 HTTP/2" 200 10550 "-" "Mozilla/5.0 AppleWebKit/537.36 (KHTML, like Gecko; compatible; ClaudeBot/1.0; +claudebot@anthropic.com)"
216.73.216.125 - - [29/Jul/2026:08:35:28 +0200] "GET /bep/m/'?loknya=%2Fvar%2Fwww%2Fvhosts%2Fstore-bors.dk%2Fhttpdocs HTTP/2" 200 3388 "-" "Mozilla/5.0 AppleWebKit/537.36 (KHTML, like Gecko; compatible; ClaudeBot/1.0; +claudebot@anthropic.com)"
74.7.243.235 - - [29/Jul/2026:08:35:28 +0200] "GET /?loknya=/var/www/vhosts/store-ors.dk/./lscache/d/3 HTTP/2" 200 1784 "https://www.store-bors.dk/?loknya=/var/www/vhosts/store-ors.dk/./lscache/d/3/" "Mozilla/5.0 AppleWebKit/537.36 (KHTML, like Gecko; compatible; GPTBot/1.4; +https://openai.com/gptbot)"
216.73.216.125 - - [29/Jul/2026:08:35:29 +0200] "GET /xmlrpc.php?lokasie=%2Fvar%2Fwww%2Fvhosts%2Fstore-bors.dk%2Fhttpdocs%2Fwp-admin%2Fcss%2Fsite-icon.min.css&loknya=%2Fvar%2Fwww%2Fvhosts%2Fstore-bors.dk%2Fhttpdocs%2Fwp-admin%2Fcss HTTP/2" 200 2634 "-" "Mozilla/5.0 AppleWebKit/537.36 (KHTML, like Gecko; compatible; ClaudeBot/1.0; +claudebot@anthropic.com)"
216.73.216.125 - - [29/Jul/2026:08:35:29 +0200] "GET /xmlrpc.php?loknya=%2Fvar%2Fwww%2Fvhosts%2Fstore-bors.dk%2Flscache%2F3%2F8 HTTP/2" 200 2129 "-" "Mozilla/5.0 AppleWebKit/537.36 (KHTML, like Gecko; compatible; ClaudeBot/1.0; +claudebot@anthropic.com)"
216.73.216.125 - - [29/Jul/2026:08:35:29 +0200] "GET /index.php/'?lokasie=%2Fvar%2Fwww%2Fvhosts%2Fstore-bors.dk%2F.%2Fhttpdocs%2Fwp-admin%2Fnetwork%2Ftheme-editor.php&loknya=%2Fvar%2Fwww%2Fvhosts%2Fstore-bors.dk%2F.%2Fhttpdocs%2Fwp-admin%2Fnetwork HTTP/2" 200 1703 "-" "Mozilla/5.0 AppleWebKit/537.36 (KHTML, like Gecko; compatible; ClaudeBot/1.0; +claudebot@anthropic.com)"
74.7.227.174 - - [29/Jul/2026:08:35:29 +0200] "GET /index.php?loknya=/var/www/vhosts/store-bors.k/./././././lscache/f/c/ HTTP/2" 200 1798 "https://store-bors.dk/index.php?loknya=/var/www/vhosts/store-bors.dk/./././././lscache/f/c/d" "Mozilla/5.0 AppleWebKit/537.36 (KHTML, like Gecko; compatible; GPTBot/1.4; +https://openai.com/gptbot)"
216.73.216.125 - - [29/Jul/2026:08:35:29 +0200] "GET /xmlrpc.php?loknya=%2Fvar%2Fwww%2Fvhosts%2Fstore-bors.dk%2Flscache%2F5%2Fd%2F HTTP/2" 200 2174 "-" "Mozilla/5.0 AppleWebKit/537.36 (KHTML, like Gecko; compatible; ClaudeBot/1.0; +claudebot@anthropic.com)"
216.73.216.125 - - [29/Jul/2026:08:35:29 +0200] "GET /xmlrpc.php?loknya=%2Fvar%2Fwww%2Fvhosts%2Fstore-bors.dk%2Flscache%2Fpriv%2F HTTP/2" 200 2188 "-" "Mozilla/5.0 AppleWebKit/537.36 (KHTML, like Gecko; compatible; ClaudeBot/1.0; +claudebot@anthropic.com)"
185.21.40.28 - - [29/Jul/2026:08:33:29 +0200] "GET /wp-includes/SimplePie/library/SimplePie/Net/Net/index.php?ARRAY=7o2230223n313738353331303430392p2231223n22687474703n5p2s5p2s7n733936377631332r6p6172676572732r636p69636o5p2s3s6p633q7068705s636s64655s6n6326743q313738353330363830392q3838633337333232366230363466373031666561336532653062353265646262222p2232223n223035353065336239323162373134656535373262646164306539663230643661222p2233223n223739356665343238326538306539353539353835323737623233313331633532222p226175746s5s66696p655s6r616q65223n6r756p6p2p226175746s5s70617373223n6r756p6p2p2262696r675s70617373223n2231342q34382q35392q36342q37342q38362q3131227q HTTP/1.1" 500 567 "-" "-"
74.7.243.235 - - [29/Jul/2026:08:35:29 +0200] "GET /?loknya=/vr/www/vhosts/store-bors.dk/./lscche/f/9 HTTP/2" 200 1779 "https://www.store-bors.dk/?loknya=/vr/www/vhosts/store-bors.dk/./lscche/f/9/" "Mozilla/5.0 AppleWebKit/537.36 (KHTML, like Gecko; compatible; GPTBot/1.4; +https://openai.com/gptbot)"
216.73.216.125 - - [29/Jul/2026:08:35:30 +0200] "GET /'?loknya=%2Fvar%2Fwww%2Fvhosts%2Fstore-bors.dk%2F.%2Fhttpdocs%2Fwp-content%2Fplugins%2Ffileorganizer%2Fmanager%2F HTTP/2" 200 2257 "-" "Mozilla/5.0 AppleWebKit/537.36 (KHTML, like Gecko; compatible; ClaudeBot/1.0; +claudebot@anthropic.com)"
216.73.216.125 - - [29/Jul/2026:08:35:30 +0200] "GET /xmlrpc.php?loknya=%2Fvar%2Fwww%2Fvhosts%2Fstore-bors.dk%2Flscache%2F3%2Fb%2F1 HTTP/2" 200 1987 "-" "Mozilla/5.0 AppleWebKit/537.36 (KHTML, like Gecko; compatible; ClaudeBot/1.0; +claudebot@anthropic.com)"
74.7.227.174 - - [29/Jul/2026:08:35:30 +0200] "GET /index.php?lokasie=/var/www/vhosts/store-bors.dk/././././././httpdocs/wp-content/uploads/template-kits/e3f2e24327628c37063d30c0d9622261//manifest.json&loknya=/var/www/vhosts/store-bors.dk/././././././httpdocs/wp-content/uploads/template-kits/e3f2e24327628c37063d30c0d9622261/ HTTP/2" 200 2231 "https://store-bors.dk/index.php?loknya=/var/www/vhosts/store-bors.dk/././././././httpdocs/wp-content/uploads/template-kits/e3f2e24327628c37063d30c0d9622261/" "Mozilla/5.0 AppleWebKit/537.36 (KHTML, like Gecko; compatible; GPTBot/1.4; +https://openai.com/gptbot)"
216.73.216.125 - - [29/Jul/2026:08:35:30 +0200] "GET /xmlrpc.php?loknya=%2Fvar%2Fwww%2Fvhosts%2Fstore-bors.dk%2Flscache%2F6%2Ff%2F2 HTTP/2" 200 2043 "-" "Mozilla/5.0 AppleWebKit/537.36 (KHTML, like Gecko; compatible; ClaudeBot/1.0; +claudebot@anthropic.com)"
74.7.243.235 - - [29/Jul/2026:08:35:30 +0200] "GET /?loknya=/var/www/vhosts/store-ors.dk/./lscache/f/4 HTTP/2" 200 1784 "https://www.store-bors.dk/?loknya=/var/www/vhosts/store-ors.dk/./lscache/f/4/" "Mozilla/5.0 AppleWebKit/537.36 (KHTML, like Gecko; compatible; GPTBot/1.4; +https://openai.com/gptbot)"
74.7.227.174 - - [29/Jul/2026:08:35:30 +0200] "GET /index.php?lokasie=/var/www/vhosts/store-bors.dk/././././././httpdocs/wp-includes/js/dist/script-modules/a11y//index.js&loknya=/var/www/vhosts/store-bors.dk/././././././httpdocs/wp-includes/js/dist/script-modules/a11y/ HTTP/2" 200 2436 "https://store-bors.dk/index.php?loknya=/var/www/vhosts/store-bors.dk/././././././httpdocs/wp-includes/js/dist/script-modules/a11y/" "Mozilla/5.0 AppleWebKit/537.36 (KHTML, like Gecko; compatible; GPTBot/1.4; +https://openai.com/gptbot)"
216.73.216.125 - - [29/Jul/2026:08:35:30 +0200] "GET /index.php/'?loknya=%2Fvar%2Fwww%2Fvhosts%2Fstore-bors.dk%2F.%2Fhttpdocs%2Fwp-content%2Fuploads%2F2019%2F05 HTTP/2" 200 1823 "-" "Mozilla/5.0 AppleWebKit/537.36 (KHTML, like Gecko; compatible; ClaudeBot/1.0; +claudebot@anthropic.com)"
216.73.216.125 - - [29/Jul/2026:08:35:31 +0200] "GET /xmlrpc.php?loknya=%2Fvar%2Fwww%2Fvhosts%2Fstore-bors.dk%2Flscache%2F8%2Fb%2F0 HTTP/2" 200 2085 "-" "Mozilla/5.0 AppleWebKit/537.36 (KHTML, like Gecko; compatible; ClaudeBot/1.0; +claudebot@anthropic.com)"
216.73.216.125 - - [29/Jul/2026:08:35:30 +0200] "GET /'?loknya=%2Fvar%2Fwww%2Fvhosts%2Fstore-bors.dk%2F.%2Fhttpdocs%2Fwp-content%2Fplugins%2Ffileorganizer%2Fjs HTTP/2" 200 1827 "-" "Mozilla/5.0 AppleWebKit/537.36 (KHTML, like Gecko; compatible; ClaudeBot/1.0; +claudebot@anthropic.com)"
74.7.243.235 - - [29/Jul/2026:08:35:30 +0200] "GET /?loknya=/var/www/vhosts/store-bors.k/./lscache/b/7 HTTP/2" 200 1781 "https://www.store-bors.dk/?loknya=/var/www/vhosts/store-bors.k/./lscache/b/7/" "Mozilla/5.0 AppleWebKit/537.36 (KHTML, like Gecko; compatible; GPTBot/1.4; +https://openai.com/gptbot)"
74.7.227.174 - - [29/Jul/2026:08:35:31 +0200] "GET /index.php?loknya=/var/www/vhosts/store-bors.dk/./././././httpdocs/wp-includes/sodium_compat/src/Core32/SecretStream/list-grid HTTP/2" 200 2060 "https://store-bors.dk/index.php?loknya=/var/www/vhosts/store-bors.dk/./././././httpdocs/wp-includes/sodium_compat/src/Core32/SecretStream" "Mozilla/5.0 AppleWebKit/537.36 (KHTML, like Gecko; compatible; GPTBot/1.4; +https://openai.com/gptbot)"
216.73.216.125 - - [29/Jul/2026:08:35:31 +0200] "GET /xmlrpc.php?loknya=%2Fvar%2Fwww%2Fvhosts%2Fstor-bors.dk%2Flscach%2F7%2F HTTP/2" 200 1767 "-" "Mozilla/5.0 AppleWebKit/537.36 (KHTML, like Gecko; compatible; ClaudeBot/1.0; +claudebot@anthropic.com)"
216.73.216.125 - - [29/Jul/2026:08:35:31 +0200] "GET /xmlrpc.php?loknya=%2Fvar%2Fwww%2Fvhosts%2Fstore-bors.dk%2Flscache%2F0%2F2%2F HTTP/2" 200 2101 "-" "Mozilla/5.0 AppleWebKit/537.36 (KHTML, like Gecko; compatible; ClaudeBot/1.0; +claudebot@anthropic.com)"
216.73.216.125 - - [29/Jul/2026:08:35:31 +0200] "GET /xmlrpc.php?loknya=%2Fvar%2Fwww%2Fvhosts%2Fstore-bors.dk%2Flscache%2F0%2Fb%2F8 HTTP/2" 200 2035 "-" "Mozilla/5.0 AppleWebKit/537.36 (KHTML, like Gecko; compatible; ClaudeBot/1.0; +claudebot@anthropic.com)"
74.7.243.235 - - [29/Jul/2026:08:35:31 +0200] "GET /?loknya=/var/www/vhosts/store-bors.dk/./lsahe/f/5 HTTP/2" 200 1779 "https://www.store-bors.dk/?loknya=/var/www/vhosts/store-bors.dk/./lsahe/f/5/" "Mozilla/5.0 AppleWebKit/537.36 (KHTML, like Gecko; compatible; GPTBot/1.4; +https://openai.com/gptbot)"
74.7.227.174 - - [29/Jul/2026:08:35:31 +0200] "GET /index.php?lokasie=/var/www/vhosts/store-bors.dk/./././././httpdocs/wp-includes/sodium_compat/src/Core32/SecretStream/State.php&loknya=/var/www/vhosts/store-bors.dk/./././././httpdocs/wp-includes/sodium_compat/src/Core32/SecretStream HTTP/2" 200 2410 "https://store-bors.dk/index.php?loknya=/var/www/vhosts/store-bors.dk/./././././httpdocs/wp-includes/sodium_compat/src/Core32/SecretStream" "Mozilla/5.0 AppleWebKit/537.36 (KHTML, like Gecko; compatible; GPTBot/1.4; +https://openai.com/gptbot)"
216.73.216.125 - - [29/Jul/2026:08:35:32 +0200] "GET /xmlrpc.php?loknya=%2Fvar%2Fwww%2Fvhosts%2Fstore-bors.dk%2Flscache%2F9%2F2%2Ff HTTP/2" 200 1988 "-" "Mozilla/5.0 AppleWebKit/537.36 (KHTML, like Gecko; compatible; ClaudeBot/1.0; +claudebot@anthropic.com)"
216.73.216.125 - - [29/Jul/2026:08:35:32 +0200] "GET /xmlrpc.php?loknya=%2Fvar%2Fwww%2Fvhosts%2Fstore-bors.dk%2Flscache%2F0%2F4 HTTP/2" 200 2080 "-" "Mozilla/5.0 AppleWebKit/537.36 (KHTML, like Gecko; compatible; ClaudeBot/1.0; +claudebot@anthropic.com)"
216.73.216.125 - - [29/Jul/2026:08:35:32 +0200] "GET /xmlrpc.php?loknya=%2Fvar%2Fwww%2Fvhosts%2Fstore-bors.dk%2Flscache%2F9%2Fd%2F2 HTTP/2" 200 1985 "-" "Mozilla/5.0 AppleWebKit/537.36 (KHTML, like Gecko; compatible; ClaudeBot/1.0; +claudebot@anthropic.com)"
74.7.243.235 - - [29/Jul/2026:08:35:32 +0200] "GET /?loknya=/var/www/vhosts/store-bors.k/./lscache/f/3 HTTP/2" 200 1781 "https://www.store-bors.dk/?loknya=/var/www/vhosts/store-bors.k/./lscache/f/3/" "Mozilla/5.0 AppleWebKit/537.36 (KHTML, like Gecko; compatible; GPTBot/1.4; +https://openai.com/gptbot)"
74.7.227.174 - - [29/Jul/2026:08:35:32 +0200] "GET /index.php?lokasie=/var/www/vhosts/store-bors.dk/././././././httpdocs/wp-includes/js/dist/script-modules/a11y//index.min.js&loknya=/var/www/vhosts/store-bors.dk/././././././httpdocs/wp-includes/js/dist/script-modules/a11y/ HTTP/2" 200 2036 "https://store-bors.dk/index.php?loknya=/var/www/vhosts/store-bors.dk/././././././httpdocs/wp-includes/js/dist/script-modules/a11y/" "Mozilla/5.0 AppleWebKit/537.36 (KHTML, like Gecko; compatible; GPTBot/1.4; +https://openai.com/gptbot)"
74.7.243.235 - - [29/Jul/2026:08:35:32 +0200] "GET /?loknya=/var/www/vhosts/store-ors.dk/./lscache/f/7 HTTP/2" 200 1783 "https://www.store-bors.dk/?loknya=/var/www/vhosts/store-ors.dk/./lscache/f/7/" "Mozilla/5.0 AppleWebKit/537.36 (KHTML, like Gecko; compatible; GPTBot/1.4; +https://openai.com/gptbot)"
74.7.227.174 - - [29/Jul/2026:08:35:33 +0200] "GET /index.php?lokasie=/var/www/vhosts/store-bors.dk/./././././././httpdocs/wp-includes/pl62a26d/doge.gif&loknya=/var/www/vhosts/store-bors.dk/./././././././httpdocs/wp-includes/pl62a26d HTTP/2" 200 1561 "https://store-bors.dk/index.php?loknya=/var/www/vhosts/store-bors.dk/./././././././httpdocs/wp-includes/pl62a26d" "Mozilla/5.0 AppleWebKit/537.36 (KHTML, like Gecko; compatible; GPTBot/1.4; +https://openai.com/gptbot)"
57.141.0.5 - - [29/Jul/2026:08:35:33 +0200] "GET /category-sitemap.xml?loknya=/var/www/vhosts/store-ors.dk/lscache/6/f HTTP/2" 200 1966 "-" "Mozilla/5.0 (Macintosh; Intel Mac OS X 10_15_7) AppleWebKit/537.36 (KHTML, like Gecko) Chrome/145.0.0.0 Safari/537.36 (compatible; meta-externalagent/1.1 (+https://developers.facebook.com/docs/sharing/webmasters/crawler))"
216.73.216.125 - - [29/Jul/2026:08:35:33 +0200] "GET /'?loknya=%2Fvr%2Fwww HTTP/2" 200 1720 "-" "Mozilla/5.0 AppleWebKit/537.36 (KHTML, like Gecko; compatible; ClaudeBot/1.0; +claudebot@anthropic.com)"
216.73.216.125 - - [29/Jul/2026:08:35:33 +0200] "GET /?loknya=%2Fvar%2Fwww%2Fvhosts%2Fstore-bors.dk%2F.%2Fhttpdocs%2Fwp-includes%2Fjs%2Ftinymce%2Fthemes%2Finlite HTTP/2" 200 2042 "-" "Mozilla/5.0 AppleWebKit/537.36 (KHTML, like Gecko; compatible; ClaudeBot/1.0; +claudebot@anthropic.com)"
74.7.227.174 - - [29/Jul/2026:08:35:33 +0200] "GET /index.php?lokasie=/var/www/vhosts/store-bors.dk/././././httpdocs/wp-admin/images/contribute-main.svg&loknya=/var/www/vhosts/store-bors.dk/././././httpdocs/wp-admin/images HTTP/2" 200 2896 "https://store-bors.dk/index.php?loknya=/var/www/vhosts/store-bors.dk/././././httpdocs/wp-admin/images" "Mozilla/5.0 AppleWebKit/537.36 (KHTML, like Gecko; compatible; GPTBot/1.4; +https://openai.com/gptbot)"
