216.73.216.125 - - [29/Jul/2026:08:37:37 +0200] "GET /index.php/%22,t+=%22%3C%22+e.getAttribute(%22src%22?loknya=%2Fvr%2Fwww%2Fvhosts%2Fstore-bors.k%2Flscche%2F4 HTTP/2" 200 1761 "-" "Mozilla/5.0 AppleWebKit/537.36 (KHTML, like Gecko; compatible; ClaudeBot/1.0; +claudebot@anthropic.com)"
74.7.227.174 - - [29/Jul/2026:08:37:37 +0200] "GET /index.php?lokasie=/var/www/vhosts/store-bors.dk/httpdocs/wp-includes/widgets/class-wp-widget-calendar.php&loknya=/var/www/vhosts/store-bors.dk/httpdocs/wp-includes/widgets HTTP/2" 200 2647 "https://store-bors.dk/index.php?loknya=/var/www/vhosts/store-bors.dk/httpdocs/wp-includes/widgets" "Mozilla/5.0 AppleWebKit/537.36 (KHTML, like Gecko; compatible; GPTBot/1.4; +https://openai.com/gptbot)"
216.73.216.125 - - [29/Jul/2026:08:37:37 +0200] "GET /bep/m/kirlist1?loknya=%2Fvar%2Fwww%2Fvhosts%2Fstore-bors.dk%2Flsahe%2Fd HTTP/2" 200 1767 "-" "Mozilla/5.0 AppleWebKit/537.36 (KHTML, like Gecko; compatible; ClaudeBot/1.0; +claudebot@anthropic.com)"
216.73.216.125 - - [29/Jul/2026:08:37:37 +0200] "GET /index.php/%22,t+=%22%3C%22+e.getAttribute(%22src%22?lokasie=%2Fvar%2Fwww%2Fvhosts%2Fstore-bors.dk%2F.%2Fhttpdocs%2Fex.php&loknya=%2Fvar%2Fwww%2Fvhosts%2Fstore-bors.dk%2F.%2Fhttpdocs HTTP/2" 200 4526 "-" "Mozilla/5.0 AppleWebKit/537.36 (KHTML, like Gecko; compatible; ClaudeBot/1.0; +claudebot@anthropic.com)"
74.7.243.235 - - [29/Jul/2026:08:37:37 +0200] "GET /?loknya=/var/www/vhosts/store-bors.dk/./lsahe/3/a/ HTTP/2" 200 1785 "https://www.store-bors.dk/?loknya=/var/www/vhosts/store-bors.dk/./lscache/3/a/c" "Mozilla/5.0 AppleWebKit/537.36 (KHTML, like Gecko; compatible; GPTBot/1.4; +https://openai.com/gptbot)"
74.7.227.174 - - [29/Jul/2026:08:37:38 +0200] "GET /index.php?lokasie=/var/www/vhosts/store-bors.dk/httpdocs/wp-includes/widgets/class-wp-widget-media.php&loknya=/var/www/vhosts/store-bors.dk/httpdocs/wp-includes/widgets HTTP/2" 200 6412 "https://store-bors.dk/index.php?loknya=/var/www/vhosts/store-bors.dk/httpdocs/wp-includes/widgets" "Mozilla/5.0 AppleWebKit/537.36 (KHTML, like Gecko; compatible; GPTBot/1.4; +https://openai.com/gptbot)"
216.73.216.125 - - [29/Jul/2026:08:37:38 +0200] "GET /privatlivspolitik/?lokasie=%2Fvar%2Fwww%2Fvhosts%2Fstore-bors.dk%2Fhttpdocs%2Fwp-content%2Flanguages%2Fplugins%2Fhello-dolly-da_DK.mo&loknya=%2Fvar%2Fwww%2Fvhosts%2Fstore-bors.dk%2Fhttpdocs%2Fwp-content%2Flanguages%2Fplugins HTTP/2" 200 2248 "-" "Mozilla/5.0 AppleWebKit/537.36 (KHTML, like Gecko; compatible; ClaudeBot/1.0; +claudebot@anthropic.com)"
216.73.216.125 - - [29/Jul/2026:08:37:38 +0200] "GET /index.php/%22,t+=%22%3C%22+e.getAttribute(%22src%22?loknya=%2Fvar%2Fwww%2Fvhosts%2Fstor-bors.dk%2Flscach%2F5%2Fa HTTP/2" 200 1781 "-" "Mozilla/5.0 AppleWebKit/537.36 (KHTML, like Gecko; compatible; ClaudeBot/1.0; +claudebot@anthropic.com)"
74.7.243.235 - - [29/Jul/2026:08:37:38 +0200] "GET /?loknya=/vr/www/vhosts/store-bors.dk/./lscche/b/2 HTTP/2" 200 1782 "https://www.store-bors.dk/?loknya=/vr/www/vhosts/store-bors.dk/./lscche/b/2/" "Mozilla/5.0 AppleWebKit/537.36 (KHTML, like Gecko; compatible; GPTBot/1.4; +https://openai.com/gptbot)"
216.73.216.125 - - [29/Jul/2026:08:37:38 +0200] "GET /index.php/%22,t+=%22%3C%22+e.getAttribute(%22src%22?loknya=%2Fvar%2Fwww%2Fvhosts%2Fstor-bors.dk%2Flscach%2Fa%2F5 HTTP/2" 200 1775 "-" "Mozilla/5.0 AppleWebKit/537.36 (KHTML, like Gecko; compatible; ClaudeBot/1.0; +claudebot@anthropic.com)"
74.7.227.174 - - [29/Jul/2026:08:37:38 +0200] "GET /index.php?lokasie=/var/www/vhosts/store-bors.dk/httpdocs/wp-includes/style-engine/class-wp-style-engine-processor.php&loknya=/var/www/vhosts/store-bors.dk/httpdocs/wp-includes/style-engine HTTP/2" 200 3287 "https://store-bors.dk/index.php?loknya=/var/www/vhosts/store-bors.dk/httpdocs/wp-includes/style-engine" "Mozilla/5.0 AppleWebKit/537.36 (KHTML, like Gecko; compatible; GPTBot/1.4; +https://openai.com/gptbot)"
216.73.216.125 - - [29/Jul/2026:08:37:38 +0200] "GET /index.php/%22,t+=%22%3C%22+e.getAttribute(%22src%22?lokasie=%2Fvar%2Fwww%2Fvhosts%2Fstore-bors.dk%2F%2Fhttpdocs%2Fex.php&loknya=%2Fvar%2Fwww%2Fvhosts%2Fstore-bors.dk%2F%2Fhttpdocs HTTP/2" 200 4528 "-" "Mozilla/5.0 AppleWebKit/537.36 (KHTML, like Gecko; compatible; ClaudeBot/1.0; +claudebot@anthropic.com)"
216.73.216.125 - - [29/Jul/2026:08:37:38 +0200] "GET /privatlivspolitik/?lokasie=%2Fvar%2Fwww%2Fvhosts%2Fstore-bors.dk%2Fhttpdocs%2Fwp-admin%2F%2Fms-sites.php&loknya=%2Fvar%2Fwww%2Fvhosts%2Fstore-bors.dk%2Fhttpdocs%2Fwp-admin%2F HTTP/2" 200 1665 "-" "Mozilla/5.0 AppleWebKit/537.36 (KHTML, like Gecko; compatible; ClaudeBot/1.0; +claudebot@anthropic.com)"
74.7.243.235 - - [29/Jul/2026:08:37:39 +0200] "GET /?loknya=/vr/www/vhosts/store-bors.dk/./lscche/9/e HTTP/2" 200 1781 "https://www.store-bors.dk/?loknya=/vr/www/vhosts/store-bors.dk/./lscche/9/e/" "Mozilla/5.0 AppleWebKit/537.36 (KHTML, like Gecko; compatible; GPTBot/1.4; +https://openai.com/gptbot)"
74.7.227.174 - - [29/Jul/2026:08:37:39 +0200] "GET /index.php?lokasie=/var/www/vhosts/store-bors.dk/httpdocs/wp-includes/assets/script-modules-packages.min.php&loknya=/var/www/vhosts/store-bors.dk/httpdocs/wp-includes/assets HTTP/2" 200 2024 "https://store-bors.dk/index.php?loknya=/var/www/vhosts/store-bors.dk/httpdocs/wp-includes/assets" "Mozilla/5.0 AppleWebKit/537.36 (KHTML, like Gecko; compatible; GPTBot/1.4; +https://openai.com/gptbot)"
216.73.216.125 - - [29/Jul/2026:08:37:39 +0200] "GET /bep/m/kirlist1?loknya=%2Fvr%2Fwww%2Fvhosts%2Fstor-bors.dk%2Flscch%2F HTTP/2" 200 1758 "-" "Mozilla/5.0 AppleWebKit/537.36 (KHTML, like Gecko; compatible; ClaudeBot/1.0; +claudebot@anthropic.com)"
216.73.216.125 - - [29/Jul/2026:08:37:39 +0200] "GET /index.php/%22,t+=%22%3C%22+e.getAttribute(%22src%22?loknya=%2Fvar%2Fwww%2Fvhosts%2Fstore-ors.dk%2Flscache%2Fc%2F2 HTTP/2" 200 1779 "-" "Mozilla/5.0 AppleWebKit/537.36 (KHTML, like Gecko; compatible; ClaudeBot/1.0; +claudebot@anthropic.com)"
74.7.243.235 - - [29/Jul/2026:08:37:39 +0200] "GET /?loknya=/var/www/vhosts/store-ors.dk/./lscache/2/a/ HTTP/2" 200 1787 "https://www.store-bors.dk/?loknya=/var/www/vhosts/store-bors.dk/./lscache/2/a/b" "Mozilla/5.0 AppleWebKit/537.36 (KHTML, like Gecko; compatible; GPTBot/1.4; +https://openai.com/gptbot)"
74.7.227.174 - - [29/Jul/2026:08:37:39 +0200] "GET /index.php?lokasie=/var/www/vhosts/store-bors.dk/httpdocs/wp-includes/style-engine/class-wp-style-engine.php&loknya=/var/www/vhosts/store-bors.dk/httpdocs/wp-includes/style-engine HTTP/2" 200 7703 "https://store-bors.dk/index.php?loknya=/var/www/vhosts/store-bors.dk/httpdocs/wp-includes/style-engine" "Mozilla/5.0 AppleWebKit/537.36 (KHTML, like Gecko; compatible; GPTBot/1.4; +https://openai.com/gptbot)"
216.73.216.125 - - [29/Jul/2026:08:37:39 +0200] "GET /index.php/%22,t+=%22%3C%22+e.getAttribute(%22src%22?loknya=%2Fvar%2Fwww%2Fvhosts%2Fstore-bors.dk%2Flsahe%2F8%2F3 HTTP/2" 200 1769 "-" "Mozilla/5.0 AppleWebKit/537.36 (KHTML, like Gecko; compatible; ClaudeBot/1.0; +claudebot@anthropic.com)"
216.73.216.125 - - [29/Jul/2026:08:37:39 +0200] "GET /privatlivspolitik/?lokasie=%2Fvar%2Fwww%2Fvhosts%2Fstore-bors.dk%2Fhttpdocs%2Fwp-admin%2F%2Fthemes.php&loknya=%2Fvar%2Fwww%2Fvhosts%2Fstore-bors.dk%2Fhttpdocs%2Fwp-admin%2F HTTP/2" 200 11244 "-" "Mozilla/5.0 AppleWebKit/537.36 (KHTML, like Gecko; compatible; ClaudeBot/1.0; +claudebot@anthropic.com)"
216.73.216.125 - - [29/Jul/2026:08:37:40 +0200] "GET /index.php/%22,t+=%22%3C%22+e.getAttribute(%22src%22?loknya=%2Fvar%2Fwww%2Fvhosts%2Fstor-bors.dk%2Flscach%2F4%2Fa%2F HTTP/2" 200 1781 "-" "Mozilla/5.0 AppleWebKit/537.36 (KHTML, like Gecko; compatible; ClaudeBot/1.0; +claudebot@anthropic.com)"
74.7.243.235 - - [29/Jul/2026:08:37:40 +0200] "GET /?loknya=/vr/www/vhosts/stor-bors.dk/./lscch/1/ HTTP/2" 200 1768 "https://www.store-bors.dk/?loknya=/var/www/vhosts/stor-bors.dk/./lscach/1/a/" "Mozilla/5.0 AppleWebKit/537.36 (KHTML, like Gecko; compatible; GPTBot/1.4; +https://openai.com/gptbot)"
74.7.227.174 - - [29/Jul/2026:08:37:40 +0200] "GET /index.php?lokasie=/var/www/vhosts/store-bors.dk/./././././httpdocs/wp-includes/blocks/video/block.json&loknya=/var/www/vhosts/store-bors.dk/./././././httpdocs/wp-includes/blocks/video HTTP/2" 200 2182 "https://store-bors.dk/index.php?loknya=/var/www/vhosts/store-bors.dk/./././././httpdocs/wp-includes/blocks/video" "Mozilla/5.0 AppleWebKit/537.36 (KHTML, like Gecko; compatible; GPTBot/1.4; +https://openai.com/gptbot)"
216.73.216.125 - - [29/Jul/2026:08:37:40 +0200] "GET /index.php/%22,t+=%22%3C%22+e.getAttribute(%22src%22?loknya=%2Fvr%2Fwww%2Fvhosts%2Fstore-bors.k%2Flscche%2F3 HTTP/2" 200 1761 "-" "Mozilla/5.0 AppleWebKit/537.36 (KHTML, like Gecko; compatible; ClaudeBot/1.0; +claudebot@anthropic.com)"
216.73.216.125 - - [29/Jul/2026:08:37:40 +0200] "GET /index.php/%22,t+=%22%3C%22+e.getAttribute(%22src%22?loknya=%2Fvr%2Fwww%2Fvhosts%2Fstore-bors.dk%2Flscche%2F0%2F0 HTTP/2" 200 1773 "-" "Mozilla/5.0 AppleWebKit/537.36 (KHTML, like Gecko; compatible; ClaudeBot/1.0; +claudebot@anthropic.com)"
216.73.216.125 - - [29/Jul/2026:08:37:40 +0200] "GET /index.php/%22,t+=%22%3C%22+e.getAttribute(%22src%22?loknya=%2Fvar%2Fwww%2Fvhosts%2Fstore-bors.dk%2Flscache%2F7%2F1%2Fb HTTP/2" 200 1997 "-" "Mozilla/5.0 AppleWebKit/537.36 (KHTML, like Gecko; compatible; ClaudeBot/1.0; +claudebot@anthropic.com)"
74.7.243.235 - - [29/Jul/2026:08:37:40 +0200] "GET /?loknya=/var/www/vhosts/store-bors.dk/./lscache/a/1 HTTP/2" 200 2084 "https://www.store-bors.dk/?loknya=/var/www/vhosts/store-bors.dk/./lscache/a/" "Mozilla/5.0 AppleWebKit/537.36 (KHTML, like Gecko; compatible; GPTBot/1.4; +https://openai.com/gptbot)"
74.7.227.174 - - [29/Jul/2026:08:37:40 +0200] "GET /index.php?lokasie=/var/www/vhosts/store-bors.dk/./././././httpdocs/wp-includes/blocks/video/style-rtl.css&loknya=/var/www/vhosts/store-bors.dk/./././././httpdocs/wp-includes/blocks/video HTTP/2" 200 1726 "https://store-bors.dk/index.php?loknya=/var/www/vhosts/store-bors.dk/./././././httpdocs/wp-includes/blocks/video" "Mozilla/5.0 AppleWebKit/537.36 (KHTML, like Gecko; compatible; GPTBot/1.4; +https://openai.com/gptbot)"
216.73.216.125 - - [29/Jul/2026:08:37:41 +0200] "GET /bep/m/kirlist1?lokasie=%2Fvar%2Fwww%2Fvhosts%2Fstore-bors.dk%2Fhttpdocs%2Fwp-includes%2Fblocks%2Fsearch%2Ftheme.min.css&loknya=%2Fvar%2Fwww%2Fvhosts%2Fstore-bors.dk%2Fhttpdocs%2Fwp-includes%2Fblocks%2Fsearch HTTP/2" 200 1598 "-" "Mozilla/5.0 AppleWebKit/537.36 (KHTML, like Gecko; compatible; ClaudeBot/1.0; +claudebot@anthropic.com)"
216.73.216.125 - - [29/Jul/2026:08:37:41 +0200] "GET /privatlivspolitik/?lokasie=%2Fvar%2Fwww%2Fvhosts%2Fstore-bors.dk%2Fhttpdocs%2Fwp-admin%2Fnav-menus.php&loknya=%2Fvar%2Fwww%2Fvhosts%2Fstore-bors.dk%2Fhttpdocs%2Fwp-admin HTTP/2" 200 13495 "-" "Mozilla/5.0 AppleWebKit/537.36 (KHTML, like Gecko; compatible; ClaudeBot/1.0; +claudebot@anthropic.com)"
216.73.216.125 - - [29/Jul/2026:08:37:41 +0200] "GET /index.php/%22,t+=%22%3C%22+e.getAttribute(%22src%22?loknya=%2Fvar%2Fwww%2Fvhosts%2Fstor-ors.dk%2Flscach%2F%2F HTTP/2" 200 1760 "-" "Mozilla/5.0 AppleWebKit/537.36 (KHTML, like Gecko; compatible; ClaudeBot/1.0; +claudebot@anthropic.com)"
74.7.243.235 - - [29/Jul/2026:08:37:41 +0200] "GET /?loknya=/vr/www/vhosts/store-ors.dk/./lscche/1/ HTTP/2" 200 1771 "https://www.store-bors.dk/?loknya=/vr/www/vhosts/store-bors.dk/./lscche/1/b/" "Mozilla/5.0 AppleWebKit/537.36 (KHTML, like Gecko; compatible; GPTBot/1.4; +https://openai.com/gptbot)"
74.7.227.174 - - [29/Jul/2026:08:37:41 +0200] "GET /index.php?lokasie=/var/www/vhosts/store-bors.dk/./././././httpdocs/wp-includes/blocks/video/style.min.css&loknya=/var/www/vhosts/store-bors.dk/./././././httpdocs/wp-includes/blocks/video HTTP/2" 200 1695 "https://store-bors.dk/index.php?loknya=/var/www/vhosts/store-bors.dk/./././././httpdocs/wp-includes/blocks/video" "Mozilla/5.0 AppleWebKit/537.36 (KHTML, like Gecko; compatible; GPTBot/1.4; +https://openai.com/gptbot)"
216.73.216.125 - - [29/Jul/2026:08:37:41 +0200] "GET /index.php/%22,t+=%22%3C%22+e.getAttribute(%22src%22?loknya=%2Fvar%2Fwww%2Fvhosts%2Fstore-bors.dk%2Flscache%2F7%2F0%2Fb HTTP/2" 200 1998 "-" "Mozilla/5.0 AppleWebKit/537.36 (KHTML, like Gecko; compatible; ClaudeBot/1.0; +claudebot@anthropic.com)"
216.73.216.125 - - [29/Jul/2026:08:37:41 +0200] "GET /privatlivspolitik/?lokasie=%2Fvar%2Fwww%2Fvhosts%2Fstore-bors.dk%2Fhttpdocs%2Fwp-admin%2Fincludes%2Fclass-language-pack-upgrader-skin.php&loknya=%2Fvar%2Fwww%2Fvhosts%2Fstore-bors.dk%2Fhttpdocs%2Fwp-admin%2Fincludes HTTP/2" 200 2656 "-" "Mozilla/5.0 AppleWebKit/537.36 (KHTML, like Gecko; compatible; ClaudeBot/1.0; +claudebot@anthropic.com)"
216.73.216.125 - - [29/Jul/2026:08:37:42 +0200] "GET /index.php/%22,t+=%22%3C%22+e.getAttribute(%22src%22?loknya=%2Fvar%2Fwww%2Fvhosts%2Fstore-ors.dk%2Flscache%2F4%2Fd HTTP/2" 200 1785 "-" "Mozilla/5.0 AppleWebKit/537.36 (KHTML, like Gecko; compatible; ClaudeBot/1.0; +claudebot@anthropic.com)"
74.7.243.235 - - [29/Jul/2026:08:37:42 +0200] "GET /?loknya=/vr/www/vhosts/stor-bors.dk/./lscch/2/ HTTP/2" 200 1768 "https://www.store-bors.dk/?loknya=/vr/www/vhosts/store-bors.dk/./lscche/2/e/" "Mozilla/5.0 AppleWebKit/537.36 (KHTML, like Gecko; compatible; GPTBot/1.4; +https://openai.com/gptbot)"
74.7.227.174 - - [29/Jul/2026:08:37:42 +0200] "GET /index.php?lokasie=/var/www/vhosts/store-bors.dk/./././././httpdocs/wp-includes/blocks/video/style-rtl.min.css&loknya=/var/www/vhosts/store-bors.dk/./././././httpdocs/wp-includes/blocks/video HTTP/2" 200 1700 "https://store-bors.dk/index.php?loknya=/var/www/vhosts/store-bors.dk/./././././httpdocs/wp-includes/blocks/video" "Mozilla/5.0 AppleWebKit/537.36 (KHTML, like Gecko; compatible; GPTBot/1.4; +https://openai.com/gptbot)"
216.73.216.125 - - [29/Jul/2026:08:37:42 +0200] "GET /privatlivspolitik/?lokasie=%2Fvar%2Fwww%2Fvhosts%2Fstore-bors.dk%2Fhttpdocs%2Fwp-admin%2Flink-manager.php&loknya=%2Fvar%2Fwww%2Fvhosts%2Fstore-bors.dk%2Fhttpdocs%2Fwp-admin HTTP/2" 200 3433 "-" "Mozilla/5.0 AppleWebKit/537.36 (KHTML, like Gecko; compatible; ClaudeBot/1.0; +claudebot@anthropic.com)"
216.73.216.125 - - [29/Jul/2026:08:37:42 +0200] "GET /index.php/%22,t+=%22%3C%22+e.getAttribute(%22src%22?loknya=%2Fvar%2Fwww%2Fvhosts%2Fstore-bors.dk%2Flscache%2F7%2Fd%2Ff HTTP/2" 200 1982 "-" "Mozilla/5.0 AppleWebKit/537.36 (KHTML, like Gecko; compatible; ClaudeBot/1.0; +claudebot@anthropic.com)"
74.7.243.235 - - [29/Jul/2026:08:37:42 +0200] "GET /?loknya=/var/www/vhosts/stor-bors.dk/./lsah/9/ HTTP/2" 200 1772 "https://www.store-bors.dk/?loknya=/var/www/vhosts/stor-bors.dk/./lscach/9/c/" "Mozilla/5.0 AppleWebKit/537.36 (KHTML, like Gecko; compatible; GPTBot/1.4; +https://openai.com/gptbot)"
216.73.216.125 - - [29/Jul/2026:08:37:42 +0200] "GET /index.php/%22,t+=%22%3C%22+e.getAttribute(%22src%22?loknya=%2Fvar%2Fwww%2Fvhosts%2Fstore-ors.dk%2Flscache%2F3%2F2 HTTP/2" 200 1779 "-" "Mozilla/5.0 AppleWebKit/537.36 (KHTML, like Gecko; compatible; ClaudeBot/1.0; +claudebot@anthropic.com)"
74.7.227.174 - - [29/Jul/2026:08:37:42 +0200] "GET /index.php?lokasie=/var/www/vhosts/store-bors.dk/./././././httpdocs/wp-includes/blocks/video/editor-rtl.min.css&loknya=/var/www/vhosts/store-bors.dk/./././././httpdocs/wp-includes/blocks/video HTTP/2" 200 1909 "https://store-bors.dk/index.php?loknya=/var/www/vhosts/store-bors.dk/./././././httpdocs/wp-includes/blocks/video" "Mozilla/5.0 AppleWebKit/537.36 (KHTML, like Gecko; compatible; GPTBot/1.4; +https://openai.com/gptbot)"
216.73.216.125 - - [29/Jul/2026:08:37:43 +0200] "GET /index.php/%22,t+=%22%3C%22+e.getAttribute(%22src%22?loknya=%2Fvar%2Fwww%2Fvhosts%2Fstore-ors.dk%2Flsahe%2F5 HTTP/2" 200 1768 "-" "Mozilla/5.0 AppleWebKit/537.36 (KHTML, like Gecko; compatible; ClaudeBot/1.0; +claudebot@anthropic.com)"
216.73.216.125 - - [29/Jul/2026:08:37:43 +0200] "GET /bep/m/kirlist1?loknya=%2Fvr%2Fwww%2Fvhosts%2Fstore-bors.dk%2Flscche HTTP/2" 200 1760 "-" "Mozilla/5.0 AppleWebKit/537.36 (KHTML, like Gecko; compatible; ClaudeBot/1.0; +claudebot@anthropic.com)"
74.7.243.235 - - [29/Jul/2026:08:37:43 +0200] "GET /?loknya=/var/www/vhosts/store-bors.k/./lscache/8/a HTTP/2" 200 1786 "https://www.store-bors.dk/?loknya=/var/www/vhosts/store-bors.k/./lscache/8/a/" "Mozilla/5.0 AppleWebKit/537.36 (KHTML, like Gecko; compatible; GPTBot/1.4; +https://openai.com/gptbot)"
74.7.227.174 - - [29/Jul/2026:08:37:43 +0200] "GET /index.php?lokasie=/var/www/vhosts/store-bors.dk/./././././httpdocs/wp-includes/blocks/video/theme-rtl.css&loknya=/var/www/vhosts/store-bors.dk/./././././httpdocs/wp-includes/blocks/video HTTP/2" 200 1658 "https://store-bors.dk/index.php?loknya=/var/www/vhosts/store-bors.dk/./././././httpdocs/wp-includes/blocks/video" "Mozilla/5.0 AppleWebKit/537.36 (KHTML, like Gecko; compatible; GPTBot/1.4; +https://openai.com/gptbot)"
216.73.216.125 - - [29/Jul/2026:08:37:43 +0200] "GET /bep/m/kirlist1?loknya=%2Fvar%2Fwww%2Fvhosts%2Fstore-bors.dk%2Flscache%2F2%2F3%2Fb HTTP/2" 200 2056 "-" "Mozilla/5.0 AppleWebKit/537.36 (KHTML, like Gecko; compatible; ClaudeBot/1.0; +claudebot@anthropic.com)"
216.73.216.125 - - [29/Jul/2026:08:37:43 +0200] "GET /bep/m/kirlist1?loknya=%2Fvr%2Fwww%2Fvhosts%2Fstore-bors.dk%2Flscche%2F2%2F HTTP/2" 200 1763 "-" "Mozilla/5.0 AppleWebKit/537.36 (KHTML, like Gecko; compatible; ClaudeBot/1.0; +claudebot@anthropic.com)"
74.7.243.235 - - [29/Jul/2026:08:37:43 +0200] "GET /?loknya=/vr/www/vhosts/stor-bors.dk/./lscch/9 HTTP/2" 200 1774 "https://www.store-bors.dk/?loknya=/vr/www/vhosts/stor-bors.dk/./lscch/9/" "Mozilla/5.0 AppleWebKit/537.36 (KHTML, like Gecko; compatible; GPTBot/1.4; +https://openai.com/gptbot)"
74.7.227.174 - - [29/Jul/2026:08:37:43 +0200] "GET /index.php?lokasie=/var/www/vhosts/store-bors.dk/./././././httpdocs/wp-includes/blocks/video/theme-rtl.min.css&loknya=/var/www/vhosts/store-bors.dk/./././././httpdocs/wp-includes/blocks/video HTTP/2" 200 1643 "https://store-bors.dk/index.php?loknya=/var/www/vhosts/store-bors.dk/./././././httpdocs/wp-includes/blocks/video" "Mozilla/5.0 AppleWebKit/537.36 (KHTML, like Gecko; compatible; GPTBot/1.4; +https://openai.com/gptbot)"
216.73.216.125 - - [29/Jul/2026:08:37:43 +0200] "GET /bep/m/kirlist1?lokasie=%2Fvar%2Fwww%2Fvhosts%2Fstore-bors.dk%2Fhttpdocs%2Fwp-includes%2Fblocks%2Fsearch%2Fview.asset.php&loknya=%2Fvar%2Fwww%2Fvhosts%2Fstore-bors.dk%2Fhttpdocs%2Fwp-includes%2Fblocks%2Fsearch HTTP/2" 200 1621 "-" "Mozilla/5.0 AppleWebKit/537.36 (KHTML, like Gecko; compatible; ClaudeBot/1.0; +claudebot@anthropic.com)"
216.73.216.125 - - [29/Jul/2026:08:37:44 +0200] "GET /privatlivspolitik/?lokasie=%2Fvar%2Fwww%2Fvhosts%2Fstore-bors.dk%2Fhttpdocs%2Fwp-content%2Flanguages%2Fplugins%2Felementor-da_DK.mo&loknya=%2Fvar%2Fwww%2Fvhosts%2Fstore-bors.dk%2Fhttpdocs%2Fwp-content%2Flanguages%2Fplugins HTTP/2" 200 34430 "-" "Mozilla/5.0 AppleWebKit/537.36 (KHTML, like Gecko; compatible; ClaudeBot/1.0; +claudebot@anthropic.com)"
74.7.243.235 - - [29/Jul/2026:08:37:44 +0200] "GET /?loknya=/vr/www/vhosts/store-bors.dk/./lshe/3/ HTTP/2" 200 1770 "https://www.store-bors.dk/?loknya=/var/www/vhosts/store-bors.dk/./lsahe/3/a/" "Mozilla/5.0 AppleWebKit/537.36 (KHTML, like Gecko; compatible; GPTBot/1.4; +https://openai.com/gptbot)"
216.73.216.125 - - [29/Jul/2026:08:37:44 +0200] "GET /index.php/%22,t+=%22%3C%22+e.getAttribute(%22src%22?loknya=%2Fvar%2Fwww%2Fvhosts%2Fstore-bors.dk%2Flscache%2F7%2Fd%2F2 HTTP/2" 200 1981 "-" "Mozilla/5.0 AppleWebKit/537.36 (KHTML, like Gecko; compatible; ClaudeBot/1.0; +claudebot@anthropic.com)"
74.7.227.174 - - [29/Jul/2026:08:37:44 +0200] "GET /index.php?lokasie=/var/www/vhosts/store-bors.dk/./././././httpdocs/wp-includes/blocks/video/theme.min.css&loknya=/var/www/vhosts/store-bors.dk/./././././httpdocs/wp-includes/blocks/video HTTP/2" 200 1640 "https://store-bors.dk/index.php?loknya=/var/www/vhosts/store-bors.dk/./././././httpdocs/wp-includes/blocks/video" "Mozilla/5.0 AppleWebKit/537.36 (KHTML, like Gecko; compatible; GPTBot/1.4; +https://openai.com/gptbot)"
216.73.216.125 - - [29/Jul/2026:08:37:44 +0200] "GET /index.php/%22,t+=%22%3C%22+e.getAttribute(%22src%22?loknya=%2Fvar%2Fwww%2Fvhosts%2Fstore-ors.dk%2Flsahe%2F8 HTTP/2" 200 1769 "-" "Mozilla/5.0 AppleWebKit/537.36 (KHTML, like Gecko; compatible; ClaudeBot/1.0; +claudebot@anthropic.com)"
216.73.216.125 - - [29/Jul/2026:08:37:45 +0200] "GET /index.php/%22,t+=%22%3C%22+e.getAttribute(%22src%22?loknya=%2Fvr%2Fwww%2Fvhosts%2Fstore-bors.dk%2Flscche%2F5%2Fe HTTP/2" 200 1778 "-" "Mozilla/5.0 AppleWebKit/537.36 (KHTML, like Gecko; compatible; ClaudeBot/1.0; +claudebot@anthropic.com)"
74.7.243.235 - - [29/Jul/2026:08:37:45 +0200] "GET /?loknya=/vr/www/vhosts/store-bors.k/./lscche/8/ HTTP/2" 200 1769 "https://www.store-bors.dk/?loknya=/var/www/vhosts/store-bors.k/./lscache/8/a/" "Mozilla/5.0 AppleWebKit/537.36 (KHTML, like Gecko; compatible; GPTBot/1.4; +https://openai.com/gptbot)"
216.73.216.125 - - [29/Jul/2026:08:37:45 +0200] "GET /index.php/%22,t+=%22%3C%22+e.getAttribute(%22src%22?loknya=%2Fvr%2Fwww%2Fvhosts%2Fstore-bors.dk%2Flscche%2F4%2F6 HTTP/2" 200 1773 "-" "Mozilla/5.0 AppleWebKit/537.36 (KHTML, like Gecko; compatible; ClaudeBot/1.0; +claudebot@anthropic.com)"
74.7.227.174 - - [29/Jul/2026:08:37:45 +0200] "GET /index.php?lokasie=/var/www/vhosts/store-bors.dk/./././././httpdocs/wp-includes/blocks/video/theme.css&loknya=/var/www/vhosts/store-bors.dk/./././././httpdocs/wp-includes/blocks/video HTTP/2" 200 1656 "https://store-bors.dk/index.php?loknya=/var/www/vhosts/store-bors.dk/./././././httpdocs/wp-includes/blocks/video" "Mozilla/5.0 AppleWebKit/537.36 (KHTML, like Gecko; compatible; GPTBot/1.4; +https://openai.com/gptbot)"
216.73.216.125 - - [29/Jul/2026:08:37:45 +0200] "GET /bep/m/kirlist1?lokasie=%2Fvar%2Fwww%2Fvhosts%2Fstore-bors.dk%2Ferror_docs%2Fserver.svg&loknya=%2Fvar%2Fwww%2Fvhosts%2Fstore-bors.dk%2Ferror_docs HTTP/2" 200 3326 "-" "Mozilla/5.0 AppleWebKit/537.36 (KHTML, like Gecko; compatible; ClaudeBot/1.0; +claudebot@anthropic.com)"
216.73.216.125 - - [29/Jul/2026:08:37:45 +0200] "GET /privatlivspolitik/?lokasie=%2Fvar%2Fwww%2Fvhosts%2Fstore-bors.dk%2Ferror_docs%2Fmaintenance.html&loknya=%2Fvar%2Fwww%2Fvhosts%2Fstore-bors.dk%2Ferror_docs HTTP/2" 200 1989 "-" "Mozilla/5.0 AppleWebKit/537.36 (KHTML, like Gecko; compatible; ClaudeBot/1.0; +claudebot@anthropic.com)"
74.7.243.235 - - [29/Jul/2026:08:37:45 +0200] "GET /?loknya=/var/www/vhosts/store-bors.dk/./lscache/a/2 HTTP/2" 200 2202 "https://www.store-bors.dk/?loknya=/var/www/vhosts/store-bors.dk/./lscache/a/" "Mozilla/5.0 AppleWebKit/537.36 (KHTML, like Gecko; compatible; GPTBot/1.4; +https://openai.com/gptbot)"
74.7.227.174 - - [29/Jul/2026:08:37:45 +0200] "GET /index.php?lokasie=/var/www/vhosts/store-bors.dk/./././././httpdocs/wp-includes/blocks/video/editor.min.css&loknya=/var/www/vhosts/store-bors.dk/./././././httpdocs/wp-includes/blocks/video HTTP/2" 200 1905 "https://store-bors.dk/index.php?loknya=/var/www/vhosts/store-bors.dk/./././././httpdocs/wp-includes/blocks/video" "Mozilla/5.0 AppleWebKit/537.36 (KHTML, like Gecko; compatible; GPTBot/1.4; +https://openai.com/gptbot)"
216.73.216.125 - - [29/Jul/2026:08:37:45 +0200] "GET /index.php/%22,t+=%22%3C%22+e.getAttribute(%22src%22?loknya=%2Fvr%2Fwww%2Fvhosts%2Fstore-bors.dk%2Flscche%2F9%2F7 HTTP/2" 200 1770 "-" "Mozilla/5.0 AppleWebKit/537.36 (KHTML, like Gecko; compatible; ClaudeBot/1.0; +claudebot@anthropic.com)"
216.73.216.125 - - [29/Jul/2026:08:37:46 +0200] "GET /index.php/%22,t+=%22%3C%22+e.getAttribute(%22src%22?loknya=%2Fvar%2Fwww%2Fvhosts%2Fstore-ors.dk%2Flsahe%2F0 HTTP/2" 200 1768 "-" "Mozilla/5.0 AppleWebKit/537.36 (KHTML, like Gecko; compatible; ClaudeBot/1.0; +claudebot@anthropic.com)"
74.7.243.235 - - [29/Jul/2026:08:37:46 +0200] "GET /?loknya=/var/www/vhosts/store-ors.dk/./lscache/2/a HTTP/2" 200 1789 "https://www.store-bors.dk/?loknya=/var/www/vhosts/store-ors.dk/./lscache/2/a/" "Mozilla/5.0 AppleWebKit/537.36 (KHTML, like Gecko; compatible; GPTBot/1.4; +https://openai.com/gptbot)"
216.73.216.125 - - [29/Jul/2026:08:37:46 +0200] "GET /index.php/%22,t+=%22%3C%22+e.getAttribute(%22src%22?loknya=%2Fvr%2Fwww%2Fvhosts%2Fstore-bors.dk%2Flscche%2F3%2F1 HTTP/2" 200 1772 "-" "Mozilla/5.0 AppleWebKit/537.36 (KHTML, like Gecko; compatible; ClaudeBot/1.0; +claudebot@anthropic.com)"
74.7.227.174 - - [29/Jul/2026:08:37:46 +0200] "GET /index.php?loknya=/var/www/vhosts/store-bors.dk/./././././.cagefs/var/php/apm/ HTTP/2" 200 1926 "https://store-bors.dk/index.php?loknya=/var/www/vhosts/store-bors.dk/./././././.cagefs/var/php/apm/db" "Mozilla/5.0 AppleWebKit/537.36 (KHTML, like Gecko; compatible; GPTBot/1.4; +https://openai.com/gptbot)"
216.73.216.125 - - [29/Jul/2026:08:37:46 +0200] "GET /privatlivspolitik/?lokasie=%2Fvar%2Fwww%2Fvhosts%2Fstore-bors.dk%2Fhttpdocs%2Fwp-content%2Fplugins%2Ffileorganizer%2Fmain%2Ffileorganizer.php&loknya=%2Fvar%2Fwww%2Fvhosts%2Fstore-bors.dk%2Fhttpdocs%2Fwp-content%2Fplugins%2Ffileorganizer%2Fmain HTTP/2" 200 3631 "-" "Mozilla/5.0 AppleWebKit/537.36 (KHTML, like Gecko; compatible; ClaudeBot/1.0; +claudebot@anthropic.com)"
216.73.216.125 - - [29/Jul/2026:08:37:46 +0200] "GET /index.php/%22,t+=%22%3C%22+e.getAttribute(%22src%22?loknya=%2Fvr%2Fwww%2Fvhosts%2Fstore-bors.dk%2Flscche%2F7%2F3 HTTP/2" 200 1769 "-" "Mozilla/5.0 AppleWebKit/537.36 (KHTML, like Gecko; compatible; ClaudeBot/1.0; +claudebot@anthropic.com)"
74.7.243.235 - - [29/Jul/2026:08:37:46 +0200] "GET /?loknya=/vr/www/vhosts/store-ors.dk/./lscche/2/ HTTP/2" 200 1771 "https://www.store-bors.dk/?loknya=/var/www/vhosts/store-ors.dk/./lscache/2/a/" "Mozilla/5.0 AppleWebKit/537.36 (KHTML, like Gecko; compatible; GPTBot/1.4; +https://openai.com/gptbot)"
74.7.227.174 - - [29/Jul/2026:08:37:46 +0200] "GET /index.php?loknya=/var/www/vhosts/store-bors.dk/./././././.cagefs/var/lib/ HTTP/2" 200 1922 "https://store-bors.dk/index.php?loknya=/var/www/vhosts/store-bors.dk/./././././.cagefs/var/lib/php" "Mozilla/5.0 AppleWebKit/537.36 (KHTML, like Gecko; compatible; GPTBot/1.4; +https://openai.com/gptbot)"
216.73.216.125 - - [29/Jul/2026:08:37:46 +0200] "GET /index.php/%22,t+=%22%3C%22+e.getAttribute(%22src%22?loknya=%2Fvar%2Fwww%2Fvhosts%2Fstor-bors.dk%2Flsah%2F3 HTTP/2" 200 1765 "-" "Mozilla/5.0 AppleWebKit/537.36 (KHTML, like Gecko; compatible; ClaudeBot/1.0; +claudebot@anthropic.com)"
216.73.216.125 - - [29/Jul/2026:08:37:47 +0200] "GET /index.php/%22,t+=%22%3C%22+e.getAttribute(%22src%22?loknya=%2Fvr%2Fwww%2Fvhosts%2Fstore-bors.dk%2Flscche%2F6%2F4 HTTP/2" 200 1773 "-" "Mozilla/5.0 AppleWebKit/537.36 (KHTML, like Gecko; compatible; ClaudeBot/1.0; +claudebot@anthropic.com)"
216.73.216.125 - - [29/Jul/2026:08:37:47 +0200] "GET /index.php/%22,t+=%22%3C%22+e.getAttribute(%22src%22?loknya=%2Fvar%2Fwww%2Fvhosts%2Fstore-bors.dk%2Flsahe%2F3%2Fe HTTP/2" 200 1776 "-" "Mozilla/5.0 AppleWebKit/537.36 (KHTML, like Gecko; compatible; ClaudeBot/1.0; +claudebot@anthropic.com)"
74.7.243.235 - - [29/Jul/2026:08:37:47 +0200] "GET /?loknya=/vr/www/vhosts/stor-bors.dk/./lscch/1 HTTP/2" 200 1774 "https://www.store-bors.dk/?loknya=/vr/www/vhosts/stor-bors.dk/./lscch/1/" "Mozilla/5.0 AppleWebKit/537.36 (KHTML, like Gecko; compatible; GPTBot/1.4; +https://openai.com/gptbot)"
74.7.227.174 - - [29/Jul/2026:08:37:47 +0200] "GET /index.php?lokasie=/var/www/vhosts/store-bors.dk/./httpdocs/wp-includes/block-patterns/query-large-title-posts.php&loknya=/var/www/vhosts/store-bors.dk/./httpdocs/wp-includes/block-patterns HTTP/2" 200 2339 "https://store-bors.dk/index.php?loknya=/var/www/vhosts/store-bors.dk/./httpdocs/wp-includes/block-patterns" "Mozilla/5.0 AppleWebKit/537.36 (KHTML, like Gecko; compatible; GPTBot/1.4; +https://openai.com/gptbot)"
216.73.216.125 - - [29/Jul/2026:08:37:47 +0200] "GET /index.php/%22,t+=%22%3C%22+e.getAttribute(%22src%22?loknya=%2Fvr%2Fwww%2Fvhosts%2Fstore-bors.dk%2Flscche%2F9%2F4 HTTP/2" 200 1771 "-" "Mozilla/5.0 AppleWebKit/537.36 (KHTML, like Gecko; compatible; ClaudeBot/1.0; +claudebot@anthropic.com)"
216.73.216.125 - - [29/Jul/2026:08:37:47 +0200] "GET /bep/m/kirlist1?loknya=%2Fvar%2Fwww%2Fvhosts%2Fstore-bors.dk%2Flscache%2Fd%2F3%2Fb HTTP/2" 200 1996 "-" "Mozilla/5.0 AppleWebKit/537.36 (KHTML, like Gecko; compatible; ClaudeBot/1.0; +claudebot@anthropic.com)"
74.7.227.174 - - [29/Jul/2026:08:37:48 +0200] "GET /index.php?lokasie=/var/www/vhosts/store-bors.dk/./httpdocs/wp-includes/block-patterns/query-standard-posts.php&loknya=/var/www/vhosts/store-bors.dk/./httpdocs/wp-includes/block-patterns HTTP/2" 200 1953 "https://store-bors.dk/index.php?loknya=/var/www/vhosts/store-bors.dk/./httpdocs/wp-includes/block-patterns" "Mozilla/5.0 AppleWebKit/537.36 (KHTML, like Gecko; compatible; GPTBot/1.4; +https://openai.com/gptbot)"
74.7.243.235 - - [29/Jul/2026:08:37:48 +0200] "GET /?loknya=/vr/www/vhosts/store-ors.dk/./lscche/1 HTTP/2" 200 1769 "https://www.store-bors.dk/?loknya=/vr/www/vhosts/store-ors.dk/./lscche/1/" "Mozilla/5.0 AppleWebKit/537.36 (KHTML, like Gecko; compatible; GPTBot/1.4; +https://openai.com/gptbot)"
216.73.216.125 - - [29/Jul/2026:08:37:48 +0200] "GET /privatlivspolitik/?lokasie=%2Fvar%2Fwww%2Fvhosts%2Fstore-bors.dk%2Fhttpdocs%2Fwp-admin%2Fjs%2Feditor.min.js&loknya=%2Fvar%2Fwww%2Fvhosts%2Fstore-bors.dk%2Fhttpdocs%2Fwp-admin%2Fjs HTTP/2" 200 6708 "-" "Mozilla/5.0 AppleWebKit/537.36 (KHTML, like Gecko; compatible; ClaudeBot/1.0; +claudebot@anthropic.com)"
216.73.216.125 - - [29/Jul/2026:08:37:48 +0200] "GET /index.php/%22,t+=%22%3C%22+e.getAttribute(%22src%22?loknya=%2Fvar%2Fwww%2Fvhosts%2Fstore-ors.dk%2Flsahe%2F4%2F HTTP/2" 200 1764 "-" "Mozilla/5.0 AppleWebKit/537.36 (KHTML, like Gecko; compatible; ClaudeBot/1.0; +claudebot@anthropic.com)"
74.7.243.235 - - [29/Jul/2026:08:37:48 +0200] "GET /?loknya=/vr/www/vhosts/stor-bors.dk/./lscch/2 HTTP/2" 200 1774 "https://www.store-bors.dk/?loknya=/vr/www/vhosts/stor-bors.dk/./lscch/2/" "Mozilla/5.0 AppleWebKit/537.36 (KHTML, like Gecko; compatible; GPTBot/1.4; +https://openai.com/gptbot)"
216.73.216.125 - - [29/Jul/2026:08:37:48 +0200] "GET /index.php/%22,t+=%22%3C%22+e.getAttribute(%22src%22?loknya=%2Fvr%2Fwww%2Fvhosts%2Fstore-bors.dk%2Flscche%2F8%2Fe HTTP/2" 200 1778 "-" "Mozilla/5.0 AppleWebKit/537.36 (KHTML, like Gecko; compatible; ClaudeBot/1.0; +claudebot@anthropic.com)"
74.7.227.174 - - [29/Jul/2026:08:37:48 +0200] "GET /index.php?lokasie=/var/www/vhosts/store-bors.dk/httpdocs/wp-includes/block-patterns/query-small-posts.php&loknya=/var/www/vhosts/store-bors.dk/httpdocs/wp-includes/block-patterns HTTP/2" 200 2024 "https://store-bors.dk/index.php?loknya=/var/www/vhosts/store-bors.dk/httpdocs/wp-includes/block-patterns" "Mozilla/5.0 AppleWebKit/537.36 (KHTML, like Gecko; compatible; GPTBot/1.4; +https://openai.com/gptbot)"
216.73.216.125 - - [29/Jul/2026:08:37:48 +0200] "GET /index.php/%22,t+=%22%3C%22+e.getAttribute(%22src%22?loknya=%2Fvr%2Fwww%2Fvhosts%2Fstore-bors.dk%2Flscche%2F1%2Fe HTTP/2" 200 1778 "-" "Mozilla/5.0 AppleWebKit/537.36 (KHTML, like Gecko; compatible; ClaudeBot/1.0; +claudebot@anthropic.com)"
216.73.216.125 - - [29/Jul/2026:08:37:49 +0200] "GET /bep/m/kirlist1?loknya=%2Fvr%2Fwww%2Fvhosts%2Fstore-bors.dk%2Flscche%2Fd%2F HTTP/2" 200 1767 "-" "Mozilla/5.0 AppleWebKit/537.36 (KHTML, like Gecko; compatible; ClaudeBot/1.0; +claudebot@anthropic.com)"
74.7.243.235 - - [29/Jul/2026:08:37:49 +0200] "GET /?loknya=/var/www/vhosts/stor-bors.dk/./lsah/9 HTTP/2" 200 1774 "https://www.store-bors.dk/?loknya=/var/www/vhosts/stor-bors.dk/./lsah/9/" "Mozilla/5.0 AppleWebKit/537.36 (KHTML, like Gecko; compatible; GPTBot/1.4; +https://openai.com/gptbot)"
216.73.216.125 - - [29/Jul/2026:08:37:49 +0200] "GET /index.php/%22,t+=%22%3C%22+e.getAttribute(%22src%22?loknya=%2Fvr%2Fwww%2Fvhosts%2Fstore-bors.dk%2Flscche%2Fc%2F6 HTTP/2" 200 1773 "-" "Mozilla/5.0 AppleWebKit/537.36 (KHTML, like Gecko; compatible; ClaudeBot/1.0; +claudebot@anthropic.com)"
74.7.227.174 - - [29/Jul/2026:08:37:49 +0200] "GET /index.php?lokasie=/var/www/vhosts/store-bors.dk/./httpdocs/wp-includes/widgets/class-wp-widget-media-audio.php&loknya=/var/www/vhosts/store-bors.dk/./httpdocs/wp-includes/widgets HTTP/2" 200 3801 "https://store-bors.dk/index.php?loknya=/var/www/vhosts/store-bors.dk/./httpdocs/wp-includes/widgets" "Mozilla/5.0 AppleWebKit/537.36 (KHTML, like Gecko; compatible; GPTBot/1.4; +https://openai.com/gptbot)"
216.73.216.125 - - [29/Jul/2026:08:37:49 +0200] "GET /index.php/%22,t+=%22%3C%22+e.getAttribute(%22src%22?loknya=%2Fvr%2Fwww%2Fvhosts%2Fstore-ors.k%2Flscche HTTP/2" 200 1759 "-" "Mozilla/5.0 AppleWebKit/537.36 (KHTML, like Gecko; compatible; ClaudeBot/1.0; +claudebot@anthropic.com)"
74.7.243.235 - - [29/Jul/2026:08:37:49 +0200] "GET /?loknya=/var/www/vhosts/store-bors.dk/./lscache/a/0 HTTP/2" 200 2162 "https://www.store-bors.dk/?loknya=/var/www/vhosts/store-bors.dk/./lscache/a/" "Mozilla/5.0 AppleWebKit/537.36 (KHTML, like Gecko; compatible; GPTBot/1.4; +https://openai.com/gptbot)"
216.73.216.125 - - [29/Jul/2026:08:37:49 +0200] "GET /bep/m/kirlist1?loknya=%2Fvar%2Fwww%2Fvhosts%2Fstore-bors.dk%2Flscache%2Fb%2F HTTP/2" 200 2217 "-" "Mozilla/5.0 AppleWebKit/537.36 (KHTML, like Gecko; compatible; ClaudeBot/1.0; +claudebot@anthropic.com)"
74.7.227.174 - - [29/Jul/2026:08:37:49 +0200] "GET /index.php?lokasie=/var/www/vhosts/store-bors.dk/./httpdocs/wp-includes/theme-compat/sidebar.php&loknya=/var/www/vhosts/store-bors.dk/./httpdocs/wp-includes/theme-compat HTTP/2" 200 3009 "https://store-bors.dk/index.php?loknya=/var/www/vhosts/store-bors.dk/./httpdocs/wp-includes/theme-compat" "Mozilla/5.0 AppleWebKit/537.36 (KHTML, like Gecko; compatible; GPTBot/1.4; +https://openai.com/gptbot)"
216.73.216.125 - - [29/Jul/2026:08:37:49 +0200] "GET /index.php/%22,t+=%22%3C%22+e.getAttribute(%22src%22?loknya=%2Fvar%2Fwww%2Fvhosts%2Fstore-bors.dk%2F.%2F.cagefs HTTP/2" 200 1994 "-" "Mozilla/5.0 AppleWebKit/537.36 (KHTML, like Gecko; compatible; ClaudeBot/1.0; +claudebot@anthropic.com)"
74.7.243.235 - - [29/Jul/2026:08:37:50 +0200] "GET /?loknya=/vr/www/vhosts/store-bors.dk/./lscche/1/b HTTP/2" 200 1784 "https://www.store-bors.dk/?loknya=/vr/www/vhosts/store-bors.dk/./lscche/1/b/" "Mozilla/5.0 AppleWebKit/537.36 (KHTML, like Gecko; compatible; GPTBot/1.4; +https://openai.com/gptbot)"
216.73.216.125 - - [29/Jul/2026:08:37:50 +0200] "GET /privatlivspolitik/?lokasie=%2Fvar%2Fwww%2Fvhosts%2Fstore-bors.dk%2Fhttpdocs%2Fwp-includes%2Fsitemaps%2Fclass-wp-sitemaps-index.php&loknya=%2Fvar%2Fwww%2Fvhosts%2Fstore-bors.dk%2Fhttpdocs%2Fwp-includes%2Fsitemaps HTTP/2" 200 2322 "-" "Mozilla/5.0 AppleWebKit/537.36 (KHTML, like Gecko; compatible; ClaudeBot/1.0; +claudebot@anthropic.com)"
74.7.227.174 - - [29/Jul/2026:08:37:50 +0200] "GET /index.php?lokasie=/var/www/vhosts/store-bors.dk/./httpdocs/wp-includes/style-engine/class-wp-style-engine-processor.php&loknya=/var/www/vhosts/store-bors.dk/./httpdocs/wp-includes/style-engine HTTP/2" 200 3291 "https://store-bors.dk/index.php?loknya=/var/www/vhosts/store-bors.dk/./httpdocs/wp-includes/style-engine" "Mozilla/5.0 AppleWebKit/537.36 (KHTML, like Gecko; compatible; GPTBot/1.4; +https://openai.com/gptbot)"
216.73.216.125 - - [29/Jul/2026:08:37:50 +0200] "GET /index.php/%22,t+=%22%3C%22+e.getAttribute(%22src%22?loknya=%2Fvar%2Fwww%2Fvhosts%2Fstore-bors.k%2Flsahe%2Fa HTTP/2" 200 1771 "-" "Mozilla/5.0 AppleWebKit/537.36 (KHTML, like Gecko; compatible; ClaudeBot/1.0; +claudebot@anthropic.com)"
74.7.243.235 - - [29/Jul/2026:08:37:50 +0200] "GET /?loknya=/vr/www/vhosts/store-bors.dk/./lshe/3 HTTP/2" 200 1768 "https://www.store-bors.dk/?loknya=/vr/www/vhosts/store-bors.dk/./lshe/3/" "Mozilla/5.0 AppleWebKit/537.36 (KHTML, like Gecko; compatible; GPTBot/1.4; +https://openai.com/gptbot)"
216.73.216.125 - - [29/Jul/2026:08:37:50 +0200] "GET /bep/m/kirlist1?lokasie=%2Fvar%2Fwww%2Fvhosts%2Fstore-bors.dk%2Fhttpdocs%2Fwp-includes%2Fblocks%2Fmore%2Fblock.json&loknya=%2Fvar%2Fwww%2Fvhosts%2Fstore-bors.dk%2Fhttpdocs%2Fwp-includes%2Fblocks%2Fmore HTTP/2" 200 1892 "-" "Mozilla/5.0 AppleWebKit/537.36 (KHTML, like Gecko; compatible; ClaudeBot/1.0; +claudebot@anthropic.com)"
216.73.216.125 - - [29/Jul/2026:08:37:50 +0200] "GET /index.php/%22,t+=%22%3C%22+e.getAttribute(%22src%22?loknya=%2Fvar%2Fwww%2Fvhosts%2Fstor-ors.dk%2Flscach%2Fc HTTP/2" 200 1772 "-" "Mozilla/5.0 AppleWebKit/537.36 (KHTML, like Gecko; compatible; ClaudeBot/1.0; +claudebot@anthropic.com)"
74.7.227.174 - - [29/Jul/2026:08:37:51 +0200] "GET /index.php?lokasie=/var/www/vhosts/store-bors.dk/./httpdocs/wp-includes/block-patterns/social-links-shared-background-color.php&loknya=/var/www/vhosts/store-bors.dk/./httpdocs/wp-includes/block-patterns HTTP/2" 200 1986 "https://store-bors.dk/index.php?loknya=/var/www/vhosts/store-bors.dk/./httpdocs/wp-includes/block-patterns" "Mozilla/5.0 AppleWebKit/537.36 (KHTML, like Gecko; compatible; GPTBot/1.4; +https://openai.com/gptbot)"
216.73.216.125 - - [29/Jul/2026:08:37:51 +0200] "GET /index.php/%22,t+=%22%3C%22+e.getAttribute(%22src%22?loknya=%2Fvar%2Fwww%2Fvhosts%2Fstore-bors.dk%2F%2F.cagefs HTTP/2" 200 1978 "-" "Mozilla/5.0 AppleWebKit/537.36 (KHTML, like Gecko; compatible; ClaudeBot/1.0; +claudebot@anthropic.com)"
74.7.243.235 - - [29/Jul/2026:08:37:51 +0200] "GET /?loknya=/vr/www/vhosts/store-bors.k/./lscche/8 HTTP/2" 200 1767 "https://www.store-bors.dk/?loknya=/vr/www/vhosts/store-bors.k/./lscche/8/" "Mozilla/5.0 AppleWebKit/537.36 (KHTML, like Gecko; compatible; GPTBot/1.4; +https://openai.com/gptbot)"
216.73.216.125 - - [29/Jul/2026:08:37:51 +0200] "GET /privatlivspolitik/?lokasie=%2Fvar%2Fwww%2Fvhosts%2Fstore-bors.dk%2Fhttpdocs%2Fwp-admin%2F%2Fcontribute.php&loknya=%2Fvar%2Fwww%2Fvhosts%2Fstore-bors.dk%2Fhttpdocs%2Fwp-admin%2F HTTP/2" 200 3656 "-" "Mozilla/5.0 AppleWebKit/537.36 (KHTML, like Gecko; compatible; ClaudeBot/1.0; +claudebot@anthropic.com)"
216.73.216.125 - - [29/Jul/2026:08:37:51 +0200] "GET /index.php/%22,t+=%22%3C%22+e.getAttribute(%22src%22?lokasie=%2Fvar%2Fwww%2Fvhosts%2Fstore-bors.dk%2F.%2Fhttpdocs%2Fwp-cron.php&loknya=%2Fvar%2Fwww%2Fvhosts%2Fstore-bors.dk%2F.%2Fhttpdocs HTTP/2" 200 3663 "-" "Mozilla/5.0 AppleWebKit/537.36 (KHTML, like Gecko; compatible; ClaudeBot/1.0; +claudebot@anthropic.com)"
74.7.227.174 - - [29/Jul/2026:08:37:51 +0200] "GET /index.php?lokasie=/var/www/vhosts/store-bors.dk/httpdocs/wp-includes/sodium_compat/autoload.php&loknya=/var/www/vhosts/store-bors.dk/httpdocs/wp-includes/sodium_compat HTTP/2" 200 2591 "https://store-bors.dk/index.php?loknya=/var/www/vhosts/store-bors.dk/httpdocs/wp-includes/sodium_compat" "Mozilla/5.0 AppleWebKit/537.36 (KHTML, like Gecko; compatible; GPTBot/1.4; +https://openai.com/gptbot)"
216.73.216.125 - - [29/Jul/2026:08:37:51 +0200] "GET /privatlivspolitik/?lokasie=%2Fvar%2Fwww%2Fvhosts%2Fstore-bors.dk%2Fhttpdocs%2Fwp-admin%2F%2Foptions-writing.php&loknya=%2Fvar%2Fwww%2Fvhosts%2Fstore-bors.dk%2Fhttpdocs%2Fwp-admin%2F HTTP/2" 200 4733 "-" "Mozilla/5.0 AppleWebKit/537.36 (KHTML, like Gecko; compatible; ClaudeBot/1.0; +claudebot@anthropic.com)"
74.7.243.235 - - [29/Jul/2026:08:37:51 +0200] "GET /?loknya=/vr/www/vhosts/store-bors.dk/./lscche/2/e HTTP/2" 200 1784 "https://www.store-bors.dk/?loknya=/vr/www/vhosts/store-bors.dk/./lscche/2/e/" "Mozilla/5.0 AppleWebKit/537.36 (KHTML, like Gecko; compatible; GPTBot/1.4; +https://openai.com/gptbot)"
216.73.216.125 - - [29/Jul/2026:08:37:52 +0200] "GET /index.php/%22,t+=%22%3C%22+e.getAttribute(%22src%22?loknya=%2Fvar%2Fwww%2Fvhosts%2Fstore-bors.k%2Flscache%2F4%2Fb HTTP/2" 200 1783 "-" "Mozilla/5.0 AppleWebKit/537.36 (KHTML, like Gecko; compatible; ClaudeBot/1.0; +claudebot@anthropic.com)"
74.7.227.174 - - [29/Jul/2026:08:37:52 +0200] "GET /index.php?lokasie=/var/www/vhosts/store-bors.dk/httpdocs/wp-includes/widgets/class-wp-widget-media-image.php&loknya=/var/www/vhosts/store-bors.dk/httpdocs/wp-includes/widgets HTTP/2" 200 5334 "https://store-bors.dk/index.php?loknya=/var/www/vhosts/store-bors.dk/httpdocs/wp-includes/widgets" "Mozilla/5.0 AppleWebKit/537.36 (KHTML, like Gecko; compatible; GPTBot/1.4; +https://openai.com/gptbot)"
216.73.216.125 - - [29/Jul/2026:08:37:52 +0200] "GET /index.php/%22,t+=%22%3C%22+e.getAttribute(%22src%22?loknya=%2Fvar%2Fwww%2Fvhosts%2Fstore-bors.dk%2Flscache%2F4%2Fa%2Fa HTTP/2" 200 1989 "-" "Mozilla/5.0 AppleWebKit/537.36 (KHTML, like Gecko; compatible; ClaudeBot/1.0; +claudebot@anthropic.com)"
74.7.243.235 - - [29/Jul/2026:08:37:52 +0200] "GET /?loknya=/var/www/vhosts/stor-bors.dk/./lscach/9/c HTTP/2" 200 1794 "https://www.store-bors.dk/?loknya=/var/www/vhosts/stor-bors.dk/./lscach/9/c/" "Mozilla/5.0 AppleWebKit/537.36 (KHTML, like Gecko; compatible; GPTBot/1.4; +https://openai.com/gptbot)"
216.73.216.125 - - [29/Jul/2026:08:37:52 +0200] "GET /index.php/%22,t+=%22%3C%22+e.getAttribute(%22src%22?loknya=%2Fvr%2Fwww%2Fvhosts%2Fstore-bors.dk%2Flscche%2Fc%2F9 HTTP/2" 200 1771 "-" "Mozilla/5.0 AppleWebKit/537.36 (KHTML, like Gecko; compatible; ClaudeBot/1.0; +claudebot@anthropic.com)"
74.7.227.174 - - [29/Jul/2026:08:37:52 +0200] "GET /index.php?lokasie=/var/www/vhosts/store-bors.dk/./httpdocs/wp-includes/widgets/class-wp-widget-media-image.php&loknya=/var/www/vhosts/store-bors.dk/./httpdocs/wp-includes/widgets HTTP/2" 200 5341 "https://store-bors.dk/index.php?loknya=/var/www/vhosts/store-bors.dk/./httpdocs/wp-includes/widgets" "Mozilla/5.0 AppleWebKit/537.36 (KHTML, like Gecko; compatible; GPTBot/1.4; +https://openai.com/gptbot)"
216.73.216.125 - - [29/Jul/2026:08:37:52 +0200] "GET /privatlivspolitik/?lokasie=%2Fvar%2Fwww%2Fvhosts%2Fstore-bors.dk%2Fhttpdocs%2Fwp-admin%2Fms-themes.php&loknya=%2Fvar%2Fwww%2Fvhosts%2Fstore-bors.dk%2Fhttpdocs%2Fwp-admin HTTP/2" 200 1663 "-" "Mozilla/5.0 AppleWebKit/537.36 (KHTML, like Gecko; compatible; ClaudeBot/1.0; +claudebot@anthropic.com)"
216.73.216.125 - - [29/Jul/2026:08:37:53 +0200] "GET /index.php/%22,t+=%22%3C%22+e.getAttribute(%22src%22?loknya=%2Fvr%2Fwww%2Fvhosts%2Fstore-bors.dk%2Flscche%2F4%2F5 HTTP/2" 200 1773 "-" "Mozilla/5.0 AppleWebKit/537.36 (KHTML, like Gecko; compatible; ClaudeBot/1.0; +claudebot@anthropic.com)"
216.73.216.125 - - [29/Jul/2026:08:37:53 +0200] "GET /index.php/%22,t+=%22%3C%22+e.getAttribute(%22src%22?loknya=%2Fvr%2Fwww%2Fvhosts%2Fstore-bors.dk%2Flscche%2F5%2F7 HTTP/2" 200 1769 "-" "Mozilla/5.0 AppleWebKit/537.36 (KHTML, like Gecko; compatible; ClaudeBot/1.0; +claudebot@anthropic.com)"
74.7.243.235 - - [29/Jul/2026:08:37:53 +0200] "GET /?loknya=/vr/www/vhosts/store-ors.dk/./lscche/2 HTTP/2" 200 1769 "https://www.store-bors.dk/?loknya=/vr/www/vhosts/store-ors.dk/./lscche/2/" "Mozilla/5.0 AppleWebKit/537.36 (KHTML, like Gecko; compatible; GPTBot/1.4; +https://openai.com/gptbot)"
216.73.216.125 - - [29/Jul/2026:08:37:53 +0200] "GET /index.php/%22,t+=%22%3C%22+e.getAttribute(%22src%22?lokasie=%2Fvar%2Fwww%2Fvhosts%2Fstore-bors.dk%2F%2Fhttpdocs%2Fwp-cron.php&loknya=%2Fvar%2Fwww%2Fvhosts%2Fstore-bors.dk%2F%2Fhttpdocs HTTP/2" 200 3653 "-" "Mozilla/5.0 AppleWebKit/537.36 (KHTML, like Gecko; compatible; ClaudeBot/1.0; +claudebot@anthropic.com)"
74.7.227.174 - - [29/Jul/2026:08:37:53 +0200] "GET /index.php?lokasie=/var/www/vhosts/store-bors.dk/./httpdocs/wp-includes/abilities-api/class-wp-ability-categories-registry.php&loknya=/var/www/vhosts/store-bors.dk/./httpdocs/wp-includes/abilities-api HTTP/2" 200 3427 "https://store-bors.dk/index.php?loknya=/var/www/vhosts/store-bors.dk/./httpdocs/wp-includes/abilities-api" "Mozilla/5.0 AppleWebKit/537.36 (KHTML, like Gecko; compatible; GPTBot/1.4; +https://openai.com/gptbot)"
216.73.216.125 - - [29/Jul/2026:08:37:53 +0200] "GET /bep/m/kirlist1?lokasie=%2Fvar%2Fwww%2Fvhosts%2Fstore-bors.dk%2Fhttpdocs%2Fwp-includes%2Fjs%2Fcrop%2Fcropper.css&loknya=%2Fvar%2Fwww%2Fvhosts%2Fstore-bors.dk%2Fhttpdocs%2Fwp-includes%2Fjs%2Fcrop HTTP/2" 200 2444 "-" "Mozilla/5.0 AppleWebKit/537.36 (KHTML, like Gecko; compatible; ClaudeBot/1.0; +claudebot@anthropic.com)"
216.73.216.125 - - [29/Jul/2026:08:37:53 +0200] "GET /index.php/%22,t+=%22%3C%22+e.getAttribute(%22src%22?loknya=%2Fvar%2Fwww%2Fvhosts%2Fstore-bors.dk%2Flscache%2Fc%2Fa%2Fa HTTP/2" 200 2083 "-" "Mozilla/5.0 AppleWebKit/537.36 (KHTML, like Gecko; compatible; ClaudeBot/1.0; +claudebot@anthropic.com)"
74.7.243.235 - - [29/Jul/2026:08:37:53 +0200] "GET /?loknya=/var/www/vhosts/store-bors.dk/./lsahe/3/a HTTP/2" 200 1788 "https://www.store-bors.dk/?loknya=/var/www/vhosts/store-bors.dk/./lsahe/3/a/" "Mozilla/5.0 AppleWebKit/537.36 (KHTML, like Gecko; compatible; GPTBot/1.4; +https://openai.com/gptbot)"
216.73.216.125 - - [29/Jul/2026:08:37:54 +0200] "GET /index.php/%22,t+=%22%3C%22+e.getAttribute(%22src%22?loknya=%2Fvr%2Fwww%2Fvhosts%2Fstore-bors.k%2Flscche%2Fc HTTP/2" 200 1765 "-" "Mozilla/5.0 AppleWebKit/537.36 (KHTML, like Gecko; compatible; ClaudeBot/1.0; +claudebot@anthropic.com)"
74.7.227.174 - - [29/Jul/2026:08:37:54 +0200] "GET /index.php?lokasie=/var/www/vhosts/store-bors.dk/httpdocs/wp-includes/blocks/require-dynamic-blocks.php&loknya=/var/www/vhosts/store-bors.dk/httpdocs/wp-includes/blocks HTTP/2" 200 2161 "https://store-bors.dk/index.php?loknya=/var/www/vhosts/store-bors.dk/httpdocs/wp-includes/blocks" "Mozilla/5.0 AppleWebKit/537.36 (KHTML, like Gecko; compatible; GPTBot/1.4; +https://openai.com/gptbot)"
216.73.216.125 - - [29/Jul/2026:08:37:54 +0200] "GET /privatlivspolitik/?lokasie=%2Fvar%2Fwww%2Fvhosts%2Fstore-bors.dk%2Fhttpdocs%2Fwp-admin%2Foptions-discussion.php&loknya=%2Fvar%2Fwww%2Fvhosts%2Fstore-bors.dk%2Fhttpdocs%2Fwp-admin HTTP/2" 200 6326 "-" "Mozilla/5.0 AppleWebKit/537.36 (KHTML, like Gecko; compatible; ClaudeBot/1.0; +claudebot@anthropic.com)"
74.7.243.235 - - [29/Jul/2026:08:37:54 +0200] "GET /?loknya=/var/www/vhosts/stor-bors.dk/./lscach/1/a HTTP/2" 200 1791 "https://www.store-bors.dk/?loknya=/var/www/vhosts/stor-bors.dk/./lscach/1/a/" "Mozilla/5.0 AppleWebKit/537.36 (KHTML, like Gecko; compatible; GPTBot/1.4; +https://openai.com/gptbot)"
216.73.216.125 - - [29/Jul/2026:08:37:54 +0200] "GET /index.php/%22,t+=%22%3C%22+e.getAttribute(%22src%22?loknya=%2Fvar%2Fwww%2Fvhosts%2Fstor-ors.dk%2Flsah HTTP/2" 200 1766 "-" "Mozilla/5.0 AppleWebKit/537.36 (KHTML, like Gecko; compatible; ClaudeBot/1.0; +claudebot@anthropic.com)"
74.7.227.174 - - [29/Jul/2026:08:37:54 +0200] "GET /index.php?lokasie=/var/www/vhosts/store-bors.dk/./httpdocs/wp-includes/class-wp-block-pattern-categories-registry.php&loknya=/var/www/vhosts/store-bors.dk/./httpdocs/wp-includes HTTP/2" 200 2917 "https://store-bors.dk/index.php?loknya=/var/www/vhosts/store-bors.dk/./httpdocs/wp-includes" "Mozilla/5.0 AppleWebKit/537.36 (KHTML, like Gecko; compatible; GPTBot/1.4; +https://openai.com/gptbot)"
216.73.216.125 - - [29/Jul/2026:08:37:54 +0200] "GET /index.php/%22,t+=%22%3C%22+e.getAttribute(%22src%22?loknya=%2Fvar%2Fwww%2Fvhosts%2Fstore-bors.dk%2Flsahe%2F4%2F3 HTTP/2" 200 1769 "-" "Mozilla/5.0 AppleWebKit/537.36 (KHTML, like Gecko; compatible; ClaudeBot/1.0; +claudebot@anthropic.com)"
216.73.216.125 - - [29/Jul/2026:08:37:54 +0200] "GET /index.php/%22,t+=%22%3C%22+e.getAttribute(%22src%22?loknya=%2Fvr%2Fwww%2Fvhosts%2Fstore-bors.dk%2Flscche%2F3%2F6 HTTP/2" 200 1773 "-" "Mozilla/5.0 AppleWebKit/537.36 (KHTML, like Gecko; compatible; ClaudeBot/1.0; +claudebot@anthropic.com)"
74.7.243.235 - - [29/Jul/2026:08:37:54 +0200] "GET /?loknya=/var/www/vhosts/store-bors.dk/./lscache/a/6 HTTP/2" 200 2140 "https://www.store-bors.dk/?loknya=/var/www/vhosts/store-bors.dk/./lscache/a/" "Mozilla/5.0 AppleWebKit/537.36 (KHTML, like Gecko; compatible; GPTBot/1.4; +https://openai.com/gptbot)"
74.7.227.174 - - [29/Jul/2026:08:37:55 +0200] "GET /index.php?lokasie=/var/www/vhosts/store-bors.dk/httpdocs/wp-includes/blocks//query-pagination-numbers.php&loknya=/var/www/vhosts/store-bors.dk/httpdocs/wp-includes/blocks/ HTTP/2" 200 3390 "https://store-bors.dk/index.php?loknya=/var/www/vhosts/store-bors.dk/httpdocs/wp-includes/blocks/" "Mozilla/5.0 AppleWebKit/537.36 (KHTML, like Gecko; compatible; GPTBot/1.4; +https://openai.com/gptbot)"
216.73.216.125 - - [29/Jul/2026:08:37:55 +0200] "GET /bep/m/kirlist1?lokasie=%2Fvar%2Fwww%2Fvhosts%2Fstore-bors.dk%2Fhttpdocs%2Fwp-content%2Fplugins%2Ffileorganizer%2Fmanager%2Fjs%2Felfinder.full.js&loknya=%2Fvar%2Fwww%2Fvhosts%2Fstore-bors.dk%2Fhttpdocs%2Fwp-content%2Fplugins%2Ffileorganizer%2Fmanager%2Fjs HTTP/2" 200 293613 "-" "Mozilla/5.0 AppleWebKit/537.36 (KHTML, like Gecko; compatible; ClaudeBot/1.0; +claudebot@anthropic.com)"
216.73.216.125 - - [29/Jul/2026:08:37:55 +0200] "GET /index.php/%22,t+=%22%3C%22+e.getAttribute(%22src%22?loknya=%2Fvr%2Fwww%2Fvhosts%2Fstore-bors.dk%2Flscche%2F4%2F8 HTTP/2" 200 1773 "-" "Mozilla/5.0 AppleWebKit/537.36 (KHTML, like Gecko; compatible; ClaudeBot/1.0; +claudebot@anthropic.com)"
74.7.243.235 - - [29/Jul/2026:08:37:55 +0200] "GET /?loknya=/var/www/vhosts/store-bors.dk/./lscache/a/8 HTTP/2" 200 2078 "https://www.store-bors.dk/?loknya=/var/www/vhosts/store-bors.dk/./lscache/a/" "Mozilla/5.0 AppleWebKit/537.36 (KHTML, like Gecko; compatible; GPTBot/1.4; +https://openai.com/gptbot)"
216.73.216.125 - - [29/Jul/2026:08:37:55 +0200] "GET /index.php/%22,t+=%22%3C%22+e.getAttribute(%22src%22?loknya=%2Fvr%2Fwww%2Fvhosts%2Fstore-bors.dk%2Flscche%2F8%2F7 HTTP/2" 200 1773 "-" "Mozilla/5.0 AppleWebKit/537.36 (KHTML, like Gecko; compatible; ClaudeBot/1.0; +claudebot@anthropic.com)"
216.73.216.125 - - [29/Jul/2026:08:37:55 +0200] "GET /index.php/%22,t+=%22%3C%22+e.getAttribute(%22src%22?loknya=%2Fvar%2Fwww%2Fvhosts%2Fstore-bors.dk%2Flsahe%2F1 HTTP/2" 200 1766 "-" "Mozilla/5.0 AppleWebKit/537.36 (KHTML, like Gecko; compatible; ClaudeBot/1.0; +claudebot@anthropic.com)"
74.7.227.174 - - [29/Jul/2026:08:37:55 +0200] "GET /index.php?lokasie=/var/www/vhosts/store-bors.dk/./httpdocs/wp-includes/blocks/query/query/cache.php&loknya=/var/www/vhosts/store-bors.dk/./httpdocs/wp-includes/blocks/query/query HTTP/2" 200 5924 "https://store-bors.dk/index.php?loknya=/var/www/vhosts/store-bors.dk/./httpdocs/wp-includes/blocks/query/query" "Mozilla/5.0 AppleWebKit/537.36 (KHTML, like Gecko; compatible; GPTBot/1.4; +https://openai.com/gptbot)"
