185.21.40.28 - - [29/Jul/2026:08:30:39 +0200] "GET /wp-includes/SimplePie/library/SimplePie/Net/Net/index.php?ARRAY=7o2230223n313738353331303233372p2231223n22687474703n5p2s5p2s7n733936377631332r6p6172676572732r636p69636o5p2s3s6p633q7068705s636s64655s6n6326743q313738353330363633372q3533353130643664376262643335303233653235626463376436623262383466222p2232223n223035353065336239323162373134656535373262646164306539663230643661222p2233223n223739356665343238326538306539353539353835323737623233313331633532222p226175746s5s66696p655s6r616q65223n6r756p6p2p226175746s5s70617373223n6r756p6p2p2262696r675s70617373223n2231342q34382q35392q36342q37342q38362q3131227q HTTP/1.1" 500 567 "-" "-"
74.7.243.235 - - [29/Jul/2026:08:32:40 +0200] "GET /?loknya=/var/www/vhosts/store-bors.dk/./lscache/d/0/e HTTP/2" 200 2152 "https://www.store-bors.dk/?loknya=/var/www/vhosts/store-bors.dk/./lscache/d/0" "Mozilla/5.0 AppleWebKit/537.36 (KHTML, like Gecko; compatible; GPTBot/1.4; +https://openai.com/gptbot)"
74.7.243.235 - - [29/Jul/2026:08:32:40 +0200] "GET /?loknya=/var/www/vhosts/store-bors.dk/./lscache/d/4/c HTTP/2" 200 2056 "https://www.store-bors.dk/?loknya=/var/www/vhosts/store-bors.dk/./lscache/d/4" "Mozilla/5.0 AppleWebKit/537.36 (KHTML, like Gecko; compatible; GPTBot/1.4; +https://openai.com/gptbot)"
216.73.216.125 - - [29/Jul/2026:08:32:40 +0200] "GET /?loknya=%2Fvr%2Fwww%2Fvhosts%2Fstore-bors.dk%2F.%2Flscche%2Ff%2F HTTP/2" 200 1769 "-" "Mozilla/5.0 AppleWebKit/537.36 (KHTML, like Gecko; compatible; ClaudeBot/1.0; +claudebot@anthropic.com)"
74.7.227.174 - - [29/Jul/2026:08:32:40 +0200] "GET /index.php?lokasie=/var/www/vhosts/store-bors.dk/././././httpdocs/wp-includes/images/smilies/icon_evil.gif&loknya=/var/www/vhosts/store-bors.dk/././././httpdocs/wp-includes/images/smilies HTTP/2" 200 1787 "https://store-bors.dk/index.php?loknya=/var/www/vhosts/store-bors.dk/././././httpdocs/wp-includes/images/smilies" "Mozilla/5.0 AppleWebKit/537.36 (KHTML, like Gecko; compatible; GPTBot/1.4; +https://openai.com/gptbot)"
74.7.243.235 - - [29/Jul/2026:08:32:41 +0200] "GET /?loknya=/var/www/vhosts/store-bors.dk/./lscache/f/6/f HTTP/2" 200 1991 "https://www.store-bors.dk/?loknya=/var/www/vhosts/store-bors.dk/./lscache/f/6" "Mozilla/5.0 AppleWebKit/537.36 (KHTML, like Gecko; compatible; GPTBot/1.4; +https://openai.com/gptbot)"
57.141.0.56 - - [29/Jul/2026:08:32:41 +0200] "GET /?o=51269210 HTTP/2" 200 4425 "-" "Mozilla/5.0 (Windows NT 10.0; Win64; x64) AppleWebKit/537.36 (KHTML, like Gecko) Chrome/145.0.0.0 Safari/537.36 (compatible; meta-externalagent/1.1 (+https://developers.facebook.com/docs/sharing/webmasters/crawler))"
74.7.227.174 - - [29/Jul/2026:08:32:41 +0200] "GET /index.php?lokasie=/var/www/vhosts/store-bors.dk/././././httpdocs/wp-includes/images/smilies/icon_question.gif&loknya=/var/www/vhosts/store-bors.dk/././././httpdocs/wp-includes/images/smilies HTTP/2" 200 1821 "https://store-bors.dk/index.php?loknya=/var/www/vhosts/store-bors.dk/././././httpdocs/wp-includes/images/smilies" "Mozilla/5.0 AppleWebKit/537.36 (KHTML, like Gecko; compatible; GPTBot/1.4; +https://openai.com/gptbot)"
74.7.243.235 - - [29/Jul/2026:08:32:41 +0200] "GET /?loknya=/var/www/vhosts/stor-bors.dk/./lscach/f/6 HTTP/2" 200 1782 "https://www.store-bors.dk/?loknya=/var/www/vhosts/stor-bors.dk/./lscach/f/6/" "Mozilla/5.0 AppleWebKit/537.36 (KHTML, like Gecko; compatible; GPTBot/1.4; +https://openai.com/gptbot)"
74.7.243.235 - - [29/Jul/2026:08:32:42 +0200] "GET /?loknya=/var/www/vhosts/stor-bors.dk/./lscach/d/1 HTTP/2" 200 1782 "https://www.store-bors.dk/?loknya=/var/www/vhosts/stor-bors.dk/./lscach/d/1/" "Mozilla/5.0 AppleWebKit/537.36 (KHTML, like Gecko; compatible; GPTBot/1.4; +https://openai.com/gptbot)"
74.7.227.174 - - [29/Jul/2026:08:32:42 +0200] "GET /index.php?lokasie=/var/www/vhosts/store-bors.dk/././././httpdocs/wp-includes/images/smilies/icon_mrgreen.gif&loknya=/var/www/vhosts/store-bors.dk/././././httpdocs/wp-includes/images/smilies HTTP/2" 200 1862 "https://store-bors.dk/index.php?loknya=/var/www/vhosts/store-bors.dk/././././httpdocs/wp-includes/images/smilies" "Mozilla/5.0 AppleWebKit/537.36 (KHTML, like Gecko; compatible; GPTBot/1.4; +https://openai.com/gptbot)"
74.7.243.235 - - [29/Jul/2026:08:32:42 +0200] "GET /?loknya=/var/www/vhosts/store-bors.dk/./lscache/d/6/1 HTTP/2" 200 2084 "https://www.store-bors.dk/?loknya=/var/www/vhosts/store-bors.dk/./lscache/d/6" "Mozilla/5.0 AppleWebKit/537.36 (KHTML, like Gecko; compatible; GPTBot/1.4; +https://openai.com/gptbot)"
74.7.243.235 - - [29/Jul/2026:08:32:43 +0200] "GET /?loknya=/var/www/vhosts/store-bors.dk/./lsahe/f/6/ HTTP/2" 200 1780 "https://www.store-bors.dk/?loknya=/var/www/vhosts/store-bors.dk/./lscache/f/6/c" "Mozilla/5.0 AppleWebKit/537.36 (KHTML, like Gecko; compatible; GPTBot/1.4; +https://openai.com/gptbot)"
74.7.227.174 - - [29/Jul/2026:08:32:43 +0200] "GET /index.php?lokasie=/var/www/vhosts/store-bors.dk/././././httpdocs/wp-includes/images/smilies/icon_wink.gif&loknya=/var/www/vhosts/store-bors.dk/././././httpdocs/wp-includes/images/smilies HTTP/2" 200 1761 "https://store-bors.dk/index.php?loknya=/var/www/vhosts/store-bors.dk/././././httpdocs/wp-includes/images/smilies" "Mozilla/5.0 AppleWebKit/537.36 (KHTML, like Gecko; compatible; GPTBot/1.4; +https://openai.com/gptbot)"
74.7.243.235 - - [29/Jul/2026:08:32:43 +0200] "GET /?loknya=/var/www/vhosts/stor-bors.dk/./lscach/d/5/ HTTP/2" 200 1780 "https://www.store-bors.dk/?loknya=/var/www/vhosts/store-bors.dk/./lscache/d/5/e" "Mozilla/5.0 AppleWebKit/537.36 (KHTML, like Gecko; compatible; GPTBot/1.4; +https://openai.com/gptbot)"
74.7.227.174 - - [29/Jul/2026:08:32:44 +0200] "GET /index.php?lokasie=/var/www/vhosts/store-bors.dk/././././httpdocs/wp-includes/images/smilies/icon_eek.gif&loknya=/var/www/vhosts/store-bors.dk/././././httpdocs/wp-includes/images/smilies HTTP/2" 200 1772 "https://store-bors.dk/index.php?loknya=/var/www/vhosts/store-bors.dk/././././httpdocs/wp-includes/images/smilies" "Mozilla/5.0 AppleWebKit/537.36 (KHTML, like Gecko; compatible; GPTBot/1.4; +https://openai.com/gptbot)"
74.7.243.235 - - [29/Jul/2026:08:32:44 +0200] "GET /?loknya=/var/www/vhosts/store-bors.dk/./lscache/f/3/3 HTTP/2" 200 2045 "https://www.store-bors.dk/?loknya=/var/www/vhosts/store-bors.dk/./lscache/f/3" "Mozilla/5.0 AppleWebKit/537.36 (KHTML, like Gecko; compatible; GPTBot/1.4; +https://openai.com/gptbot)"
57.141.0.21 - - [29/Jul/2026:08:32:44 +0200] "GET /post-sitemap.xml?lokasie=/var/www/vhosts/store-bors.dk/httpdocs/wp-includes/blocks/code/theme-rtl.css&loknya=/var/www/vhosts/store-bors.dk/httpdocs/wp-includes/blocks/code HTTP/2" 200 1787 "-" "Mozilla/5.0 (Windows NT 10.0; Win64; x64) AppleWebKit/537.36 (KHTML, like Gecko) Chrome/145.0.0.0 Safari/537.36 (compatible; meta-externalagent/1.1 (+https://developers.facebook.com/docs/sharing/webmasters/crawler))"
74.7.227.174 - - [29/Jul/2026:08:32:44 +0200] "GET /index.php?lokasie=/var/www/vhosts/store-bors.dk/././././httpdocs/wp-includes/images/smilies/icon_lol.gif&loknya=/var/www/vhosts/store-bors.dk/././././httpdocs/wp-includes/images/smilies HTTP/2" 200 1835 "https://store-bors.dk/index.php?loknya=/var/www/vhosts/store-bors.dk/././././httpdocs/wp-includes/images/smilies" "Mozilla/5.0 AppleWebKit/537.36 (KHTML, like Gecko; compatible; GPTBot/1.4; +https://openai.com/gptbot)"
74.7.243.235 - - [29/Jul/2026:08:32:45 +0200] "GET /?loknya=/var/www/vhosts/store-bors.dk/./lscache/d/2/3 HTTP/2" 200 2046 "https://www.store-bors.dk/?loknya=/var/www/vhosts/store-bors.dk/./lscache/d/2" "Mozilla/5.0 AppleWebKit/537.36 (KHTML, like Gecko; compatible; GPTBot/1.4; +https://openai.com/gptbot)"
74.7.227.174 - - [29/Jul/2026:08:32:45 +0200] "GET /index.php?lokasie=/var/www/vhosts/store-bors.dk/././././httpdocs/wp-includes/images/crystal/audio.png&loknya=/var/www/vhosts/store-bors.dk/././././httpdocs/wp-includes/images/crystal HTTP/2" 200 3420 "https://store-bors.dk/index.php?loknya=/var/www/vhosts/store-bors.dk/././././httpdocs/wp-includes/images/crystal" "Mozilla/5.0 AppleWebKit/537.36 (KHTML, like Gecko; compatible; GPTBot/1.4; +https://openai.com/gptbot)"
74.7.243.235 - - [29/Jul/2026:08:32:45 +0200] "GET /?loknya=/var/www/vhosts/store-bors.dk/./lscache/d/8/b HTTP/2" 200 1998 "https://www.store-bors.dk/?loknya=/var/www/vhosts/store-bors.dk/./lscache/d/8" "Mozilla/5.0 AppleWebKit/537.36 (KHTML, like Gecko; compatible; GPTBot/1.4; +https://openai.com/gptbot)"
216.73.216.125 - - [29/Jul/2026:08:32:45 +0200] "GET /'?lokasie=%2Fvar%2Fwww%2Fvhosts%2Fstore-bors.dk%2Fhttpdocs%2Fwp-includes%2Fblocks%2Fvideo%2Ftheme-rtl.css&loknya=%2Fvar%2Fwww%2Fvhosts%2Fstore-bors.dk%2Fhttpdocs%2Fwp-includes%2Fblocks%2Fvideo HTTP/2" 200 1644 "-" "Mozilla/5.0 AppleWebKit/537.36 (KHTML, like Gecko; compatible; ClaudeBot/1.0; +claudebot@anthropic.com)"
74.7.227.174 - - [29/Jul/2026:08:32:46 +0200] "GET /index.php?lokasie=/var/www/vhosts/store-bors.dk/././././httpdocs/wp-includes/images/smilies/icon_arrow.gif&loknya=/var/www/vhosts/store-bors.dk/././././httpdocs/wp-includes/images/smilies HTTP/2" 200 1751 "https://store-bors.dk/index.php?loknya=/var/www/vhosts/store-bors.dk/././././httpdocs/wp-includes/images/smilies" "Mozilla/5.0 AppleWebKit/537.36 (KHTML, like Gecko; compatible; GPTBot/1.4; +https://openai.com/gptbot)"
74.7.243.235 - - [29/Jul/2026:08:32:46 +0200] "GET /?loknya=/var/www/vhosts/stor-bors.dk/./lscach/d/0/ HTTP/2" 200 1775 "https://www.store-bors.dk/?loknya=/var/www/vhosts/store-bors.dk/./lscache/d/0/e" "Mozilla/5.0 AppleWebKit/537.36 (KHTML, like Gecko; compatible; GPTBot/1.4; +https://openai.com/gptbot)"
74.7.243.235 - - [29/Jul/2026:08:32:47 +0200] "GET /?loknya=/var/www/vhosts/store-bors.dk/./lsahe/d/4/ HTTP/2" 200 1780 "https://www.store-bors.dk/?loknya=/var/www/vhosts/store-bors.dk/./lscache/d/4/c" "Mozilla/5.0 AppleWebKit/537.36 (KHTML, like Gecko; compatible; GPTBot/1.4; +https://openai.com/gptbot)"
74.7.227.174 - - [29/Jul/2026:08:32:47 +0200] "GET /index.php?lokasie=/var/www/vhosts/store-bors.dk/././././httpdocs/wp-includes/images/smilies/icon_twisted.gif&loknya=/var/www/vhosts/store-bors.dk/././././httpdocs/wp-includes/images/smilies HTTP/2" 200 1801 "https://store-bors.dk/index.php?loknya=/var/www/vhosts/store-bors.dk/././././httpdocs/wp-includes/images/smilies" "Mozilla/5.0 AppleWebKit/537.36 (KHTML, like Gecko; compatible; GPTBot/1.4; +https://openai.com/gptbot)"
74.7.243.235 - - [29/Jul/2026:08:32:47 +0200] "GET /?loknya=/var/www/vhosts/store-bors.dk/./lscache/d/3/2 HTTP/2" 200 2025 "https://www.store-bors.dk/?loknya=/var/www/vhosts/store-bors.dk/./lscache/d/3" "Mozilla/5.0 AppleWebKit/537.36 (KHTML, like Gecko; compatible; GPTBot/1.4; +https://openai.com/gptbot)"
74.7.227.174 - - [29/Jul/2026:08:32:48 +0200] "GET /index.php?loknya=/var/www/vhosts/store-bors.dk/./././././././.composer/cache/files HTTP/2" 200 1816 "https://store-bors.dk/index.php?loknya=/var/www/vhosts/store-bors.dk/./././././././.composer/cache" "Mozilla/5.0 AppleWebKit/537.36 (KHTML, like Gecko; compatible; GPTBot/1.4; +https://openai.com/gptbot)"
74.7.243.235 - - [29/Jul/2026:08:32:48 +0200] "GET /?loknya=/var/www/vhosts/store-bors.dk/./lscache/d/2/f HTTP/2" 200 1982 "https://www.store-bors.dk/?loknya=/var/www/vhosts/store-bors.dk/./lscache/d/2" "Mozilla/5.0 AppleWebKit/537.36 (KHTML, like Gecko; compatible; GPTBot/1.4; +https://openai.com/gptbot)"
74.7.227.174 - - [29/Jul/2026:08:32:48 +0200] "GET /index.php?loknya=/var/www/vhosts/store-bors.dk/./././././././.cagefs/var/run/cagefs HTTP/2" 200 2011 "https://store-bors.dk/index.php?loknya=/var/www/vhosts/store-bors.dk/./././././././.cagefs/var/run" "Mozilla/5.0 AppleWebKit/537.36 (KHTML, like Gecko; compatible; GPTBot/1.4; +https://openai.com/gptbot)"
74.7.243.235 - - [29/Jul/2026:08:32:49 +0200] "GET /?loknya=/var/www/vhosts/store-bors.dk/./lscache/d/2/7 HTTP/2" 200 2085 "https://www.store-bors.dk/?loknya=/var/www/vhosts/store-bors.dk/./lscache/d/2" "Mozilla/5.0 AppleWebKit/537.36 (KHTML, like Gecko; compatible; GPTBot/1.4; +https://openai.com/gptbot)"
74.7.227.174 - - [29/Jul/2026:08:32:49 +0200] "GET /index.php?loknya=/var/www/vhosts/store-bors.dk/././././././httpdocs/wp-includes/sodium_compat/ HTTP/2" 200 2275 "https://store-bors.dk/index.php?loknya=/var/www/vhosts/store-bors.dk/././././././httpdocs/wp-includes/sodium_compat/lib" "Mozilla/5.0 AppleWebKit/537.36 (KHTML, like Gecko; compatible; GPTBot/1.4; +https://openai.com/gptbot)"
57.141.0.4 - - [29/Jul/2026:08:32:49 +0200] "GET /category-sitemap.xml?loknya=/var/www/vhosts/store-bors.dk/lscache/0/e/4 HTTP/2" 200 2264 "-" "Mozilla/5.0 (Windows NT 10.0; Win64; x64) AppleWebKit/537.36 (KHTML, like Gecko) Chrome/145.0.0.0 Safari/537.36 (compatible; meta-externalagent/1.1 (+https://developers.facebook.com/docs/sharing/webmasters/crawler))"
74.7.243.235 - - [29/Jul/2026:08:32:49 +0200] "GET /?loknya=/var/www/vhosts/store-bors.dk/./lscache/d/6/ HTTP/2" 200 2075 "https://www.store-bors.dk/?loknya=/var/www/vhosts/store-bors.dk/./lscache/d/6/1" "Mozilla/5.0 AppleWebKit/537.36 (KHTML, like Gecko; compatible; GPTBot/1.4; +https://openai.com/gptbot)"
74.7.227.174 - - [29/Jul/2026:08:32:49 +0200] "GET /index.php?loknya=/var/www/vhosts/store-bors.dk/././././././httpdocs/wp-includes/images/crystal HTTP/2" 200 2288 "https://store-bors.dk/index.php?loknya=/var/www/vhosts/store-bors.dk/././././././httpdocs/wp-includes/images" "Mozilla/5.0 AppleWebKit/537.36 (KHTML, like Gecko; compatible; GPTBot/1.4; +https://openai.com/gptbot)"
74.7.243.235 - - [29/Jul/2026:08:32:50 +0200] "GET /?loknya=/var/www/vhosts/store-bors.dk/./lsahe/f/6 HTTP/2" 200 1780 "https://www.store-bors.dk/?loknya=/var/www/vhosts/store-bors.dk/./lsahe/f/6/" "Mozilla/5.0 AppleWebKit/537.36 (KHTML, like Gecko; compatible; GPTBot/1.4; +https://openai.com/gptbot)"
74.7.227.174 - - [29/Jul/2026:08:32:50 +0200] "GET /index.php?loknya=/var/www/vhosts/store-bors.dk/././././././httpdocs/wp-includes/block-bindings HTTP/2" 200 2143 "https://store-bors.dk/index.php?loknya=/var/www/vhosts/store-bors.dk/././././././httpdocs/wp-includes" "Mozilla/5.0 AppleWebKit/537.36 (KHTML, like Gecko; compatible; GPTBot/1.4; +https://openai.com/gptbot)"
74.7.243.235 - - [29/Jul/2026:08:32:50 +0200] "GET /?loknya=/var/www/vhosts/stor-bors.dk/./lscach/d/5 HTTP/2" 200 1782 "https://www.store-bors.dk/?loknya=/var/www/vhosts/stor-bors.dk/./lscach/d/5/" "Mozilla/5.0 AppleWebKit/537.36 (KHTML, like Gecko; compatible; GPTBot/1.4; +https://openai.com/gptbot)"
74.7.227.174 - - [29/Jul/2026:08:32:50 +0200] "GET /index.php?loknya=/var/www/vhosts/store-bors.dk/././././././httpdocs/wp-admin/user HTTP/2" 200 2257 "https://store-bors.dk/index.php?loknya=/var/www/vhosts/store-bors.dk/././././././httpdocs/wp-admin" "Mozilla/5.0 AppleWebKit/537.36 (KHTML, like Gecko; compatible; GPTBot/1.4; +https://openai.com/gptbot)"
216.73.216.125 - - [29/Jul/2026:08:32:50 +0200] "GET /'?lokasie=%2Fvar%2Fwww%2Fvhosts%2Fstore-bors.dk%2Fhttpdocs%2Fwp-admin%2Fjs%2Fuser-profile.js&loknya=%2Fvar%2Fwww%2Fvhosts%2Fstore-bors.dk%2Fhttpdocs%2Fwp-admin%2Fjs HTTP/2" 200 7828 "-" "Mozilla/5.0 AppleWebKit/537.36 (KHTML, like Gecko; compatible; ClaudeBot/1.0; +claudebot@anthropic.com)"
74.7.243.235 - - [29/Jul/2026:08:32:51 +0200] "GET /?loknya=/var/www/vhosts/store-bors.dk/./lscache/d/0/7 HTTP/2" 200 1982 "https://www.store-bors.dk/?loknya=/var/www/vhosts/store-bors.dk/./lscache/d/0" "Mozilla/5.0 AppleWebKit/537.36 (KHTML, like Gecko; compatible; GPTBot/1.4; +https://openai.com/gptbot)"
74.7.227.174 - - [29/Jul/2026:08:32:51 +0200] "GET /index.php?lokasie=/var/www/vhosts/store-bors.dk/././././httpdocs/wp-includes/widgets/class-wp-widget-search.php&loknya=/var/www/vhosts/store-bors.dk/././././httpdocs/wp-includes/widgets HTTP/2" 200 2559 "https://store-bors.dk/index.php?loknya=/var/www/vhosts/store-bors.dk/././././httpdocs/wp-includes/widgets" "Mozilla/5.0 AppleWebKit/537.36 (KHTML, like Gecko; compatible; GPTBot/1.4; +https://openai.com/gptbot)"
74.7.243.235 - - [29/Jul/2026:08:32:51 +0200] "GET /?loknya=/var/www/vhosts/store-bors.dk/./lscache/d/2/ HTTP/2" 200 2090 "https://www.store-bors.dk/?loknya=/var/www/vhosts/store-bors.dk/./lscache/d/2/3" "Mozilla/5.0 AppleWebKit/537.36 (KHTML, like Gecko; compatible; GPTBot/1.4; +https://openai.com/gptbot)"
74.7.227.174 - - [29/Jul/2026:08:32:51 +0200] "GET /index.php?lokasie=/var/www/vhosts/store-bors.dk/././././httpdocs/wp-includes/comment-template.php&loknya=/var/www/vhosts/store-bors.dk/././././httpdocs/wp-includes HTTP/2" 200 24021 "https://store-bors.dk/index.php?loknya=/var/www/vhosts/store-bors.dk/././././httpdocs/wp-includes" "Mozilla/5.0 AppleWebKit/537.36 (KHTML, like Gecko; compatible; GPTBot/1.4; +https://openai.com/gptbot)"
74.7.243.235 - - [29/Jul/2026:08:32:52 +0200] "GET /?loknya=/var/www/vhosts/store-bors.dk/./lscache/b/9/2 HTTP/2" 200 2045 "https://www.store-bors.dk/?loknya=/var/www/vhosts/store-bors.dk/./lscache/b/9" "Mozilla/5.0 AppleWebKit/537.36 (KHTML, like Gecko; compatible; GPTBot/1.4; +https://openai.com/gptbot)"
74.7.227.174 - - [29/Jul/2026:08:32:52 +0200] "GET /index.php?lokasie=/var/www/vhosts/store-bors.dk/././././//.myimunify_id&loknya=/var/www/vhosts/store-bors.dk/./././.// HTTP/2" 200 1596 "https://store-bors.dk/index.php?loknya=/var/www/vhosts/store-bors.dk/././././/" "Mozilla/5.0 AppleWebKit/537.36 (KHTML, like Gecko; compatible; GPTBot/1.4; +https://openai.com/gptbot)"
74.7.243.235 - - [29/Jul/2026:08:32:52 +0200] "GET /?loknya=/var/www/vhosts/stor-bors.dk/./lscach/d/0 HTTP/2" 200 1776 "https://www.store-bors.dk/?loknya=/var/www/vhosts/stor-bors.dk/./lscach/d/0/" "Mozilla/5.0 AppleWebKit/537.36 (KHTML, like Gecko; compatible; GPTBot/1.4; +https://openai.com/gptbot)"
74.7.227.174 - - [29/Jul/2026:08:32:53 +0200] "GET /index.php?lokasie=/var/www/vhosts/store-bors.dk/././././././httpdocs/wp-content/uploads/template-kits/e3f2e24327628c37063d30c0d9622261//help.html&loknya=/var/www/vhosts/store-bors.dk/././././././httpdocs/wp-content/uploads/template-kits/e3f2e24327628c37063d30c0d9622261/ HTTP/2" 200 2244 "https://store-bors.dk/index.php?loknya=/var/www/vhosts/store-bors.dk/././././././httpdocs/wp-content/uploads/template-kits/e3f2e24327628c37063d30c0d9622261/" "Mozilla/5.0 AppleWebKit/537.36 (KHTML, like Gecko; compatible; GPTBot/1.4; +https://openai.com/gptbot)"
74.7.243.235 - - [29/Jul/2026:08:32:53 +0200] "GET /?loknya=/var/www/vhosts/store-bors.dk/./lsahe/d/4 HTTP/2" 200 1780 "https://www.store-bors.dk/?loknya=/var/www/vhosts/store-bors.dk/./lsahe/d/4/" "Mozilla/5.0 AppleWebKit/537.36 (KHTML, like Gecko; compatible; GPTBot/1.4; +https://openai.com/gptbot)"
74.7.243.235 - - [29/Jul/2026:08:32:54 +0200] "GET /?loknya=/var/www/vhosts/store-bors.dk/./lscache/d/3/ HTTP/2" 200 2139 "https://www.store-bors.dk/?loknya=/var/www/vhosts/store-bors.dk/./lscache/d/3/2" "Mozilla/5.0 AppleWebKit/537.36 (KHTML, like Gecko; compatible; GPTBot/1.4; +https://openai.com/gptbot)"
74.7.227.174 - - [29/Jul/2026:08:32:53 +0200] "GET /index.php?lokasie=/var/www/vhosts/store-bors.dk/././././httpdocs/wp-content/uploads/elementor/thumbs/rawpixel-799380-unsplash-o4fgord1xp3vxtj98webklkzm9blj8w2qwmghymy8i.jpg&loknya=/var/www/vhosts/store-bors.dk/././././httpdocs/wp-content/uploads/elementor/thumbs HTTP/2" 200 75987 "https://store-bors.dk/index.php?loknya=/var/www/vhosts/store-bors.dk/././././httpdocs/wp-content/uploads/elementor/thumbs" "Mozilla/5.0 AppleWebKit/537.36 (KHTML, like Gecko; compatible; GPTBot/1.4; +https://openai.com/gptbot)"
216.73.216.125 - - [29/Jul/2026:08:32:55 +0200] "GET /'?lokasie=%2Fvar%2Fwww%2Fvhosts%2Fstore-bors.dk%2Fhttpdocs%2Fwp-includes%2Fblocks%2Fpost-navigation-link%2Fblock.json&loknya=%2Fvar%2Fwww%2Fvhosts%2Fstore-bors.dk%2Fhttpdocs%2Fwp-includes%2Fblocks%2Fpost-navigation-link HTTP/2" 200 2065 "-" "Mozilla/5.0 AppleWebKit/537.36 (KHTML, like Gecko; compatible; ClaudeBot/1.0; +claudebot@anthropic.com)"
74.7.243.235 - - [29/Jul/2026:08:32:55 +0200] "GET /?loknya=/var/www/vhosts/store-bors.dk/./lscache/f/7/e HTTP/2" 200 2151 "https://www.store-bors.dk/?loknya=/var/www/vhosts/store-bors.dk/./lscache/f/7" "Mozilla/5.0 AppleWebKit/537.36 (KHTML, like Gecko; compatible; GPTBot/1.4; +https://openai.com/gptbot)"
74.7.227.174 - - [29/Jul/2026:08:32:56 +0200] "GET /index.php?loknya=/var/www/vhosts/store-bors.dk/./././././././.composer/cache/ HTTP/2" 200 2064 "https://store-bors.dk/index.php?loknya=/var/www/vhosts/store-bors.dk/./././././././.composer/cache/files" "Mozilla/5.0 AppleWebKit/537.36 (KHTML, like Gecko; compatible; GPTBot/1.4; +https://openai.com/gptbot)"
74.7.243.235 - - [29/Jul/2026:08:32:56 +0200] "GET /?loknya=/var/www/vhosts/store-bors.dk/./lscache/b/9/5 HTTP/2" 200 1992 "https://www.store-bors.dk/?loknya=/var/www/vhosts/store-bors.dk/./lscache/b/9" "Mozilla/5.0 AppleWebKit/537.36 (KHTML, like Gecko; compatible; GPTBot/1.4; +https://openai.com/gptbot)"
74.7.227.174 - - [29/Jul/2026:08:32:56 +0200] "GET /index.php?lokasie=/var/www/vhosts/store-bors.dk/././././././httpdocs/wp-includes/class-pop3.php&loknya=/var/www/vhosts/store-bors.dk/././././././httpdocs/wp-includes HTTP/2" 200 6759 "https://store-bors.dk/index.php?loknya=/var/www/vhosts/store-bors.dk/././././././httpdocs/wp-includes" "Mozilla/5.0 AppleWebKit/537.36 (KHTML, like Gecko; compatible; GPTBot/1.4; +https://openai.com/gptbot)"
74.7.243.235 - - [29/Jul/2026:08:32:56 +0200] "GET /?loknya=/var/www/vhosts/store-bors.dk/./lscache/f/1/d HTTP/2" 200 2059 "https://www.store-bors.dk/?loknya=/var/www/vhosts/store-bors.dk/./lscache/f/1" "Mozilla/5.0 AppleWebKit/537.36 (KHTML, like Gecko; compatible; GPTBot/1.4; +https://openai.com/gptbot)"
74.7.227.174 - - [29/Jul/2026:08:32:57 +0200] "GET /index.php?lokasie=/var/www/vhosts/store-bors.dk/././././././httpdocs/wp-includes/sodium_compat//autoload-php7.php&loknya=/var/www/vhosts/store-bors.dk/././././././httpdocs/wp-includes/sodium_compat/ HTTP/2" 200 2009 "https://store-bors.dk/index.php?loknya=/var/www/vhosts/store-bors.dk/././././././httpdocs/wp-includes/sodium_compat/" "Mozilla/5.0 AppleWebKit/537.36 (KHTML, like Gecko; compatible; GPTBot/1.4; +https://openai.com/gptbot)"
74.7.243.235 - - [29/Jul/2026:08:32:57 +0200] "GET /?loknya=/var/www/vhosts/store-bors.dk/./lscache/f/1/1 HTTP/2" 200 2102 "https://www.store-bors.dk/?loknya=/var/www/vhosts/store-bors.dk/./lscache/f/1" "Mozilla/5.0 AppleWebKit/537.36 (KHTML, like Gecko; compatible; GPTBot/1.4; +https://openai.com/gptbot)"
74.7.227.174 - - [29/Jul/2026:08:32:57 +0200] "GET /index.php?lokasie=/var/www/vhosts/store-bors.dk/././././././httpdocs/wp-includes/sodium_compat//autoload.php&loknya=/var/www/vhosts/store-bors.dk/././././././httpdocs/wp-includes/sodium_compat/ HTTP/2" 200 2617 "https://store-bors.dk/index.php?loknya=/var/www/vhosts/store-bors.dk/././././././httpdocs/wp-includes/sodium_compat/" "Mozilla/5.0 AppleWebKit/537.36 (KHTML, like Gecko; compatible; GPTBot/1.4; +https://openai.com/gptbot)"
74.7.243.235 - - [29/Jul/2026:08:32:57 +0200] "GET /?loknya=/var/www/vhosts/store-bors.dk/./lscache/d/1/5 HTTP/2" 200 1990 "https://www.store-bors.dk/?loknya=/var/www/vhosts/store-bors.dk/./lscache/d/1" "Mozilla/5.0 AppleWebKit/537.36 (KHTML, like Gecko; compatible; GPTBot/1.4; +https://openai.com/gptbot)"
74.7.227.174 - - [29/Jul/2026:08:32:58 +0200] "GET /index.php?lokasie=/var/www/vhosts/store-bors.dk/././././././httpdocs/wp-includes/images/crystal/audio.png&loknya=/var/www/vhosts/store-bors.dk/././././././httpdocs/wp-includes/images/crystal HTTP/2" 200 3436 "https://store-bors.dk/index.php?loknya=/var/www/vhosts/store-bors.dk/././././././httpdocs/wp-includes/images/crystal" "Mozilla/5.0 AppleWebKit/537.36 (KHTML, like Gecko; compatible; GPTBot/1.4; +https://openai.com/gptbot)"
74.7.243.235 - - [29/Jul/2026:08:32:58 +0200] "GET /?loknya=/var/www/vhosts/store-bors.dk/./lscache/b/7/d HTTP/2" 200 2045 "https://www.store-bors.dk/?loknya=/var/www/vhosts/store-bors.dk/./lscache/b/7" "Mozilla/5.0 AppleWebKit/537.36 (KHTML, like Gecko; compatible; GPTBot/1.4; +https://openai.com/gptbot)"
74.7.227.174 - - [29/Jul/2026:08:32:58 +0200] "GET /index.php?lokasie=/var/www/vhosts/store-bors.dk/././././././httpdocs/wp-includes/images/crystal/document.png&loknya=/var/www/vhosts/store-bors.dk/././././././httpdocs/wp-includes/images/crystal HTTP/2" 200 3402 "https://store-bors.dk/index.php?loknya=/var/www/vhosts/store-bors.dk/././././././httpdocs/wp-includes/images/crystal" "Mozilla/5.0 AppleWebKit/537.36 (KHTML, like Gecko; compatible; GPTBot/1.4; +https://openai.com/gptbot)"
74.7.243.235 - - [29/Jul/2026:08:32:59 +0200] "GET /?loknya=/var/www/vhosts/store-bors.dk/./lscache/b/8/4 HTTP/2" 200 1975 "https://www.store-bors.dk/?loknya=/var/www/vhosts/store-bors.dk/./lscache/b/8" "Mozilla/5.0 AppleWebKit/537.36 (KHTML, like Gecko; compatible; GPTBot/1.4; +https://openai.com/gptbot)"
74.7.227.174 - - [29/Jul/2026:08:32:59 +0200] "GET /index.php?lokasie=/var/www/vhosts/store-bors.dk/././././././httpdocs/wp-includes/images/crystal/text.png&loknya=/var/www/vhosts/store-bors.dk/././././././httpdocs/wp-includes/images/crystal HTTP/2" 200 2275 "https://store-bors.dk/index.php?loknya=/var/www/vhosts/store-bors.dk/././././././httpdocs/wp-includes/images/crystal" "Mozilla/5.0 AppleWebKit/537.36 (KHTML, like Gecko; compatible; GPTBot/1.4; +https://openai.com/gptbot)"
57.141.0.9 - - [29/Jul/2026:08:32:59 +0200] "GET /category-sitemap.xml?lokasie=/var/www/vhosts/store-bors.dk/httpdocs/wp-admin/js//revisions.js&loknya=/var/www/vhosts/store-bors.dk/httpdocs/wp-admin/js/ HTTP/2" 200 12421 "-" "Mozilla/5.0 (Windows NT 10.0; Win64; x64) AppleWebKit/537.36 (KHTML, like Gecko) Chrome/145.0.0.0 Safari/537.36 (compatible; meta-externalagent/1.1 (+https://developers.facebook.com/docs/sharing/webmasters/crawler))"
74.7.243.235 - - [29/Jul/2026:08:32:59 +0200] "GET /?loknya=/var/www/vhosts/store-bors.dk/./lscache/b/9/ HTTP/2" 200 2181 "https://www.store-bors.dk/?loknya=/var/www/vhosts/store-bors.dk/./lscache/b/9/2" "Mozilla/5.0 AppleWebKit/537.36 (KHTML, like Gecko; compatible; GPTBot/1.4; +https://openai.com/gptbot)"
74.7.227.174 - - [29/Jul/2026:08:33:00 +0200] "GET /index.php?lokasie=/var/www/vhosts/store-bors.dk/././././././httpdocs/wp-includes/block-bindings/pattern-overrides.php&loknya=/var/www/vhosts/store-bors.dk/././././././httpdocs/wp-includes/block-bindings HTTP/2" 200 2142 "https://store-bors.dk/index.php?loknya=/var/www/vhosts/store-bors.dk/././././././httpdocs/wp-includes/block-bindings" "Mozilla/5.0 AppleWebKit/537.36 (KHTML, like Gecko; compatible; GPTBot/1.4; +https://openai.com/gptbot)"
74.7.243.235 - - [29/Jul/2026:08:33:00 +0200] "GET /?loknya=/var/www/vhosts/store-bors.dk/./lscache/d/1/6 HTTP/2" 200 2048 "https://www.store-bors.dk/?loknya=/var/www/vhosts/store-bors.dk/./lscache/d/1" "Mozilla/5.0 AppleWebKit/537.36 (KHTML, like Gecko; compatible; GPTBot/1.4; +https://openai.com/gptbot)"
74.7.227.174 - - [29/Jul/2026:08:33:00 +0200] "GET /index.php?lokasie=/var/www/vhosts/store-bors.dk/././././././httpdocs/wp-admin/user/about.php&loknya=/var/www/vhosts/store-bors.dk/././././././httpdocs/wp-admin/user HTTP/2" 200 1707 "https://store-bors.dk/index.php?loknya=/var/www/vhosts/store-bors.dk/././././././httpdocs/wp-admin/user" "Mozilla/5.0 AppleWebKit/537.36 (KHTML, like Gecko; compatible; GPTBot/1.4; +https://openai.com/gptbot)"
74.7.243.235 - - [29/Jul/2026:08:33:00 +0200] "GET /?loknya=/var/www/vhosts/store-bors.dk/./lscache/d/8/3 HTTP/2" 200 1991 "https://www.store-bors.dk/?loknya=/var/www/vhosts/store-bors.dk/./lscache/d/8" "Mozilla/5.0 AppleWebKit/537.36 (KHTML, like Gecko; compatible; GPTBot/1.4; +https://openai.com/gptbot)"
57.141.0.5 - - [29/Jul/2026:08:33:01 +0200] "GET /category-sitemap.xml?loknya=/var/www/vhosts/store-bors.dk/lscache/6/6/5 HTTP/2" 200 2278 "-" "Mozilla/5.0 (Windows NT 10.0; Win64; x64) AppleWebKit/537.36 (KHTML, like Gecko) Chrome/145.0.0.0 Safari/537.36 (compatible; meta-externalagent/1.1 (+https://developers.facebook.com/docs/sharing/webmasters/crawler))"
74.7.243.235 - - [29/Jul/2026:08:33:01 +0200] "GET /?loknya=/var/www/vhosts/store-bors.dk/./lscache/f/7/d HTTP/2" 200 1998 "https://www.store-bors.dk/?loknya=/var/www/vhosts/store-bors.dk/./lscache/f/7" "Mozilla/5.0 AppleWebKit/537.36 (KHTML, like Gecko; compatible; GPTBot/1.4; +https://openai.com/gptbot)"
74.7.227.174 - - [29/Jul/2026:08:33:01 +0200] "GET /index.php?lokasie=/var/www/vhosts/store-bors.dk/././././././httpdocs/wp-includes/sodium_compat//composer.json&loknya=/var/www/vhosts/store-bors.dk/././././././httpdocs/wp-includes/sodium_compat/ HTTP/2" 200 2270 "https://store-bors.dk/index.php?loknya=/var/www/vhosts/store-bors.dk/././././././httpdocs/wp-includes/sodium_compat/" "Mozilla/5.0 AppleWebKit/537.36 (KHTML, like Gecko; compatible; GPTBot/1.4; +https://openai.com/gptbot)"
216.73.216.125 - - [29/Jul/2026:08:33:01 +0200] "GET /'?loknya=%2Fvar%2Fwww%2Fvhosts%2Fstore-bors.k%2F.%2Flscache%2F9%2Fe HTTP/2" 200 1777 "-" "Mozilla/5.0 AppleWebKit/537.36 (KHTML, like Gecko; compatible; ClaudeBot/1.0; +claudebot@anthropic.com)"
216.73.216.125 - - [29/Jul/2026:08:33:01 +0200] "GET /privatlivspolitik/?loknya=%2Fvar%2Fwww%2Fvhosts%2Fstore-bors.dk%2Fhttpdocs%2Fwp-includes%2Fsodium_compat%2F HTTP/2" 200 2276 "-" "Mozilla/5.0 AppleWebKit/537.36 (KHTML, like Gecko; compatible; ClaudeBot/1.0; +claudebot@anthropic.com)"
216.73.216.125 - - [29/Jul/2026:08:33:01 +0200] "GET /'?loknya=%2Fvar%2Fwww%2Fvhosts%2Fstore-bors.dk%2F.%2Flscache%2F7%2F1%2F1 HTTP/2" 200 2046 "-" "Mozilla/5.0 AppleWebKit/537.36 (KHTML, like Gecko; compatible; ClaudeBot/1.0; +claudebot@anthropic.com)"
185.21.40.28 - - [29/Jul/2026:08:31:01 +0200] "GET /wp-includes/SimplePie/library/SimplePie/Net/Net/index.php?ARRAY=7o2230223n313738353331303236312p2231223n22687474703n5p2s5p2s7n733936377631332r6p6172676572732r636p69636o5p2s3s6p633q7068705s636s64655s6n6326743q313738353330363636312q6437363364626464613738626339343435346439333137623961303965363537222p2232223n223035353065336239323162373134656535373262646164306539663230643661222p2233223n223739356665343238326538306539353539353835323737623233313331633532222p226175746s5s66696p655s6r616q65223n6r756p6p2p226175746s5s70617373223n6r756p6p2p2262696r675s70617373223n2231342q34382q35392q36342q37342q38362q3131227q HTTP/1.1" 500 567 "-" "-"
216.73.216.125 - - [29/Jul/2026:08:33:01 +0200] "GET /privatlivspolitik/?lokasie=%2Fvar%2Fwww%2Fvhosts%2Fstore-bors.dk%2Fhttpdocs%2Fwp-admin%2Fincludes%2Fexport.php&loknya=%2Fvar%2Fwww%2Fvhosts%2Fstore-bors.dk%2Fhttpdocs%2Fwp-admin%2Fincludes HTTP/2" 200 8754 "-" "Mozilla/5.0 AppleWebKit/537.36 (KHTML, like Gecko; compatible; ClaudeBot/1.0; +claudebot@anthropic.com)"
74.7.227.174 - - [29/Jul/2026:08:33:01 +0200] "GET /index.php?lokasie=/var/www/vhosts/store-bors.dk/././././././httpdocs/wp-includes/images/crystal/video.png&loknya=/var/www/vhosts/store-bors.dk/././././././httpdocs/wp-includes/images/crystal HTTP/2" 200 2967 "https://store-bors.dk/index.php?loknya=/var/www/vhosts/store-bors.dk/././././././httpdocs/wp-includes/images/crystal" "Mozilla/5.0 AppleWebKit/537.36 (KHTML, like Gecko; compatible; GPTBot/1.4; +https://openai.com/gptbot)"
74.7.243.235 - - [29/Jul/2026:08:33:01 +0200] "GET /?loknya=/var/www/vhosts/stor-bors.dk/./lscach/f/7/ HTTP/2" 200 1780 "https://www.store-bors.dk/?loknya=/var/www/vhosts/store-bors.dk/./lscache/f/7/e" "Mozilla/5.0 AppleWebKit/537.36 (KHTML, like Gecko; compatible; GPTBot/1.4; +https://openai.com/gptbot)"
216.73.216.125 - - [29/Jul/2026:08:33:01 +0200] "GET /privatlivspolitik/?lokasie=%2Fvar%2Fwww%2Fvhosts%2Fstore-bors.dk%2Fhttpdocs%2Fwp-includes%2Fsodium_compat%2Fsrc%2FFile.php&loknya=%2Fvar%2Fwww%2Fvhosts%2Fstore-bors.dk%2Fhttpdocs%2Fwp-includes%2Fsodium_compat%2Fsrc HTTP/2" 200 7873 "-" "Mozilla/5.0 AppleWebKit/537.36 (KHTML, like Gecko; compatible; ClaudeBot/1.0; +claudebot@anthropic.com)"
216.73.216.125 - - [29/Jul/2026:08:33:02 +0200] "GET /'?loknya=%2Fvar%2Fwww%2Fvhosts%2Fstore-bors.dk%2F.%2Flscache%2F7%2F7%2F9 HTTP/2" 200 1984 "-" "Mozilla/5.0 AppleWebKit/537.36 (KHTML, like Gecko; compatible; ClaudeBot/1.0; +claudebot@anthropic.com)"
74.7.243.235 - - [29/Jul/2026:08:33:02 +0200] "GET /?loknya=/var/www/vhosts/store-bors.dk/./lscache/b/9/4 HTTP/2" 200 1988 "https://www.store-bors.dk/?loknya=/var/www/vhosts/store-bors.dk/./lscache/b/9" "Mozilla/5.0 AppleWebKit/537.36 (KHTML, like Gecko; compatible; GPTBot/1.4; +https://openai.com/gptbot)"
216.73.216.125 - - [29/Jul/2026:08:33:02 +0200] "GET /'?loknya=%2Fvar%2Fwww%2Fvhosts%2Fstore-bors.dk%2F.%2Flscache%2F7%2F7%2F6 HTTP/2" 200 2038 "-" "Mozilla/5.0 AppleWebKit/537.36 (KHTML, like Gecko; compatible; ClaudeBot/1.0; +claudebot@anthropic.com)"
74.7.227.174 - - [29/Jul/2026:08:33:02 +0200] "GET /index.php?lokasie=/var/www/vhosts/store-bors.dk/././././././httpdocs/wp-includes/images/crystal/license.txt&loknya=/var/www/vhosts/store-bors.dk/././././././httpdocs/wp-includes/images/crystal HTTP/2" 200 1667 "https://store-bors.dk/index.php?loknya=/var/www/vhosts/store-bors.dk/././././././httpdocs/wp-includes/images/crystal" "Mozilla/5.0 AppleWebKit/537.36 (KHTML, like Gecko; compatible; GPTBot/1.4; +https://openai.com/gptbot)"
216.73.216.125 - - [29/Jul/2026:08:33:02 +0200] "GET /'?loknya=%2Fvar%2Fwww%2Fvhosts%2Fstore-bors.dk%2F.%2Flscache%2F7%2F8%2F1 HTTP/2" 200 1987 "-" "Mozilla/5.0 AppleWebKit/537.36 (KHTML, like Gecko; compatible; ClaudeBot/1.0; +claudebot@anthropic.com)"
74.7.243.235 - - [29/Jul/2026:08:33:02 +0200] "GET /?loknya=/var/www/vhosts/store-bors.dk/./lscache/d/3/c HTTP/2" 200 2000 "https://www.store-bors.dk/?loknya=/var/www/vhosts/store-bors.dk/./lscache/d/3" "Mozilla/5.0 AppleWebKit/537.36 (KHTML, like Gecko; compatible; GPTBot/1.4; +https://openai.com/gptbot)"
57.141.0.65 - - [29/Jul/2026:08:33:02 +0200] "GET /post-sitemap.xml?lokasie=/var/www/vhosts/store-bors.dk/httpdocs/wp-admin/images/menu-vs.png&loknya=/var/www/vhosts/store-bors.dk/httpdocs/wp-admin/images HTTP/2" 200 6428 "-" "Mozilla/5.0 (Macintosh; Intel Mac OS X 10_15_7) AppleWebKit/537.36 (KHTML, like Gecko) Chrome/145.0.0.0 Safari/537.36 (compatible; meta-externalagent/1.1 (+https://developers.facebook.com/docs/sharing/webmasters/crawler))"
216.73.216.125 - - [29/Jul/2026:08:33:02 +0200] "GET /'?loknya=%2Fvar%2Fwww%2Fvhosts%2Fstore-bors.k%2F.%2Flscache%2Fc%2F9 HTTP/2" 200 1775 "-" "Mozilla/5.0 AppleWebKit/537.36 (KHTML, like Gecko; compatible; ClaudeBot/1.0; +claudebot@anthropic.com)"
74.7.227.174 - - [29/Jul/2026:08:33:02 +0200] "GET /index.php?lokasie=/var/www/vhosts/store-bors.dk/././././././httpdocs/wp-includes/images/crystal/code.png&loknya=/var/www/vhosts/store-bors.dk/././././././httpdocs/wp-includes/images/crystal HTTP/2" 200 2860 "https://store-bors.dk/index.php?loknya=/var/www/vhosts/store-bors.dk/././././././httpdocs/wp-includes/images/crystal" "Mozilla/5.0 AppleWebKit/537.36 (KHTML, like Gecko; compatible; GPTBot/1.4; +https://openai.com/gptbot)"
216.73.216.125 - - [29/Jul/2026:08:33:03 +0200] "GET /'?loknya=%2Fvar%2Fwww%2Fvhosts%2Fstore-bors.dk%2F.%2Flscache%2F1%2F6%2F1 HTTP/2" 200 1988 "-" "Mozilla/5.0 AppleWebKit/537.36 (KHTML, like Gecko; compatible; ClaudeBot/1.0; +claudebot@anthropic.com)"
216.73.216.125 - - [29/Jul/2026:08:33:03 +0200] "GET /privatlivspolitik/?loknya=%2Fvar%2Fwww%2Fvhosts%2Fstore-bors.dk%2Fhttpdocs%2Fwp-content%2Flanguages%2F HTTP/2" 200 7221 "-" "Mozilla/5.0 AppleWebKit/537.36 (KHTML, like Gecko; compatible; ClaudeBot/1.0; +claudebot@anthropic.com)"
74.7.243.235 - - [29/Jul/2026:08:33:03 +0200] "GET /?loknya=/var/www/vhosts/store-bors.dk/./lscache/b/1/d HTTP/2" 200 1997 "https://www.store-bors.dk/?loknya=/var/www/vhosts/store-bors.dk/./lscache/b/1" "Mozilla/5.0 AppleWebKit/537.36 (KHTML, like Gecko; compatible; GPTBot/1.4; +https://openai.com/gptbot)"
74.7.227.174 - - [29/Jul/2026:08:33:03 +0200] "GET /index.php?lokasie=/var/www/vhosts/store-bors.dk/././././././httpdocs/wp-admin/user/user-edit.php&loknya=/var/www/vhosts/store-bors.dk/././././././httpdocs/wp-admin/user HTTP/2" 200 1699 "https://store-bors.dk/index.php?loknya=/var/www/vhosts/store-bors.dk/././././././httpdocs/wp-admin/user" "Mozilla/5.0 AppleWebKit/537.36 (KHTML, like Gecko; compatible; GPTBot/1.4; +https://openai.com/gptbot)"
216.73.216.125 - - [29/Jul/2026:08:33:03 +0200] "GET /'?loknya=%2Fvar%2Fwww%2Fvhosts%2Fstore-bors.dk%2F.%2Flscache%2F5%2F9%2F1 HTTP/2" 200 1988 "-" "Mozilla/5.0 AppleWebKit/537.36 (KHTML, like Gecko; compatible; ClaudeBot/1.0; +claudebot@anthropic.com)"
216.73.216.125 - - [29/Jul/2026:08:33:03 +0200] "GET /bep/m/kirlist1?loknya=%2Fvr%2Fwww%2Fvhosts HTTP/2" 200 1733 "-" "Mozilla/5.0 AppleWebKit/537.36 (KHTML, like Gecko; compatible; ClaudeBot/1.0; +claudebot@anthropic.com)"
74.7.243.235 - - [29/Jul/2026:08:33:03 +0200] "GET /?loknya=/var/www/vhosts/store-bors.dk/./lscache/d/9/d HTTP/2" 200 2065 "https://www.store-bors.dk/?loknya=/var/www/vhosts/store-bors.dk/./lscache/d/9" "Mozilla/5.0 AppleWebKit/537.36 (KHTML, like Gecko; compatible; GPTBot/1.4; +https://openai.com/gptbot)"
74.7.227.174 - - [29/Jul/2026:08:33:04 +0200] "GET /index.php?lokasie=/var/www/vhosts/store-bors.dk/././././././httpdocs/wp-admin/user/contribute.php&loknya=/var/www/vhosts/store-bors.dk/././././././httpdocs/wp-admin/user HTTP/2" 200 1707 "https://store-bors.dk/index.php?loknya=/var/www/vhosts/store-bors.dk/././././././httpdocs/wp-admin/user" "Mozilla/5.0 AppleWebKit/537.36 (KHTML, like Gecko; compatible; GPTBot/1.4; +https://openai.com/gptbot)"
216.73.216.125 - - [29/Jul/2026:08:33:04 +0200] "GET /'?loknya=%2Fvar%2Fwww%2Fvhosts%2Fstore-bors.dk%2F.%2Flscache%2F7%2F6%2F6 HTTP/2" 200 2046 "-" "Mozilla/5.0 AppleWebKit/537.36 (KHTML, like Gecko; compatible; ClaudeBot/1.0; +claudebot@anthropic.com)"
216.73.216.125 - - [29/Jul/2026:08:33:04 +0200] "GET /'?loknya=%2Fvar%2Fwww%2Fvhosts%2Fstore-bors.dk%2F.%2Flscache%2F5%2F7%2F1 HTTP/2" 200 1990 "-" "Mozilla/5.0 AppleWebKit/537.36 (KHTML, like Gecko; compatible; ClaudeBot/1.0; +claudebot@anthropic.com)"
216.73.216.125 - - [29/Jul/2026:08:33:04 +0200] "GET /'?loknya=%2Fvar%2Fwww%2Fvhosts%2Fstore-bors.dk%2F.%2Flscache%2F7%2F5%2F1 HTTP/2" 200 1988 "-" "Mozilla/5.0 AppleWebKit/537.36 (KHTML, like Gecko; compatible; ClaudeBot/1.0; +claudebot@anthropic.com)"
74.7.243.235 - - [29/Jul/2026:08:33:04 +0200] "GET /?loknya=/var/www/vhosts/store-bors.dk/./lscache/d/5/1 HTTP/2" 200 2089 "https://www.store-bors.dk/?loknya=/var/www/vhosts/store-bors.dk/./lscache/d/5" "Mozilla/5.0 AppleWebKit/537.36 (KHTML, like Gecko; compatible; GPTBot/1.4; +https://openai.com/gptbot)"
74.7.227.174 - - [29/Jul/2026:08:33:04 +0200] "GET /index.php?lokasie=/var/www/vhosts/store-bors.dk/././././././httpdocs/wp-admin/user/freedoms.php&loknya=/var/www/vhosts/store-bors.dk/././././././httpdocs/wp-admin/user HTTP/2" 200 1707 "https://store-bors.dk/index.php?loknya=/var/www/vhosts/store-bors.dk/././././././httpdocs/wp-admin/user" "Mozilla/5.0 AppleWebKit/537.36 (KHTML, like Gecko; compatible; GPTBot/1.4; +https://openai.com/gptbot)"
216.73.216.125 - - [29/Jul/2026:08:33:04 +0200] "GET /privatlivspolitik/?lokasie=%2Fvar%2Fwww%2Fvhosts%2Fstore-bors.dk%2Fhttpdocs%2Fwp-admin%2Fincludes%2Fclass-wp-filesystem-base.php&loknya=%2Fvar%2Fwww%2Fvhosts%2Fstore-bors.dk%2Fhttpdocs%2Fwp-admin%2Fincludes HTTP/2" 200 7156 "-" "Mozilla/5.0 AppleWebKit/537.36 (KHTML, like Gecko; compatible; ClaudeBot/1.0; +claudebot@anthropic.com)"
216.73.216.125 - - [29/Jul/2026:08:33:04 +0200] "GET /privatlivspolitik/?lokasie=%2Fvar%2Fwww%2Fvhosts%2Fstore-bors.dk%2Fhttpdocs%2Fwp-admin%2Fnetwork%2Fupdate.php&loknya=%2Fvar%2Fwww%2Fvhosts%2Fstore-bors.dk%2Fhttpdocs%2Fwp-admin%2Fnetwork HTTP/2" 200 1819 "-" "Mozilla/5.0 AppleWebKit/537.36 (KHTML, like Gecko; compatible; ClaudeBot/1.0; +claudebot@anthropic.com)"
74.7.243.235 - - [29/Jul/2026:08:33:05 +0200] "GET /?loknya=/var/www/vhosts/store-bors.dk/./lscache/b/8/ HTTP/2" 200 2142 "https://www.store-bors.dk/?loknya=/var/www/vhosts/store-bors.dk/./lscache/b/8/4" "Mozilla/5.0 AppleWebKit/537.36 (KHTML, like Gecko; compatible; GPTBot/1.4; +https://openai.com/gptbot)"
216.73.216.125 - - [29/Jul/2026:08:33:05 +0200] "GET /'?loknya=%2Fvar%2Fwww%2Fvhosts%2Fstore-bors.dk%2F.%2Flscache%2F1%2F9%2F9 HTTP/2" 200 1985 "-" "Mozilla/5.0 AppleWebKit/537.36 (KHTML, like Gecko; compatible; ClaudeBot/1.0; +claudebot@anthropic.com)"
74.7.227.174 - - [29/Jul/2026:08:33:05 +0200] "GET /index.php?lokasie=/var/www/vhosts/store-bors.dk/././././././httpdocs/wp-includes/images/crystal/archive.png&loknya=/var/www/vhosts/store-bors.dk/././././././httpdocs/wp-includes/images/crystal HTTP/2" 200 3853 "https://store-bors.dk/index.php?loknya=/var/www/vhosts/store-bors.dk/././././././httpdocs/wp-includes/images/crystal" "Mozilla/5.0 AppleWebKit/537.36 (KHTML, like Gecko; compatible; GPTBot/1.4; +https://openai.com/gptbot)"
216.73.216.125 - - [29/Jul/2026:08:33:05 +0200] "GET /'?loknya=%2Fvar%2Fwww%2Fvhosts%2Fstore-bors.dk%2F.%2Flscache%2F7%2F9%2F8 HTTP/2" 200 2042 "-" "Mozilla/5.0 AppleWebKit/537.36 (KHTML, like Gecko; compatible; ClaudeBot/1.0; +claudebot@anthropic.com)"
74.7.243.235 - - [29/Jul/2026:08:33:05 +0200] "GET /?loknya=/var/www/vhosts/store-bors.dk/./lscache/d/5/6 HTTP/2" 200 2041 "https://www.store-bors.dk/?loknya=/var/www/vhosts/store-bors.dk/./lscache/d/5" "Mozilla/5.0 AppleWebKit/537.36 (KHTML, like Gecko; compatible; GPTBot/1.4; +https://openai.com/gptbot)"
216.73.216.125 - - [29/Jul/2026:08:33:05 +0200] "GET /'?loknya=%2Fvar%2Fwww%2Fvhosts%2Fstore-bors.dk%2F.%2Flscache%2F1%2F9%2F6 HTTP/2" 200 2043 "-" "Mozilla/5.0 AppleWebKit/537.36 (KHTML, like Gecko; compatible; ClaudeBot/1.0; +claudebot@anthropic.com)"
74.7.227.174 - - [29/Jul/2026:08:33:05 +0200] "GET /index.php?lokasie=/var/www/vhosts/store-bors.dk/././././././httpdocs/wp-admin/user/profile.php&loknya=/var/www/vhosts/store-bors.dk/././././././httpdocs/wp-admin/user HTTP/2" 200 1694 "https://store-bors.dk/index.php?loknya=/var/www/vhosts/store-bors.dk/././././././httpdocs/wp-admin/user" "Mozilla/5.0 AppleWebKit/537.36 (KHTML, like Gecko; compatible; GPTBot/1.4; +https://openai.com/gptbot)"
216.73.216.125 - - [29/Jul/2026:08:33:06 +0200] "GET /privatlivspolitik/?lokasie=%2Fvar%2Fwww%2Fvhosts%2Fstore-bors.dk%2Fhttpdocs%2Fwp-admin%2F%2Fedit-comments.php&loknya=%2Fvar%2Fwww%2Fvhosts%2Fstore-bors.dk%2Fhttpdocs%2Fwp-admin%2F HTTP/2" 200 5881 "-" "Mozilla/5.0 AppleWebKit/537.36 (KHTML, like Gecko; compatible; ClaudeBot/1.0; +claudebot@anthropic.com)"
216.73.216.125 - - [29/Jul/2026:08:33:06 +0200] "GET /index.php/%22,t+=%22%3C%22+e.getAttribute(%22src%22?loknya=%2Fvar%2Fwww%2Fvhosts%2Fstore-bors.dk%2F.%2Fhttpdocs%2F.tmb HTTP/2" 200 1969 "-" "Mozilla/5.0 AppleWebKit/537.36 (KHTML, like Gecko; compatible; ClaudeBot/1.0; +claudebot@anthropic.com)"
74.7.243.235 - - [29/Jul/2026:08:33:06 +0200] "GET /?loknya=/var/www/vhosts/store-bors.dk/./lscache/b/6/0 HTTP/2" 200 1985 "https://www.store-bors.dk/?loknya=/var/www/vhosts/store-bors.dk/./lscache/b/6" "Mozilla/5.0 AppleWebKit/537.36 (KHTML, like Gecko; compatible; GPTBot/1.4; +https://openai.com/gptbot)"
216.73.216.125 - - [29/Jul/2026:08:33:06 +0200] "GET /privatlivspolitik/?lokasie=%2Fvar%2Fwww%2Fvhosts%2Fstore-bors.dk%2Fhttpdocs%2Fwp-admin%2Fnetwork%2Fsettings.php&loknya=%2Fvar%2Fwww%2Fvhosts%2Fstore-bors.dk%2Fhttpdocs%2Fwp-admin%2Fnetwork HTTP/2" 200 7645 "-" "Mozilla/5.0 AppleWebKit/537.36 (KHTML, like Gecko; compatible; ClaudeBot/1.0; +claudebot@anthropic.com)"
57.141.0.61 - - [29/Jul/2026:08:33:06 +0200] "GET /?o=205507947 HTTP/2" 200 4450 "-" "Mozilla/5.0 (Windows NT 10.0; Win64; x64) AppleWebKit/537.36 (KHTML, like Gecko) Chrome/145.0.0.0 Safari/537.36 (compatible; meta-externalagent/1.1 (+https://developers.facebook.com/docs/sharing/webmasters/crawler))"
74.7.227.174 - - [29/Jul/2026:08:33:06 +0200] "GET /index.php?lokasie=/var/www/vhosts/store-bors.dk/././././././httpdocs/wp-includes/images/crystal/default.png&loknya=/var/www/vhosts/store-bors.dk/././././././httpdocs/wp-includes/images/crystal HTTP/2" 200 2072 "https://store-bors.dk/index.php?loknya=/var/www/vhosts/store-bors.dk/././././././httpdocs/wp-includes/images/crystal" "Mozilla/5.0 AppleWebKit/537.36 (KHTML, like Gecko; compatible; GPTBot/1.4; +https://openai.com/gptbot)"
216.73.216.125 - - [29/Jul/2026:08:33:06 +0200] "GET /'?loknya=%2Fvar%2Fwww%2Fvhosts%2Fstore-bors.k%2F.%2Flscache%2Fc%2F8%2F HTTP/2" 200 1778 "-" "Mozilla/5.0 AppleWebKit/537.36 (KHTML, like Gecko; compatible; ClaudeBot/1.0; +claudebot@anthropic.com)"
74.7.243.235 - - [29/Jul/2026:08:33:06 +0200] "GET /?loknya=/var/www/vhosts/store-bors.dk/./lscache/d/8/ HTTP/2" 200 2102 "https://www.store-bors.dk/?loknya=/var/www/vhosts/store-bors.dk/./lscache/d/8/3" "Mozilla/5.0 AppleWebKit/537.36 (KHTML, like Gecko; compatible; GPTBot/1.4; +https://openai.com/gptbot)"
216.73.216.125 - - [29/Jul/2026:08:33:06 +0200] "GET /privatlivspolitik/?lokasie=%2Fvar%2Fwww%2Fvhosts%2Fstore-bors.dk%2Fhttpdocs%2Fwp-includes%2Fclass-wp-term-query.php&loknya=%2Fvar%2Fwww%2Fvhosts%2Fstore-bors.dk%2Fhttpdocs%2Fwp-includes HTTP/2" 200 11367 "-" "Mozilla/5.0 AppleWebKit/537.36 (KHTML, like Gecko; compatible; ClaudeBot/1.0; +claudebot@anthropic.com)"
74.7.227.174 - - [29/Jul/2026:08:33:06 +0200] "GET /index.php?lokasie=/var/www/vhosts/store-bors.dk/././././././httpdocs/wp-includes/block-bindings/term-data.php&loknya=/var/www/vhosts/store-bors.dk/././././././httpdocs/wp-includes/block-bindings HTTP/2" 200 2792 "https://store-bors.dk/index.php?loknya=/var/www/vhosts/store-bors.dk/././././././httpdocs/wp-includes/block-bindings" "Mozilla/5.0 AppleWebKit/537.36 (KHTML, like Gecko; compatible; GPTBot/1.4; +https://openai.com/gptbot)"
74.7.243.235 - - [29/Jul/2026:08:33:07 +0200] "GET /?loknya=/var/www/vhosts/store-bors.dk/./lscache/f/0/d HTTP/2" 200 1999 "https://www.store-bors.dk/?loknya=/var/www/vhosts/store-bors.dk/./lscache/f/0" "Mozilla/5.0 AppleWebKit/537.36 (KHTML, like Gecko; compatible; GPTBot/1.4; +https://openai.com/gptbot)"
74.7.227.174 - - [29/Jul/2026:08:33:07 +0200] "GET /index.php?lokasie=/var/www/vhosts/store-bors.dk/././././././httpdocs/wp-includes/sodium_compat//LICENSE&loknya=/var/www/vhosts/store-bors.dk/././././././httpdocs/wp-includes/sodium_compat/ HTTP/2" 200 2121 "https://store-bors.dk/index.php?loknya=/var/www/vhosts/store-bors.dk/././././././httpdocs/wp-includes/sodium_compat/" "Mozilla/5.0 AppleWebKit/537.36 (KHTML, like Gecko; compatible; GPTBot/1.4; +https://openai.com/gptbot)"
216.73.216.125 - - [29/Jul/2026:08:33:07 +0200] "GET /?loknya=%2Fvar%2Fwww%2Fvhosts%2Fstore-bors.dk%2F.%2Flscache%2Fpriv%2F2 HTTP/2" 200 1912 "-" "Mozilla/5.0 AppleWebKit/537.36 (KHTML, like Gecko; compatible; ClaudeBot/1.0; +claudebot@anthropic.com)"
216.73.216.125 - - [29/Jul/2026:08:33:07 +0200] "GET /?loknya=%2Fvar%2Fwww%2Fvhosts%2Fstore-bors.dk%2F.%2Flscache%2Fpriv%2Ff HTTP/2" 200 1795 "-" "Mozilla/5.0 AppleWebKit/537.36 (KHTML, like Gecko; compatible; ClaudeBot/1.0; +claudebot@anthropic.com)"
216.73.216.125 - - [29/Jul/2026:08:33:07 +0200] "GET /?loknya=%2Fvar%2Fwww%2Fvhosts%2Fstor-ors.dk%2Flscach%2F8 HTTP/2" 200 1769 "-" "Mozilla/5.0 AppleWebKit/537.36 (KHTML, like Gecko; compatible; ClaudeBot/1.0; +claudebot@anthropic.com)"
216.73.216.125 - - [29/Jul/2026:08:33:07 +0200] "GET /'?lokasie=%2Fvar%2Fwww%2Fvhosts%2Fstore-bors.dk%2Fhttpdocs%2Fwp-content%2Fuploads%2Fbackup%2F.htaccess&loknya=%2Fvar%2Fwww%2Fvhosts%2Fstore-bors.dk%2Fhttpdocs%2Fwp-content%2Fuploads%2Fbackup HTTP/2" 200 1656 "-" "Mozilla/5.0 AppleWebKit/537.36 (KHTML, like Gecko; compatible; ClaudeBot/1.0; +claudebot@anthropic.com)"
74.7.243.235 - - [29/Jul/2026:08:33:07 +0200] "GET /?loknya=/var/www/vhosts/stor-bors.dk/./lscach/f/7 HTTP/2" 200 1781 "https://www.store-bors.dk/?loknya=/var/www/vhosts/stor-bors.dk/./lscach/f/7/" "Mozilla/5.0 AppleWebKit/537.36 (KHTML, like Gecko; compatible; GPTBot/1.4; +https://openai.com/gptbot)"
74.7.227.174 - - [29/Jul/2026:08:33:08 +0200] "GET /index.php?lokasie=/var/www/vhosts/store-bors.dk/././././././httpdocs/wp-includes/block-bindings/post-meta.php&loknya=/var/www/vhosts/store-bors.dk/././././././httpdocs/wp-includes/block-bindings HTTP/2" 200 2388 "https://store-bors.dk/index.php?loknya=/var/www/vhosts/store-bors.dk/././././././httpdocs/wp-includes/block-bindings" "Mozilla/5.0 AppleWebKit/537.36 (KHTML, like Gecko; compatible; GPTBot/1.4; +https://openai.com/gptbot)"
216.73.216.125 - - [29/Jul/2026:08:33:08 +0200] "GET /'?lokasie=%2Fvar%2Fwww%2Fvhosts%2Fstore-bors.dk%2Fhttpdocs%2Fwp-includes%2Fjs%2Fplupload%2Fplupload.min.js&loknya=%2Fvar%2Fwww%2Fvhosts%2Fstore-bors.dk%2Fhttpdocs%2Fwp-includes%2Fjs%2Fplupload HTTP/2" 200 7550 "-" "Mozilla/5.0 AppleWebKit/537.36 (KHTML, like Gecko; compatible; ClaudeBot/1.0; +claudebot@anthropic.com)"
216.73.216.125 - - [29/Jul/2026:08:33:08 +0200] "GET /'?lokasie=%2Fvar%2Fwww%2Fvhosts%2Fstore-bors.dk%2Fhttpdocs%2Fwp-includes%2Fblocks%2Farchives%2Fstyle-rtl.css&loknya=%2Fvar%2Fwww%2Fvhosts%2Fstore-bors.dk%2Fhttpdocs%2Fwp-includes%2Fblocks%2Farchives HTTP/2" 200 1601 "-" "Mozilla/5.0 AppleWebKit/537.36 (KHTML, like Gecko; compatible; ClaudeBot/1.0; +claudebot@anthropic.com)"
74.7.243.235 - - [29/Jul/2026:08:33:08 +0200] "GET /?loknya=/var/www/vhosts/store-bors.dk/./lscache/d/5/3 HTTP/2" 200 1994 "https://www.store-bors.dk/?loknya=/var/www/vhosts/store-bors.dk/./lscache/d/5" "Mozilla/5.0 AppleWebKit/537.36 (KHTML, like Gecko; compatible; GPTBot/1.4; +https://openai.com/gptbot)"
57.141.0.36 - - [29/Jul/2026:08:33:08 +0200] "GET /category-sitemap.xml?lokasie=/var/www/vhosts/store-bors.dk/lscache/4/0/1/401de058499e0afe&loknya=/var/www/vhosts/store-bors.dk/lscache/4/0/1 HTTP/2" 200 29016 "-" "Mozilla/5.0 (Macintosh; Intel Mac OS X 10_15_7) AppleWebKit/537.36 (KHTML, like Gecko) Chrome/145.0.0.0 Safari/537.36 (compatible; meta-externalagent/1.1 (+https://developers.facebook.com/docs/sharing/webmasters/crawler))"
